{"id":1756,"date":"2016-07-29T15:38:56","date_gmt":"2016-07-29T13:38:56","guid":{"rendered":"http:\/\/www.trastevereattiva.org\/?page_id=1756"},"modified":"2018-07-24T20:25:14","modified_gmt":"2018-07-24T18:25:14","slug":"area-giochi-piazza-san-cosimato-il-grande-platano-luglio-2016","status":"publish","type":"page","link":"https:\/\/www.trastevereattiva.org\/index.php\/area-giochi-piazza-san-cosimato-il-grande-platano-luglio-2016\/","title":{"rendered":"AREA GIOCHI piazza San Cosimato \u2013 il grande platano (luglio 2016)"},"content":{"rendered":"<p>SPETTACOLO &amp; FATICA<\/p>\n<p>E\u2019 stato proprio uno SPETTACOLO, non di tutti i giorni, ammirare l\u2019abilit\u00e0 e la professionalit\u00e0 con la quale gli operatori della <strong>Societ\u00e0 Il Giardino Malandrino S.r.l.<\/strong> sono saliti fin sui rami pi\u00f9 alti del gigantesco platano nell\u2019area giochi di piazza San Cosimato per verificarne le condizioni fitostatiche e togliere i rami secchi o pericolosi!<br \/>\nI<span style=\"color: #ff0000;\"><strong> tree climbers specializzati<\/strong><\/span>, di fune in fune, di ramo in ramo, <span style=\"color: #ff0000;\"><strong>hanno controllato l\u2019intera enorme chioma<\/strong><\/span> in questa lunga operazione organizzata gioved\u00ec 28 luglio da Trastevere Attiva a favore della sicurezza di un\u2019area cos\u00ec preziosa per la vita sociale del quartiere.<\/p>\n<p>FATICA, tanta, anche quella che hanno fatto i membri dell\u2019associazione di volontariato trasteverina per ripulire l\u2019intera area alla fine delle attivit\u00e0 e restituirla al gioco sereno dei bambini.<\/p>\n<p>Nuovamente un sincero GRAZIE alla Societ\u00e0 Il Giardino Malandrino che ha voluto donare la sua attivit\u00e0 come<strong> forma di contributo volontario gratuito<\/strong>, allineandosi a quanto Trastevere Attiva sta facendo per il Bene Comune del territorio.<br \/>\nGrazie anche a tutte le Istituzioni presenti che hanno, in modi diversi, potuto dare il loro positivo contributo.<\/p>\n<p><strong><span style=\"color: #ff0000;\">Cliccando sulla prima immagine qui sotto puoi vedere il video<\/span><\/strong> (realizzato da <em><strong>Tahir Hussain<\/strong><\/em>).<\/p>\n<p>https:\/\/youtu.be\/ivF7fhqzkck<\/p>\n<div id='gallery-1' class='gallery galleryid-1756 gallery-columns-2 gallery-size-large'><figure class='gallery-item'>\n\t\t\t<div class='gallery-icon landscape'>\n\t\t\t\t<img loading=\"lazy\" decoding=\"async\" width=\"1024\" height=\"680\" src=\"https:\/\/www.trastevereattiva.org\/wp-content\/uploads\/2016\/07\/Il-grande-platano-di-San-Cosimato-Trastevere-Attiva-1-1024x680.jpg\" class=\"attachment-large size-large\" alt=\"\" srcset=\"https:\/\/www.trastevereattiva.org\/wp-content\/uploads\/2016\/07\/Il-grande-platano-di-San-Cosimato-Trastevere-Attiva-1-1024x680.jpg 1024w, https:\/\/www.trastevereattiva.org\/wp-content\/uploads\/2016\/07\/Il-grande-platano-di-San-Cosimato-Trastevere-Attiva-1-300x199.jpg 300w, https:\/\/www.trastevereattiva.org\/wp-content\/uploads\/2016\/07\/Il-grande-platano-di-San-Cosimato-Trastevere-Attiva-1-768x510.jpg 768w\" sizes=\"(max-width: 1024px) 100vw, 1024px\" \/>\n\t\t\t<\/div><\/figure><figure class='gallery-item'>\n\t\t\t<div class='gallery-icon portrait'>\n\t\t\t\t<img loading=\"lazy\" decoding=\"async\" width=\"724\" height=\"1024\" src=\"https:\/\/www.trastevereattiva.org\/wp-content\/uploads\/2016\/07\/Il-grande-platano-di-San-Cosimato-Trastevere-Attiva-2-724x1024.jpg\" class=\"attachment-large size-large\" alt=\"\" srcset=\"https:\/\/www.trastevereattiva.org\/wp-content\/uploads\/2016\/07\/Il-grande-platano-di-San-Cosimato-Trastevere-Attiva-2-724x1024.jpg 724w, https:\/\/www.trastevereattiva.org\/wp-content\/uploads\/2016\/07\/Il-grande-platano-di-San-Cosimato-Trastevere-Attiva-2-212x300.jpg 212w, https:\/\/www.trastevereattiva.org\/wp-content\/uploads\/2016\/07\/Il-grande-platano-di-San-Cosimato-Trastevere-Attiva-2-768x1086.jpg 768w, https:\/\/www.trastevereattiva.org\/wp-content\/uploads\/2016\/07\/Il-grande-platano-di-San-Cosimato-Trastevere-Attiva-2.jpg 1240w\" sizes=\"(max-width: 724px) 100vw, 724px\" \/>\n\t\t\t<\/div><\/figure><figure class='gallery-item'>\n\t\t\t<div class='gallery-icon landscape'>\n\t\t\t\t<img loading=\"lazy\" decoding=\"async\" width=\"1024\" height=\"680\" src=\"https:\/\/www.trastevereattiva.org\/wp-content\/uploads\/2016\/07\/Il-grande-platano-di-San-Cosimato-Trastevere-Attiva-3-1024x680.jpg\" class=\"attachment-large size-large\" alt=\"\" srcset=\"https:\/\/www.trastevereattiva.org\/wp-content\/uploads\/2016\/07\/Il-grande-platano-di-San-Cosimato-Trastevere-Attiva-3-1024x680.jpg 1024w, https:\/\/www.trastevereattiva.org\/wp-content\/uploads\/2016\/07\/Il-grande-platano-di-San-Cosimato-Trastevere-Attiva-3-300x199.jpg 300w, https:\/\/www.trastevereattiva.org\/wp-content\/uploads\/2016\/07\/Il-grande-platano-di-San-Cosimato-Trastevere-Attiva-3-768x510.jpg 768w\" sizes=\"(max-width: 1024px) 100vw, 1024px\" \/>\n\t\t\t<\/div><\/figure><figure class='gallery-item'>\n\t\t\t<div class='gallery-icon landscape'>\n\t\t\t\t<img loading=\"lazy\" decoding=\"async\" width=\"1024\" height=\"680\" src=\"https:\/\/www.trastevereattiva.org\/wp-content\/uploads\/2016\/07\/Il-grande-platano-di-San-Cosimato-Trastevere-Attiva-4-1024x680.jpg\" class=\"attachment-large size-large\" alt=\"\" srcset=\"https:\/\/www.trastevereattiva.org\/wp-content\/uploads\/2016\/07\/Il-grande-platano-di-San-Cosimato-Trastevere-Attiva-4-1024x680.jpg 1024w, https:\/\/www.trastevereattiva.org\/wp-content\/uploads\/2016\/07\/Il-grande-platano-di-San-Cosimato-Trastevere-Attiva-4-300x199.jpg 300w, https:\/\/www.trastevereattiva.org\/wp-content\/uploads\/2016\/07\/Il-grande-platano-di-San-Cosimato-Trastevere-Attiva-4-768x510.jpg 768w\" sizes=\"(max-width: 1024px) 100vw, 1024px\" \/>\n\t\t\t<\/div><\/figure><figure class='gallery-item'>\n\t\t\t<div class='gallery-icon landscape'>\n\t\t\t\t<img loading=\"lazy\" decoding=\"async\" width=\"1024\" height=\"680\" src=\"https:\/\/www.trastevereattiva.org\/wp-content\/uploads\/2016\/07\/Il-grande-platano-di-San-Cosimato-Trastevere-Attiva-5-1024x680.jpg\" class=\"attachment-large size-large\" alt=\"\" srcset=\"https:\/\/www.trastevereattiva.org\/wp-content\/uploads\/2016\/07\/Il-grande-platano-di-San-Cosimato-Trastevere-Attiva-5-1024x680.jpg 1024w, https:\/\/www.trastevereattiva.org\/wp-content\/uploads\/2016\/07\/Il-grande-platano-di-San-Cosimato-Trastevere-Attiva-5-300x199.jpg 300w, https:\/\/www.trastevereattiva.org\/wp-content\/uploads\/2016\/07\/Il-grande-platano-di-San-Cosimato-Trastevere-Attiva-5-768x510.jpg 768w\" sizes=\"(max-width: 1024px) 100vw, 1024px\" \/>\n\t\t\t<\/div><\/figure><figure class='gallery-item'>\n\t\t\t<div class='gallery-icon landscape'>\n\t\t\t\t<img loading=\"lazy\" decoding=\"async\" width=\"1024\" height=\"680\" src=\"https:\/\/www.trastevereattiva.org\/wp-content\/uploads\/2016\/07\/Il-grande-platano-di-San-Cosimato-Trastevere-Attiva-6-1024x680.jpg\" class=\"attachment-large size-large\" alt=\"\" srcset=\"https:\/\/www.trastevereattiva.org\/wp-content\/uploads\/2016\/07\/Il-grande-platano-di-San-Cosimato-Trastevere-Attiva-6-1024x680.jpg 1024w, https:\/\/www.trastevereattiva.org\/wp-content\/uploads\/2016\/07\/Il-grande-platano-di-San-Cosimato-Trastevere-Attiva-6-300x199.jpg 300w, https:\/\/www.trastevereattiva.org\/wp-content\/uploads\/2016\/07\/Il-grande-platano-di-San-Cosimato-Trastevere-Attiva-6-768x510.jpg 768w\" sizes=\"(max-width: 1024px) 100vw, 1024px\" \/>\n\t\t\t<\/div><\/figure><figure class='gallery-item'>\n\t\t\t<div class='gallery-icon landscape'>\n\t\t\t\t<img loading=\"lazy\" decoding=\"async\" width=\"1024\" height=\"680\" src=\"https:\/\/www.trastevereattiva.org\/wp-content\/uploads\/2016\/07\/Il-grande-platano-di-San-Cosimato-Trastevere-Attiva-7-1024x680.jpg\" class=\"attachment-large size-large\" alt=\"\" srcset=\"https:\/\/www.trastevereattiva.org\/wp-content\/uploads\/2016\/07\/Il-grande-platano-di-San-Cosimato-Trastevere-Attiva-7-1024x680.jpg 1024w, https:\/\/www.trastevereattiva.org\/wp-content\/uploads\/2016\/07\/Il-grande-platano-di-San-Cosimato-Trastevere-Attiva-7-300x199.jpg 300w, https:\/\/www.trastevereattiva.org\/wp-content\/uploads\/2016\/07\/Il-grande-platano-di-San-Cosimato-Trastevere-Attiva-7-768x510.jpg 768w\" sizes=\"(max-width: 1024px) 100vw, 1024px\" \/>\n\t\t\t<\/div><\/figure><figure class='gallery-item'>\n\t\t\t<div class='gallery-icon landscape'>\n\t\t\t\t<img loading=\"lazy\" decoding=\"async\" width=\"1024\" height=\"680\" src=\"https:\/\/www.trastevereattiva.org\/wp-content\/uploads\/2016\/07\/Il-grande-platano-di-San-Cosimato-Trastevere-Attiva-8-1024x680.jpg\" class=\"attachment-large size-large\" alt=\"\" srcset=\"https:\/\/www.trastevereattiva.org\/wp-content\/uploads\/2016\/07\/Il-grande-platano-di-San-Cosimato-Trastevere-Attiva-8-1024x680.jpg 1024w, https:\/\/www.trastevereattiva.org\/wp-content\/uploads\/2016\/07\/Il-grande-platano-di-San-Cosimato-Trastevere-Attiva-8-300x199.jpg 300w, https:\/\/www.trastevereattiva.org\/wp-content\/uploads\/2016\/07\/Il-grande-platano-di-San-Cosimato-Trastevere-Attiva-8-768x510.jpg 768w\" sizes=\"(max-width: 1024px) 100vw, 1024px\" \/>\n\t\t\t<\/div><\/figure><figure class='gallery-item'>\n\t\t\t<div class='gallery-icon landscape'>\n\t\t\t\t<img loading=\"lazy\" decoding=\"async\" width=\"1024\" height=\"680\" src=\"https:\/\/www.trastevereattiva.org\/wp-content\/uploads\/2016\/07\/Il-grande-platano-di-San-Cosimato-Trastevere-Attiva-9-1024x680.jpg\" class=\"attachment-large size-large\" alt=\"\" srcset=\"https:\/\/www.trastevereattiva.org\/wp-content\/uploads\/2016\/07\/Il-grande-platano-di-San-Cosimato-Trastevere-Attiva-9-1024x680.jpg 1024w, https:\/\/www.trastevereattiva.org\/wp-content\/uploads\/2016\/07\/Il-grande-platano-di-San-Cosimato-Trastevere-Attiva-9-300x199.jpg 300w, https:\/\/www.trastevereattiva.org\/wp-content\/uploads\/2016\/07\/Il-grande-platano-di-San-Cosimato-Trastevere-Attiva-9-768x510.jpg 768w\" sizes=\"(max-width: 1024px) 100vw, 1024px\" \/>\n\t\t\t<\/div><\/figure><figure class='gallery-item'>\n\t\t\t<div class='gallery-icon landscape'>\n\t\t\t\t<img loading=\"lazy\" decoding=\"async\" width=\"1024\" height=\"680\" src=\"https:\/\/www.trastevereattiva.org\/wp-content\/uploads\/2016\/07\/Il-grande-platano-di-San-Cosimato-Trastevere-Attiva-10-1024x680.jpg\" class=\"attachment-large size-large\" alt=\"\" srcset=\"https:\/\/www.trastevereattiva.org\/wp-content\/uploads\/2016\/07\/Il-grande-platano-di-San-Cosimato-Trastevere-Attiva-10-1024x680.jpg 1024w, https:\/\/www.trastevereattiva.org\/wp-content\/uploads\/2016\/07\/Il-grande-platano-di-San-Cosimato-Trastevere-Attiva-10-300x199.jpg 300w, https:\/\/www.trastevereattiva.org\/wp-content\/uploads\/2016\/07\/Il-grande-platano-di-San-Cosimato-Trastevere-Attiva-10-768x510.jpg 768w\" sizes=\"(max-width: 1024px) 100vw, 1024px\" \/>\n\t\t\t<\/div><\/figure><figure class='gallery-item'>\n\t\t\t<div class='gallery-icon landscape'>\n\t\t\t\t<img loading=\"lazy\" decoding=\"async\" width=\"1024\" height=\"680\" src=\"https:\/\/www.trastevereattiva.org\/wp-content\/uploads\/2016\/07\/Il-grande-platano-di-San-Cosimato-Trastevere-Attiva-11-1024x680.jpg\" class=\"attachment-large size-large\" alt=\"\" srcset=\"https:\/\/www.trastevereattiva.org\/wp-content\/uploads\/2016\/07\/Il-grande-platano-di-San-Cosimato-Trastevere-Attiva-11-1024x680.jpg 1024w, https:\/\/www.trastevereattiva.org\/wp-content\/uploads\/2016\/07\/Il-grande-platano-di-San-Cosimato-Trastevere-Attiva-11-300x199.jpg 300w, https:\/\/www.trastevereattiva.org\/wp-content\/uploads\/2016\/07\/Il-grande-platano-di-San-Cosimato-Trastevere-Attiva-11-768x510.jpg 768w\" sizes=\"(max-width: 1024px) 100vw, 1024px\" \/>\n\t\t\t<\/div><\/figure><figure class='gallery-item'>\n\t\t\t<div class='gallery-icon landscape'>\n\t\t\t\t<img loading=\"lazy\" decoding=\"async\" width=\"1024\" height=\"680\" src=\"https:\/\/www.trastevereattiva.org\/wp-content\/uploads\/2016\/07\/Il-grande-platano-di-San-Cosimato-Trastevere-Attiva-12-1024x680.jpg\" class=\"attachment-large size-large\" alt=\"\" srcset=\"https:\/\/www.trastevereattiva.org\/wp-content\/uploads\/2016\/07\/Il-grande-platano-di-San-Cosimato-Trastevere-Attiva-12-1024x680.jpg 1024w, https:\/\/www.trastevereattiva.org\/wp-content\/uploads\/2016\/07\/Il-grande-platano-di-San-Cosimato-Trastevere-Attiva-12-300x199.jpg 300w, https:\/\/www.trastevereattiva.org\/wp-content\/uploads\/2016\/07\/Il-grande-platano-di-San-Cosimato-Trastevere-Attiva-12-768x510.jpg 768w\" sizes=\"(max-width: 1024px) 100vw, 1024px\" \/>\n\t\t\t<\/div><\/figure><figure class='gallery-item'>\n\t\t\t<div class='gallery-icon landscape'>\n\t\t\t\t<img loading=\"lazy\" decoding=\"async\" width=\"1024\" height=\"680\" src=\"https:\/\/www.trastevereattiva.org\/wp-content\/uploads\/2016\/07\/Il-grande-platano-di-San-Cosimato-Trastevere-Attiva-13-1024x680.jpg\" class=\"attachment-large size-large\" alt=\"\" srcset=\"https:\/\/www.trastevereattiva.org\/wp-content\/uploads\/2016\/07\/Il-grande-platano-di-San-Cosimato-Trastevere-Attiva-13-1024x680.jpg 1024w, https:\/\/www.trastevereattiva.org\/wp-content\/uploads\/2016\/07\/Il-grande-platano-di-San-Cosimato-Trastevere-Attiva-13-300x199.jpg 300w, https:\/\/www.trastevereattiva.org\/wp-content\/uploads\/2016\/07\/Il-grande-platano-di-San-Cosimato-Trastevere-Attiva-13-768x510.jpg 768w\" sizes=\"(max-width: 1024px) 100vw, 1024px\" \/>\n\t\t\t<\/div><\/figure><figure class='gallery-item'>\n\t\t\t<div class='gallery-icon portrait'>\n\t\t\t\t<img loading=\"lazy\" decoding=\"async\" width=\"680\" height=\"1024\" src=\"https:\/\/www.trastevereattiva.org\/wp-content\/uploads\/2016\/07\/Il-grande-platano-di-San-Cosimato-Trastevere-Attiva-14-680x1024.jpg\" class=\"attachment-large size-large\" alt=\"\" srcset=\"https:\/\/www.trastevereattiva.org\/wp-content\/uploads\/2016\/07\/Il-grande-platano-di-San-Cosimato-Trastevere-Attiva-14-680x1024.jpg 680w, https:\/\/www.trastevereattiva.org\/wp-content\/uploads\/2016\/07\/Il-grande-platano-di-San-Cosimato-Trastevere-Attiva-14-199x300.jpg 199w, https:\/\/www.trastevereattiva.org\/wp-content\/uploads\/2016\/07\/Il-grande-platano-di-San-Cosimato-Trastevere-Attiva-14-768x1156.jpg 768w\" sizes=\"(max-width: 680px) 100vw, 680px\" \/>\n\t\t\t<\/div><\/figure><figure class='gallery-item'>\n\t\t\t<div class='gallery-icon landscape'>\n\t\t\t\t<img loading=\"lazy\" decoding=\"async\" width=\"1024\" height=\"680\" src=\"https:\/\/www.trastevereattiva.org\/wp-content\/uploads\/2016\/07\/Il-grande-platano-di-San-Cosimato-Trastevere-Attiva-15-1024x680.jpg\" class=\"attachment-large size-large\" alt=\"\" srcset=\"https:\/\/www.trastevereattiva.org\/wp-content\/uploads\/2016\/07\/Il-grande-platano-di-San-Cosimato-Trastevere-Attiva-15-1024x680.jpg 1024w, https:\/\/www.trastevereattiva.org\/wp-content\/uploads\/2016\/07\/Il-grande-platano-di-San-Cosimato-Trastevere-Attiva-15-300x199.jpg 300w, https:\/\/www.trastevereattiva.org\/wp-content\/uploads\/2016\/07\/Il-grande-platano-di-San-Cosimato-Trastevere-Attiva-15-768x510.jpg 768w\" sizes=\"(max-width: 1024px) 100vw, 1024px\" \/>\n\t\t\t<\/div><\/figure><figure class='gallery-item'>\n\t\t\t<div class='gallery-icon landscape'>\n\t\t\t\t<img loading=\"lazy\" decoding=\"async\" width=\"1024\" height=\"680\" src=\"https:\/\/www.trastevereattiva.org\/wp-content\/uploads\/2016\/07\/Il-grande-platano-di-San-Cosimato-Trastevere-Attiva-16-1024x680.jpg\" class=\"attachment-large size-large\" alt=\"\" srcset=\"https:\/\/www.trastevereattiva.org\/wp-content\/uploads\/2016\/07\/Il-grande-platano-di-San-Cosimato-Trastevere-Attiva-16-1024x680.jpg 1024w, https:\/\/www.trastevereattiva.org\/wp-content\/uploads\/2016\/07\/Il-grande-platano-di-San-Cosimato-Trastevere-Attiva-16-300x199.jpg 300w, https:\/\/www.trastevereattiva.org\/wp-content\/uploads\/2016\/07\/Il-grande-platano-di-San-Cosimato-Trastevere-Attiva-16-768x510.jpg 768w\" sizes=\"(max-width: 1024px) 100vw, 1024px\" \/>\n\t\t\t<\/div><\/figure><figure class='gallery-item'>\n\t\t\t<div class='gallery-icon landscape'>\n\t\t\t\t<img loading=\"lazy\" decoding=\"async\" width=\"1024\" height=\"680\" src=\"https:\/\/www.trastevereattiva.org\/wp-content\/uploads\/2016\/07\/Il-grande-platano-di-San-Cosimato-Trastevere-Attiva-17-1024x680.jpg\" class=\"attachment-large size-large\" alt=\"\" srcset=\"https:\/\/www.trastevereattiva.org\/wp-content\/uploads\/2016\/07\/Il-grande-platano-di-San-Cosimato-Trastevere-Attiva-17-1024x680.jpg 1024w, https:\/\/www.trastevereattiva.org\/wp-content\/uploads\/2016\/07\/Il-grande-platano-di-San-Cosimato-Trastevere-Attiva-17-300x199.jpg 300w, https:\/\/www.trastevereattiva.org\/wp-content\/uploads\/2016\/07\/Il-grande-platano-di-San-Cosimato-Trastevere-Attiva-17-768x510.jpg 768w\" sizes=\"(max-width: 1024px) 100vw, 1024px\" \/>\n\t\t\t<\/div><\/figure><figure class='gallery-item'>\n\t\t\t<div class='gallery-icon landscape'>\n\t\t\t\t<img loading=\"lazy\" decoding=\"async\" width=\"1024\" height=\"680\" src=\"https:\/\/www.trastevereattiva.org\/wp-content\/uploads\/2016\/07\/Il-grande-platano-di-San-Cosimato-Trastevere-Attiva-18-1024x680.jpg\" class=\"attachment-large size-large\" alt=\"\" srcset=\"https:\/\/www.trastevereattiva.org\/wp-content\/uploads\/2016\/07\/Il-grande-platano-di-San-Cosimato-Trastevere-Attiva-18-1024x680.jpg 1024w, https:\/\/www.trastevereattiva.org\/wp-content\/uploads\/2016\/07\/Il-grande-platano-di-San-Cosimato-Trastevere-Attiva-18-300x199.jpg 300w, https:\/\/www.trastevereattiva.org\/wp-content\/uploads\/2016\/07\/Il-grande-platano-di-San-Cosimato-Trastevere-Attiva-18-768x510.jpg 768w\" sizes=\"(max-width: 1024px) 100vw, 1024px\" \/>\n\t\t\t<\/div><\/figure><figure class='gallery-item'>\n\t\t\t<div class='gallery-icon landscape'>\n\t\t\t\t<img loading=\"lazy\" decoding=\"async\" width=\"1024\" height=\"680\" src=\"https:\/\/www.trastevereattiva.org\/wp-content\/uploads\/2016\/07\/Il-grande-platano-di-San-Cosimato-Trastevere-Attiva-19-1024x680.jpg\" class=\"attachment-large size-large\" alt=\"\" srcset=\"https:\/\/www.trastevereattiva.org\/wp-content\/uploads\/2016\/07\/Il-grande-platano-di-San-Cosimato-Trastevere-Attiva-19-1024x680.jpg 1024w, https:\/\/www.trastevereattiva.org\/wp-content\/uploads\/2016\/07\/Il-grande-platano-di-San-Cosimato-Trastevere-Attiva-19-300x199.jpg 300w, https:\/\/www.trastevereattiva.org\/wp-content\/uploads\/2016\/07\/Il-grande-platano-di-San-Cosimato-Trastevere-Attiva-19-768x510.jpg 768w\" sizes=\"(max-width: 1024px) 100vw, 1024px\" \/>\n\t\t\t<\/div><\/figure><figure class='gallery-item'>\n\t\t\t<div class='gallery-icon landscape'>\n\t\t\t\t<img loading=\"lazy\" decoding=\"async\" width=\"1024\" height=\"680\" src=\"https:\/\/www.trastevereattiva.org\/wp-content\/uploads\/2016\/07\/Il-grande-platano-di-San-Cosimato-Trastevere-Attiva-20-1024x680.jpg\" class=\"attachment-large size-large\" alt=\"\" srcset=\"https:\/\/www.trastevereattiva.org\/wp-content\/uploads\/2016\/07\/Il-grande-platano-di-San-Cosimato-Trastevere-Attiva-20-1024x680.jpg 1024w, https:\/\/www.trastevereattiva.org\/wp-content\/uploads\/2016\/07\/Il-grande-platano-di-San-Cosimato-Trastevere-Attiva-20-300x199.jpg 300w, https:\/\/www.trastevereattiva.org\/wp-content\/uploads\/2016\/07\/Il-grande-platano-di-San-Cosimato-Trastevere-Attiva-20-768x510.jpg 768w\" sizes=\"(max-width: 1024px) 100vw, 1024px\" \/>\n\t\t\t<\/div><\/figure><figure class='gallery-item'>\n\t\t\t<div class='gallery-icon landscape'>\n\t\t\t\t<img loading=\"lazy\" decoding=\"async\" width=\"1024\" height=\"680\" src=\"https:\/\/www.trastevereattiva.org\/wp-content\/uploads\/2016\/07\/Il-grande-platano-di-San-Cosimato-Trastevere-Attiva-21-1024x680.jpg\" class=\"attachment-large size-large\" alt=\"\" srcset=\"https:\/\/www.trastevereattiva.org\/wp-content\/uploads\/2016\/07\/Il-grande-platano-di-San-Cosimato-Trastevere-Attiva-21-1024x680.jpg 1024w, https:\/\/www.trastevereattiva.org\/wp-content\/uploads\/2016\/07\/Il-grande-platano-di-San-Cosimato-Trastevere-Attiva-21-300x199.jpg 300w, https:\/\/www.trastevereattiva.org\/wp-content\/uploads\/2016\/07\/Il-grande-platano-di-San-Cosimato-Trastevere-Attiva-21-768x510.jpg 768w\" sizes=\"(max-width: 1024px) 100vw, 1024px\" \/>\n\t\t\t<\/div><\/figure><figure class='gallery-item'>\n\t\t\t<div class='gallery-icon landscape'>\n\t\t\t\t<img loading=\"lazy\" decoding=\"async\" width=\"1024\" height=\"680\" src=\"https:\/\/www.trastevereattiva.org\/wp-content\/uploads\/2016\/07\/Il-grande-platano-di-San-Cosimato-Trastevere-Attiva-22-1024x680.jpg\" class=\"attachment-large size-large\" alt=\"\" srcset=\"https:\/\/www.trastevereattiva.org\/wp-content\/uploads\/2016\/07\/Il-grande-platano-di-San-Cosimato-Trastevere-Attiva-22-1024x680.jpg 1024w, https:\/\/www.trastevereattiva.org\/wp-content\/uploads\/2016\/07\/Il-grande-platano-di-San-Cosimato-Trastevere-Attiva-22-300x199.jpg 300w, https:\/\/www.trastevereattiva.org\/wp-content\/uploads\/2016\/07\/Il-grande-platano-di-San-Cosimato-Trastevere-Attiva-22-768x510.jpg 768w\" sizes=\"(max-width: 1024px) 100vw, 1024px\" \/>\n\t\t\t<\/div><\/figure><figure class='gallery-item'>\n\t\t\t<div class='gallery-icon portrait'>\n\t\t\t\t<img loading=\"lazy\" decoding=\"async\" width=\"680\" height=\"1024\" src=\"https:\/\/www.trastevereattiva.org\/wp-content\/uploads\/2016\/07\/Il-grande-platano-di-San-Cosimato-Trastevere-Attiva-23-680x1024.jpg\" class=\"attachment-large size-large\" alt=\"\" srcset=\"https:\/\/www.trastevereattiva.org\/wp-content\/uploads\/2016\/07\/Il-grande-platano-di-San-Cosimato-Trastevere-Attiva-23-680x1024.jpg 680w, https:\/\/www.trastevereattiva.org\/wp-content\/uploads\/2016\/07\/Il-grande-platano-di-San-Cosimato-Trastevere-Attiva-23-199x300.jpg 199w, https:\/\/www.trastevereattiva.org\/wp-content\/uploads\/2016\/07\/Il-grande-platano-di-San-Cosimato-Trastevere-Attiva-23-768x1156.jpg 768w\" sizes=\"(max-width: 680px) 100vw, 680px\" \/>\n\t\t\t<\/div><\/figure><figure class='gallery-item'>\n\t\t\t<div class='gallery-icon landscape'>\n\t\t\t\t<img loading=\"lazy\" decoding=\"async\" width=\"1024\" height=\"680\" src=\"https:\/\/www.trastevereattiva.org\/wp-content\/uploads\/2016\/07\/Il-grande-platano-di-San-Cosimato-Trastevere-Attiva-24-1024x680.jpg\" class=\"attachment-large size-large\" alt=\"\" srcset=\"https:\/\/www.trastevereattiva.org\/wp-content\/uploads\/2016\/07\/Il-grande-platano-di-San-Cosimato-Trastevere-Attiva-24-1024x680.jpg 1024w, https:\/\/www.trastevereattiva.org\/wp-content\/uploads\/2016\/07\/Il-grande-platano-di-San-Cosimato-Trastevere-Attiva-24-300x199.jpg 300w, https:\/\/www.trastevereattiva.org\/wp-content\/uploads\/2016\/07\/Il-grande-platano-di-San-Cosimato-Trastevere-Attiva-24-768x510.jpg 768w\" sizes=\"(max-width: 1024px) 100vw, 1024px\" \/>\n\t\t\t<\/div><\/figure><figure class='gallery-item'>\n\t\t\t<div class='gallery-icon landscape'>\n\t\t\t\t<img loading=\"lazy\" decoding=\"async\" width=\"1024\" height=\"680\" src=\"https:\/\/www.trastevereattiva.org\/wp-content\/uploads\/2016\/07\/Il-grande-platano-di-San-Cosimato-Trastevere-Attiva-25-1024x680.jpg\" class=\"attachment-large size-large\" alt=\"\" srcset=\"https:\/\/www.trastevereattiva.org\/wp-content\/uploads\/2016\/07\/Il-grande-platano-di-San-Cosimato-Trastevere-Attiva-25-1024x680.jpg 1024w, https:\/\/www.trastevereattiva.org\/wp-content\/uploads\/2016\/07\/Il-grande-platano-di-San-Cosimato-Trastevere-Attiva-25-300x199.jpg 300w, https:\/\/www.trastevereattiva.org\/wp-content\/uploads\/2016\/07\/Il-grande-platano-di-San-Cosimato-Trastevere-Attiva-25-768x510.jpg 768w\" sizes=\"(max-width: 1024px) 100vw, 1024px\" \/>\n\t\t\t<\/div><\/figure><figure class='gallery-item'>\n\t\t\t<div class='gallery-icon landscape'>\n\t\t\t\t<img loading=\"lazy\" decoding=\"async\" width=\"1024\" height=\"680\" src=\"https:\/\/www.trastevereattiva.org\/wp-content\/uploads\/2016\/07\/Il-grande-platano-di-San-Cosimato-Trastevere-Attiva-28-1024x680.jpg\" class=\"attachment-large size-large\" alt=\"\" srcset=\"https:\/\/www.trastevereattiva.org\/wp-content\/uploads\/2016\/07\/Il-grande-platano-di-San-Cosimato-Trastevere-Attiva-28-1024x680.jpg 1024w, https:\/\/www.trastevereattiva.org\/wp-content\/uploads\/2016\/07\/Il-grande-platano-di-San-Cosimato-Trastevere-Attiva-28-300x199.jpg 300w, https:\/\/www.trastevereattiva.org\/wp-content\/uploads\/2016\/07\/Il-grande-platano-di-San-Cosimato-Trastevere-Attiva-28-768x510.jpg 768w\" sizes=\"(max-width: 1024px) 100vw, 1024px\" \/>\n\t\t\t<\/div><\/figure><figure class='gallery-item'>\n\t\t\t<div class='gallery-icon landscape'>\n\t\t\t\t<img loading=\"lazy\" decoding=\"async\" width=\"1024\" height=\"765\" src=\"https:\/\/www.trastevereattiva.org\/wp-content\/uploads\/2016\/07\/Il-grande-platano-di-San-Cosimato-Trastevere-Attiva-30-1024x765.jpg\" class=\"attachment-large size-large\" alt=\"\" srcset=\"https:\/\/www.trastevereattiva.org\/wp-content\/uploads\/2016\/07\/Il-grande-platano-di-San-Cosimato-Trastevere-Attiva-30-1024x765.jpg 1024w, https:\/\/www.trastevereattiva.org\/wp-content\/uploads\/2016\/07\/Il-grande-platano-di-San-Cosimato-Trastevere-Attiva-30-300x224.jpg 300w, https:\/\/www.trastevereattiva.org\/wp-content\/uploads\/2016\/07\/Il-grande-platano-di-San-Cosimato-Trastevere-Attiva-30-768x574.jpg 768w\" sizes=\"(max-width: 1024px) 100vw, 1024px\" \/>\n\t\t\t<\/div><\/figure><figure class='gallery-item'>\n\t\t\t<div class='gallery-icon landscape'>\n\t\t\t\t<img loading=\"lazy\" decoding=\"async\" width=\"1024\" height=\"765\" src=\"https:\/\/www.trastevereattiva.org\/wp-content\/uploads\/2016\/07\/Il-grande-platano-di-San-Cosimato-Trastevere-Attiva-31-1024x765.jpg\" class=\"attachment-large size-large\" alt=\"\" srcset=\"https:\/\/www.trastevereattiva.org\/wp-content\/uploads\/2016\/07\/Il-grande-platano-di-San-Cosimato-Trastevere-Attiva-31-1024x765.jpg 1024w, https:\/\/www.trastevereattiva.org\/wp-content\/uploads\/2016\/07\/Il-grande-platano-di-San-Cosimato-Trastevere-Attiva-31-300x224.jpg 300w, https:\/\/www.trastevereattiva.org\/wp-content\/uploads\/2016\/07\/Il-grande-platano-di-San-Cosimato-Trastevere-Attiva-31-768x574.jpg 768w\" sizes=\"(max-width: 1024px) 100vw, 1024px\" \/>\n\t\t\t<\/div><\/figure>\n\t\t<\/div>\n\n","protected":false},"excerpt":{"rendered":"<p>SPETTACOLO &amp; FATICA E\u2019 stato proprio uno SPETTACOLO, non di tutti i giorni, ammirare l\u2019abilit\u00e0 e la professionalit\u00e0 con la quale gli operatori della Societ\u00e0 Il Giardino Malandrino S.r.l. sono saliti fin sui rami pi\u00f9 alti del gigantesco platano nell\u2019area giochi di piazza San Cosimato per verificarne le condizioni fitostatiche e togliere i rami secchi [&hellip;]<\/p>\n","protected":false},"author":1,"featured_media":0,"parent":0,"menu_order":0,"comment_status":"closed","ping_status":"closed","template":"fullwidth.php","meta":{"footnotes":""},"_links":{"self":[{"href":"https:\/\/www.trastevereattiva.org\/index.php\/wp-json\/wp\/v2\/pages\/1756"}],"collection":[{"href":"https:\/\/www.trastevereattiva.org\/index.php\/wp-json\/wp\/v2\/pages"}],"about":[{"href":"https:\/\/www.trastevereattiva.org\/index.php\/wp-json\/wp\/v2\/types\/page"}],"author":[{"embeddable":true,"href":"https:\/\/www.trastevereattiva.org\/index.php\/wp-json\/wp\/v2\/users\/1"}],"replies":[{"embeddable":true,"href":"https:\/\/www.trastevereattiva.org\/index.php\/wp-json\/wp\/v2\/comments?post=1756"}],"version-history":[{"count":21,"href":"https:\/\/www.trastevereattiva.org\/index.php\/wp-json\/wp\/v2\/pages\/1756\/revisions"}],"predecessor-version":[{"id":3337,"href":"https:\/\/www.trastevereattiva.org\/index.php\/wp-json\/wp\/v2\/pages\/1756\/revisions\/3337"}],"wp:attachment":[{"href":"https:\/\/www.trastevereattiva.org\/index.php\/wp-json\/wp\/v2\/media?parent=1756"}],"curies":[{"name":"wp","href":"https:\/\/api.w.org\/{rel}","templated":true}]}}