{"id":212,"date":"2015-08-01T17:43:05","date_gmt":"2015-08-01T15:43:05","guid":{"rendered":"http:\/\/www.trastevereattiva.org\/?page_id=212"},"modified":"2018-01-03T11:54:44","modified_gmt":"2018-01-03T10:54:44","slug":"il-tetto-dei-banchi-del-mercato-in-piazza-san-cosimato","status":"publish","type":"page","link":"https:\/\/www.trastevereattiva.org\/index.php\/eventi\/il-tetto-dei-banchi-del-mercato-in-piazza-san-cosimato\/","title":{"rendered":"Il tetto del mercato in piazza San Cosimato &#8211; dicembre 2014"},"content":{"rendered":"<p>La copertura della struttura del mercato non \u00e8 presa in carico da nessuno: l&#8217;AMA non pu\u00f2 salirvi a pulire per competenza contrattuale, i commercianti non sono interessati&#8230; risultato: il tetto \u00e8 diventato un luogo dove tirare cassette, bottiglie, sedie rotte, sanpietrini, latte, rottami vari.<br \/>\nIl 15 dicembre 2014 abbiamo fatto noi il primo intervento di pulizia! Continuiamo a\u00a0sensibilizzare gli stessi commercianti del mercato a preservarla quanto possibile.<\/p>\n<div id='gallery-1' class='gallery galleryid-212 gallery-columns-2 gallery-size-large'><figure class='gallery-item'>\n\t\t\t<div class='gallery-icon portrait'>\n\t\t\t\t<img loading=\"lazy\" decoding=\"async\" width=\"710\" height=\"1024\" src=\"https:\/\/www.trastevereattiva.org\/wp-content\/uploads\/2015\/08\/FB-tetto-mercato-San-Cosimato-1-710x1024.jpg\" class=\"attachment-large size-large\" alt=\"\" srcset=\"https:\/\/www.trastevereattiva.org\/wp-content\/uploads\/2015\/08\/FB-tetto-mercato-San-Cosimato-1-710x1024.jpg 710w, https:\/\/www.trastevereattiva.org\/wp-content\/uploads\/2015\/08\/FB-tetto-mercato-San-Cosimato-1-208x300.jpg 208w, https:\/\/www.trastevereattiva.org\/wp-content\/uploads\/2015\/08\/FB-tetto-mercato-San-Cosimato-1.jpg 763w\" sizes=\"(max-width: 710px) 100vw, 710px\" \/>\n\t\t\t<\/div><\/figure><figure class='gallery-item'>\n\t\t\t<div class='gallery-icon landscape'>\n\t\t\t\t<img loading=\"lazy\" decoding=\"async\" width=\"1024\" height=\"768\" src=\"https:\/\/www.trastevereattiva.org\/wp-content\/uploads\/2015\/08\/tetto-1-1024x768.jpg\" class=\"attachment-large size-large\" alt=\"\" srcset=\"https:\/\/www.trastevereattiva.org\/wp-content\/uploads\/2015\/08\/tetto-1-1024x768.jpg 1024w, https:\/\/www.trastevereattiva.org\/wp-content\/uploads\/2015\/08\/tetto-1-300x225.jpg 300w, https:\/\/www.trastevereattiva.org\/wp-content\/uploads\/2015\/08\/tetto-1.jpg 1134w\" sizes=\"(max-width: 1024px) 100vw, 1024px\" \/>\n\t\t\t<\/div><\/figure><figure class='gallery-item'>\n\t\t\t<div class='gallery-icon landscape'>\n\t\t\t\t<img loading=\"lazy\" decoding=\"async\" width=\"1024\" height=\"768\" src=\"https:\/\/www.trastevereattiva.org\/wp-content\/uploads\/2015\/08\/tetto-2-1024x768.jpg\" class=\"attachment-large size-large\" alt=\"\" srcset=\"https:\/\/www.trastevereattiva.org\/wp-content\/uploads\/2015\/08\/tetto-2-1024x768.jpg 1024w, https:\/\/www.trastevereattiva.org\/wp-content\/uploads\/2015\/08\/tetto-2-300x225.jpg 300w, https:\/\/www.trastevereattiva.org\/wp-content\/uploads\/2015\/08\/tetto-2.jpg 1134w\" sizes=\"(max-width: 1024px) 100vw, 1024px\" \/>\n\t\t\t<\/div><\/figure>\n\t\t<\/div>\n\n","protected":false},"excerpt":{"rendered":"<p>La copertura della struttura del mercato non \u00e8 presa in carico da nessuno: l&#8217;AMA non pu\u00f2 salirvi a pulire per competenza contrattuale, i commercianti non sono interessati&#8230; risultato: il tetto \u00e8 diventato un luogo dove tirare cassette, bottiglie, sedie rotte, sanpietrini, latte, rottami vari. Il 15 dicembre 2014 abbiamo fatto noi il primo intervento di [&hellip;]<\/p>\n","protected":false},"author":1,"featured_media":0,"parent":16,"menu_order":0,"comment_status":"closed","ping_status":"open","template":"fullwidth.php","meta":{"footnotes":""},"_links":{"self":[{"href":"https:\/\/www.trastevereattiva.org\/index.php\/wp-json\/wp\/v2\/pages\/212"}],"collection":[{"href":"https:\/\/www.trastevereattiva.org\/index.php\/wp-json\/wp\/v2\/pages"}],"about":[{"href":"https:\/\/www.trastevereattiva.org\/index.php\/wp-json\/wp\/v2\/types\/page"}],"author":[{"embeddable":true,"href":"https:\/\/www.trastevereattiva.org\/index.php\/wp-json\/wp\/v2\/users\/1"}],"replies":[{"embeddable":true,"href":"https:\/\/www.trastevereattiva.org\/index.php\/wp-json\/wp\/v2\/comments?post=212"}],"version-history":[{"count":10,"href":"https:\/\/www.trastevereattiva.org\/index.php\/wp-json\/wp\/v2\/pages\/212\/revisions"}],"predecessor-version":[{"id":3093,"href":"https:\/\/www.trastevereattiva.org\/index.php\/wp-json\/wp\/v2\/pages\/212\/revisions\/3093"}],"up":[{"embeddable":true,"href":"https:\/\/www.trastevereattiva.org\/index.php\/wp-json\/wp\/v2\/pages\/16"}],"wp:attachment":[{"href":"https:\/\/www.trastevereattiva.org\/index.php\/wp-json\/wp\/v2\/media?parent=212"}],"curies":[{"name":"wp","href":"https:\/\/api.w.org\/{rel}","templated":true}]}}

<p>La copertura della struttura del mercato non è presa in carico da nessuno: l&#8217;AMA non può salirvi a pulire per competenza contrattuale, i commercianti non sono interessati&#8230; risultato: il tetto è diventato un luogo dove tirare cassette, bottiglie, sedie rotte, sanpietrini, latte, rottami vari.<br />
Il 15 dicembre 2014 abbiamo fatto noi il primo intervento di pulizia! Continuiamo a sensibilizzare gli stessi commercianti del mercato a preservarla quanto possibile.</p>
<div id='gallery-1' class='gallery galleryid-212 gallery-columns-2 gallery-size-large'><figure class='gallery-item'>
			<div class='gallery-icon portrait'>
				<img loading="lazy" decoding="async" width="710" height="1024" src="https://www.trastevereattiva.org/wp-content/uploads/2015/08/FB-tetto-mercato-San-Cosimato-1-710x1024.jpg" class="attachment-large size-large" alt="" srcset="https://www.trastevereattiva.org/wp-content/uploads/2015/08/FB-tetto-mercato-San-Cosimato-1-710x1024.jpg 710w, https://www.trastevereattiva.org/wp-content/uploads/2015/08/FB-tetto-mercato-San-Cosimato-1-208x300.jpg 208w, https://www.trastevereattiva.org/wp-content/uploads/2015/08/FB-tetto-mercato-San-Cosimato-1.jpg 763w" sizes="(max-width: 710px) 100vw, 710px" />
			</div></figure><figure class='gallery-item'>
			<div class='gallery-icon landscape'>
				<img loading="lazy" decoding="async" width="1024" height="768" src="https://www.trastevereattiva.org/wp-content/uploads/2015/08/tetto-1-1024x768.jpg" class="attachment-large size-large" alt="" srcset="https://www.trastevereattiva.org/wp-content/uploads/2015/08/tetto-1-1024x768.jpg 1024w, https://www.trastevereattiva.org/wp-content/uploads/2015/08/tetto-1-300x225.jpg 300w, https://www.trastevereattiva.org/wp-content/uploads/2015/08/tetto-1.jpg 1134w" sizes="(max-width: 1024px) 100vw, 1024px" />
			</div></figure><figure class='gallery-item'>
			<div class='gallery-icon landscape'>
				<img loading="lazy" decoding="async" width="1024" height="768" src="https://www.trastevereattiva.org/wp-content/uploads/2015/08/tetto-2-1024x768.jpg" class="attachment-large size-large" alt="" srcset="https://www.trastevereattiva.org/wp-content/uploads/2015/08/tetto-2-1024x768.jpg 1024w, https://www.trastevereattiva.org/wp-content/uploads/2015/08/tetto-2-300x225.jpg 300w, https://www.trastevereattiva.org/wp-content/uploads/2015/08/tetto-2.jpg 1134w" sizes="(max-width: 1024px) 100vw, 1024px" />
			</div></figure>
		</div>

<p>La copertura della struttura del mercato non è presa in carico da nessuno: l&#8217;AMA non può salirvi a pulire per competenza contrattuale, i commercianti non sono interessati&#8230; risultato: il tetto è diventato un luogo dove tirare cassette, bottiglie, sedie rotte, sanpietrini, latte, rottami vari. Il 15 dicembre 2014 abbiamo fatto noi il primo intervento di [&hellip;]</p>
