{"id":224,"date":"2015-08-01T18:16:33","date_gmt":"2015-08-01T16:16:33","guid":{"rendered":"http:\/\/www.trastevereattiva.org\/?page_id=224"},"modified":"2018-11-03T16:18:19","modified_gmt":"2018-11-03T15:18:19","slug":"area-verde-piazza-san-cosimato","status":"publish","type":"page","link":"https:\/\/www.trastevereattiva.org\/index.php\/eventi\/area-verde-piazza-san-cosimato\/","title":{"rendered":"Area verde piazza San Cosimato &#8211; PULIZIA (gennaio 2015)"},"content":{"rendered":"<p>Una bella giornata: in un piacevole clima di collaborazione e operosit\u00e0 abbiamo pulito l&#8217;area verde, piantato nuove piantine, cancellato i graffiti dai muretti e collocato cartelli per invitare al rispetto di questo spazio. Ma abbiamo anche parlato con tanti passanti e diffuso l&#8217;esempio del poter applicare un po&#8217; di buona volont\u00e0 alla cura del bene comune. Senza il ripristino del sistema di irrigazione non possiamo, al momento, fare di pi\u00f9, ma la battaglia per riattivarlo \u00e8 cominciata; la burocrazia e le scarse risorse delle istituzioni non riusciranno a farci desistere dal prenderci cura di una piazza che \u00e8 il centro della vita rionale! (gennaio 2015)<\/p>\n<div id='gallery-1' class='gallery galleryid-224 gallery-columns-2 gallery-size-large'><figure class='gallery-item'>\n\t\t\t<div class='gallery-icon portrait'>\n\t\t\t\t<img loading=\"lazy\" decoding=\"async\" width=\"722\" height=\"1024\" src=\"https:\/\/www.trastevereattiva.org\/wp-content\/uploads\/2015\/08\/verde-San-Cosimato-gen2015-START-1-722x1024.jpg\" class=\"attachment-large size-large\" alt=\"\" srcset=\"https:\/\/www.trastevereattiva.org\/wp-content\/uploads\/2015\/08\/verde-San-Cosimato-gen2015-START-1-722x1024.jpg 722w, https:\/\/www.trastevereattiva.org\/wp-content\/uploads\/2015\/08\/verde-San-Cosimato-gen2015-START-1-211x300.jpg 211w, https:\/\/www.trastevereattiva.org\/wp-content\/uploads\/2015\/08\/verde-San-Cosimato-gen2015-START-1.jpg 874w\" sizes=\"(max-width: 722px) 100vw, 722px\" \/>\n\t\t\t<\/div><\/figure><figure class='gallery-item'>\n\t\t\t<div class='gallery-icon portrait'>\n\t\t\t\t<img loading=\"lazy\" decoding=\"async\" width=\"574\" height=\"827\" src=\"https:\/\/www.trastevereattiva.org\/wp-content\/uploads\/2015\/08\/FB-San-Cosimato-24gen2015-C.jpg\" class=\"attachment-large size-large\" alt=\"\" srcset=\"https:\/\/www.trastevereattiva.org\/wp-content\/uploads\/2015\/08\/FB-San-Cosimato-24gen2015-C.jpg 574w, https:\/\/www.trastevereattiva.org\/wp-content\/uploads\/2015\/08\/FB-San-Cosimato-24gen2015-C-208x300.jpg 208w\" sizes=\"(max-width: 574px) 100vw, 574px\" \/>\n\t\t\t<\/div><\/figure><figure class='gallery-item'>\n\t\t\t<div class='gallery-icon portrait'>\n\t\t\t\t<img loading=\"lazy\" decoding=\"async\" width=\"574\" height=\"827\" src=\"https:\/\/www.trastevereattiva.org\/wp-content\/uploads\/2015\/08\/FB-San-Cosimato-24gen2015-B.jpg\" class=\"attachment-large size-large\" alt=\"\" srcset=\"https:\/\/www.trastevereattiva.org\/wp-content\/uploads\/2015\/08\/FB-San-Cosimato-24gen2015-B.jpg 574w, https:\/\/www.trastevereattiva.org\/wp-content\/uploads\/2015\/08\/FB-San-Cosimato-24gen2015-B-208x300.jpg 208w\" sizes=\"(max-width: 574px) 100vw, 574px\" \/>\n\t\t\t<\/div><\/figure><figure class='gallery-item'>\n\t\t\t<div class='gallery-icon portrait'>\n\t\t\t\t<img loading=\"lazy\" decoding=\"async\" width=\"574\" height=\"827\" src=\"https:\/\/www.trastevereattiva.org\/wp-content\/uploads\/2015\/08\/FB-San-Cosimato-24gen2015-G.jpg\" class=\"attachment-large size-large\" alt=\"\" srcset=\"https:\/\/www.trastevereattiva.org\/wp-content\/uploads\/2015\/08\/FB-San-Cosimato-24gen2015-G.jpg 574w, https:\/\/www.trastevereattiva.org\/wp-content\/uploads\/2015\/08\/FB-San-Cosimato-24gen2015-G-208x300.jpg 208w\" sizes=\"(max-width: 574px) 100vw, 574px\" \/>\n\t\t\t<\/div><\/figure><figure class='gallery-item'>\n\t\t\t<div class='gallery-icon portrait'>\n\t\t\t\t<img loading=\"lazy\" decoding=\"async\" width=\"574\" height=\"827\" src=\"https:\/\/www.trastevereattiva.org\/wp-content\/uploads\/2015\/08\/FB-San-Cosimato-24gen2015-A.jpg\" class=\"attachment-large size-large\" alt=\"\" srcset=\"https:\/\/www.trastevereattiva.org\/wp-content\/uploads\/2015\/08\/FB-San-Cosimato-24gen2015-A.jpg 574w, https:\/\/www.trastevereattiva.org\/wp-content\/uploads\/2015\/08\/FB-San-Cosimato-24gen2015-A-208x300.jpg 208w\" sizes=\"(max-width: 574px) 100vw, 574px\" \/>\n\t\t\t<\/div><\/figure><figure class='gallery-item'>\n\t\t\t<div class='gallery-icon portrait'>\n\t\t\t\t<img loading=\"lazy\" decoding=\"async\" width=\"574\" height=\"827\" src=\"https:\/\/www.trastevereattiva.org\/wp-content\/uploads\/2015\/08\/FB-San-Cosimato-24gen2015-D.jpg\" class=\"attachment-large size-large\" alt=\"\" srcset=\"https:\/\/www.trastevereattiva.org\/wp-content\/uploads\/2015\/08\/FB-San-Cosimato-24gen2015-D.jpg 574w, https:\/\/www.trastevereattiva.org\/wp-content\/uploads\/2015\/08\/FB-San-Cosimato-24gen2015-D-208x300.jpg 208w\" sizes=\"(max-width: 574px) 100vw, 574px\" \/>\n\t\t\t<\/div><\/figure><figure class='gallery-item'>\n\t\t\t<div class='gallery-icon portrait'>\n\t\t\t\t<img loading=\"lazy\" decoding=\"async\" width=\"574\" height=\"827\" src=\"https:\/\/www.trastevereattiva.org\/wp-content\/uploads\/2015\/08\/FB-San-Cosimato-24gen2015-F.jpg\" class=\"attachment-large size-large\" alt=\"\" srcset=\"https:\/\/www.trastevereattiva.org\/wp-content\/uploads\/2015\/08\/FB-San-Cosimato-24gen2015-F.jpg 574w, https:\/\/www.trastevereattiva.org\/wp-content\/uploads\/2015\/08\/FB-San-Cosimato-24gen2015-F-208x300.jpg 208w\" sizes=\"(max-width: 574px) 100vw, 574px\" \/>\n\t\t\t<\/div><\/figure><figure class='gallery-item'>\n\t\t\t<div class='gallery-icon portrait'>\n\t\t\t\t<img loading=\"lazy\" decoding=\"async\" width=\"574\" height=\"827\" src=\"https:\/\/www.trastevereattiva.org\/wp-content\/uploads\/2015\/08\/FB-San-Cosimato-24gen2015-E.jpg\" class=\"attachment-large size-large\" alt=\"\" srcset=\"https:\/\/www.trastevereattiva.org\/wp-content\/uploads\/2015\/08\/FB-San-Cosimato-24gen2015-E.jpg 574w, https:\/\/www.trastevereattiva.org\/wp-content\/uploads\/2015\/08\/FB-San-Cosimato-24gen2015-E-208x300.jpg 208w\" sizes=\"(max-width: 574px) 100vw, 574px\" \/>\n\t\t\t<\/div><\/figure><figure class='gallery-item'>\n\t\t\t<div class='gallery-icon landscape'>\n\t\t\t\t<img loading=\"lazy\" decoding=\"async\" width=\"1024\" height=\"765\" src=\"https:\/\/www.trastevereattiva.org\/wp-content\/uploads\/2015\/08\/FB-San-Cosimato-24gen2015-Z2x-1024x765.jpg\" class=\"attachment-large size-large\" alt=\"\" srcset=\"https:\/\/www.trastevereattiva.org\/wp-content\/uploads\/2015\/08\/FB-San-Cosimato-24gen2015-Z2x-1024x765.jpg 1024w, https:\/\/www.trastevereattiva.org\/wp-content\/uploads\/2015\/08\/FB-San-Cosimato-24gen2015-Z2x-300x224.jpg 300w, https:\/\/www.trastevereattiva.org\/wp-content\/uploads\/2015\/08\/FB-San-Cosimato-24gen2015-Z2x.jpg 1134w\" sizes=\"(max-width: 1024px) 100vw, 1024px\" \/>\n\t\t\t<\/div><\/figure><figure class='gallery-item'>\n\t\t\t<div class='gallery-icon landscape'>\n\t\t\t\t<img loading=\"lazy\" decoding=\"async\" width=\"1024\" height=\"765\" src=\"https:\/\/www.trastevereattiva.org\/wp-content\/uploads\/2015\/08\/FB-San-Cosimato-24gen2015-Z3x-1024x765.jpg\" class=\"attachment-large size-large\" alt=\"\" srcset=\"https:\/\/www.trastevereattiva.org\/wp-content\/uploads\/2015\/08\/FB-San-Cosimato-24gen2015-Z3x-1024x765.jpg 1024w, https:\/\/www.trastevereattiva.org\/wp-content\/uploads\/2015\/08\/FB-San-Cosimato-24gen2015-Z3x-300x224.jpg 300w, https:\/\/www.trastevereattiva.org\/wp-content\/uploads\/2015\/08\/FB-San-Cosimato-24gen2015-Z3x.jpg 1134w\" sizes=\"(max-width: 1024px) 100vw, 1024px\" \/>\n\t\t\t<\/div><\/figure><figure class='gallery-item'>\n\t\t\t<div class='gallery-icon landscape'>\n\t\t\t\t<img loading=\"lazy\" decoding=\"async\" width=\"1024\" height=\"765\" src=\"https:\/\/www.trastevereattiva.org\/wp-content\/uploads\/2015\/08\/FB-San-Cosimato-24gen2015-Z1x-1024x765.jpg\" class=\"attachment-large size-large\" alt=\"\" srcset=\"https:\/\/www.trastevereattiva.org\/wp-content\/uploads\/2015\/08\/FB-San-Cosimato-24gen2015-Z1x-1024x765.jpg 1024w, https:\/\/www.trastevereattiva.org\/wp-content\/uploads\/2015\/08\/FB-San-Cosimato-24gen2015-Z1x-300x224.jpg 300w, https:\/\/www.trastevereattiva.org\/wp-content\/uploads\/2015\/08\/FB-San-Cosimato-24gen2015-Z1x.jpg 1134w\" sizes=\"(max-width: 1024px) 100vw, 1024px\" \/>\n\t\t\t<\/div><\/figure><figure class='gallery-item'>\n\t\t\t<div class='gallery-icon landscape'>\n\t\t\t\t<img loading=\"lazy\" decoding=\"async\" width=\"1024\" height=\"765\" src=\"https:\/\/www.trastevereattiva.org\/wp-content\/uploads\/2015\/08\/FB-San-Cosimato-24gen2015-Z6x-1024x765.jpg\" class=\"attachment-large size-large\" alt=\"\" srcset=\"https:\/\/www.trastevereattiva.org\/wp-content\/uploads\/2015\/08\/FB-San-Cosimato-24gen2015-Z6x-1024x765.jpg 1024w, https:\/\/www.trastevereattiva.org\/wp-content\/uploads\/2015\/08\/FB-San-Cosimato-24gen2015-Z6x-300x224.jpg 300w, https:\/\/www.trastevereattiva.org\/wp-content\/uploads\/2015\/08\/FB-San-Cosimato-24gen2015-Z6x.jpg 1134w\" sizes=\"(max-width: 1024px) 100vw, 1024px\" \/>\n\t\t\t<\/div><\/figure><figure class='gallery-item'>\n\t\t\t<div class='gallery-icon landscape'>\n\t\t\t\t<img loading=\"lazy\" decoding=\"async\" width=\"960\" height=\"540\" src=\"https:\/\/www.trastevereattiva.org\/wp-content\/uploads\/2015\/08\/FB-San-Cosimato-24gen2015-Z5.jpg\" class=\"attachment-large size-large\" alt=\"\" srcset=\"https:\/\/www.trastevereattiva.org\/wp-content\/uploads\/2015\/08\/FB-San-Cosimato-24gen2015-Z5.jpg 960w, https:\/\/www.trastevereattiva.org\/wp-content\/uploads\/2015\/08\/FB-San-Cosimato-24gen2015-Z5-300x169.jpg 300w\" sizes=\"(max-width: 960px) 100vw, 960px\" \/>\n\t\t\t<\/div><\/figure>\n\t\t<\/div>\n\n","protected":false},"excerpt":{"rendered":"<p>Una bella giornata: in un piacevole clima di collaborazione e operosit\u00e0 abbiamo pulito l&#8217;area verde, piantato nuove piantine, cancellato i graffiti dai muretti e collocato cartelli per invitare al rispetto di questo spazio. Ma abbiamo anche parlato con tanti passanti e diffuso l&#8217;esempio del poter applicare un po&#8217; di buona volont\u00e0 alla cura del bene [&hellip;]<\/p>\n","protected":false},"author":1,"featured_media":0,"parent":16,"menu_order":0,"comment_status":"closed","ping_status":"open","template":"fullwidth.php","meta":{"footnotes":""},"_links":{"self":[{"href":"https:\/\/www.trastevereattiva.org\/index.php\/wp-json\/wp\/v2\/pages\/224"}],"collection":[{"href":"https:\/\/www.trastevereattiva.org\/index.php\/wp-json\/wp\/v2\/pages"}],"about":[{"href":"https:\/\/www.trastevereattiva.org\/index.php\/wp-json\/wp\/v2\/types\/page"}],"author":[{"embeddable":true,"href":"https:\/\/www.trastevereattiva.org\/index.php\/wp-json\/wp\/v2\/users\/1"}],"replies":[{"embeddable":true,"href":"https:\/\/www.trastevereattiva.org\/index.php\/wp-json\/wp\/v2\/comments?post=224"}],"version-history":[{"count":11,"href":"https:\/\/www.trastevereattiva.org\/index.php\/wp-json\/wp\/v2\/pages\/224\/revisions"}],"predecessor-version":[{"id":3416,"href":"https:\/\/www.trastevereattiva.org\/index.php\/wp-json\/wp\/v2\/pages\/224\/revisions\/3416"}],"up":[{"embeddable":true,"href":"https:\/\/www.trastevereattiva.org\/index.php\/wp-json\/wp\/v2\/pages\/16"}],"wp:attachment":[{"href":"https:\/\/www.trastevereattiva.org\/index.php\/wp-json\/wp\/v2\/media?parent=224"}],"curies":[{"name":"wp","href":"https:\/\/api.w.org\/{rel}","templated":true}]}}

<p>Una bella giornata: in un piacevole clima di collaborazione e operosità abbiamo pulito l&#8217;area verde, piantato nuove piantine, cancellato i graffiti dai muretti e collocato cartelli per invitare al rispetto di questo spazio. Ma abbiamo anche parlato con tanti passanti e diffuso l&#8217;esempio del poter applicare un po&#8217; di buona volontà alla cura del bene comune. Senza il ripristino del sistema di irrigazione non possiamo, al momento, fare di più, ma la battaglia per riattivarlo è cominciata; la burocrazia e le scarse risorse delle istituzioni non riusciranno a farci desistere dal prenderci cura di una piazza che è il centro della vita rionale! (gennaio 2015)</p>
<div id='gallery-1' class='gallery galleryid-224 gallery-columns-2 gallery-size-large'><figure class='gallery-item'>
			<div class='gallery-icon portrait'>
				<img loading="lazy" decoding="async" width="722" height="1024" src="https://www.trastevereattiva.org/wp-content/uploads/2015/08/verde-San-Cosimato-gen2015-START-1-722x1024.jpg" class="attachment-large size-large" alt="" srcset="https://www.trastevereattiva.org/wp-content/uploads/2015/08/verde-San-Cosimato-gen2015-START-1-722x1024.jpg 722w, https://www.trastevereattiva.org/wp-content/uploads/2015/08/verde-San-Cosimato-gen2015-START-1-211x300.jpg 211w, https://www.trastevereattiva.org/wp-content/uploads/2015/08/verde-San-Cosimato-gen2015-START-1.jpg 874w" sizes="(max-width: 722px) 100vw, 722px" />
			</div></figure><figure class='gallery-item'>
			<div class='gallery-icon portrait'>
				<img loading="lazy" decoding="async" width="574" height="827" src="https://www.trastevereattiva.org/wp-content/uploads/2015/08/FB-San-Cosimato-24gen2015-C.jpg" class="attachment-large size-large" alt="" srcset="https://www.trastevereattiva.org/wp-content/uploads/2015/08/FB-San-Cosimato-24gen2015-C.jpg 574w, https://www.trastevereattiva.org/wp-content/uploads/2015/08/FB-San-Cosimato-24gen2015-C-208x300.jpg 208w" sizes="(max-width: 574px) 100vw, 574px" />
			</div></figure><figure class='gallery-item'>
			<div class='gallery-icon portrait'>
				<img loading="lazy" decoding="async" width="574" height="827" src="https://www.trastevereattiva.org/wp-content/uploads/2015/08/FB-San-Cosimato-24gen2015-B.jpg" class="attachment-large size-large" alt="" srcset="https://www.trastevereattiva.org/wp-content/uploads/2015/08/FB-San-Cosimato-24gen2015-B.jpg 574w, https://www.trastevereattiva.org/wp-content/uploads/2015/08/FB-San-Cosimato-24gen2015-B-208x300.jpg 208w" sizes="(max-width: 574px) 100vw, 574px" />
			</div></figure><figure class='gallery-item'>
			<div class='gallery-icon portrait'>
				<img loading="lazy" decoding="async" width="574" height="827" src="https://www.trastevereattiva.org/wp-content/uploads/2015/08/FB-San-Cosimato-24gen2015-G.jpg" class="attachment-large size-large" alt="" srcset="https://www.trastevereattiva.org/wp-content/uploads/2015/08/FB-San-Cosimato-24gen2015-G.jpg 574w, https://www.trastevereattiva.org/wp-content/uploads/2015/08/FB-San-Cosimato-24gen2015-G-208x300.jpg 208w" sizes="(max-width: 574px) 100vw, 574px" />
			</div></figure><figure class='gallery-item'>
			<div class='gallery-icon portrait'>
				<img loading="lazy" decoding="async" width="574" height="827" src="https://www.trastevereattiva.org/wp-content/uploads/2015/08/FB-San-Cosimato-24gen2015-A.jpg" class="attachment-large size-large" alt="" srcset="https://www.trastevereattiva.org/wp-content/uploads/2015/08/FB-San-Cosimato-24gen2015-A.jpg 574w, https://www.trastevereattiva.org/wp-content/uploads/2015/08/FB-San-Cosimato-24gen2015-A-208x300.jpg 208w" sizes="(max-width: 574px) 100vw, 574px" />
			</div></figure><figure class='gallery-item'>
			<div class='gallery-icon portrait'>
				<img loading="lazy" decoding="async" width="574" height="827" src="https://www.trastevereattiva.org/wp-content/uploads/2015/08/FB-San-Cosimato-24gen2015-D.jpg" class="attachment-large size-large" alt="" srcset="https://www.trastevereattiva.org/wp-content/uploads/2015/08/FB-San-Cosimato-24gen2015-D.jpg 574w, https://www.trastevereattiva.org/wp-content/uploads/2015/08/FB-San-Cosimato-24gen2015-D-208x300.jpg 208w" sizes="(max-width: 574px) 100vw, 574px" />
			</div></figure><figure class='gallery-item'>
			<div class='gallery-icon portrait'>
				<img loading="lazy" decoding="async" width="574" height="827" src="https://www.trastevereattiva.org/wp-content/uploads/2015/08/FB-San-Cosimato-24gen2015-F.jpg" class="attachment-large size-large" alt="" srcset="https://www.trastevereattiva.org/wp-content/uploads/2015/08/FB-San-Cosimato-24gen2015-F.jpg 574w, https://www.trastevereattiva.org/wp-content/uploads/2015/08/FB-San-Cosimato-24gen2015-F-208x300.jpg 208w" sizes="(max-width: 574px) 100vw, 574px" />
			</div></figure><figure class='gallery-item'>
			<div class='gallery-icon portrait'>
				<img loading="lazy" decoding="async" width="574" height="827" src="https://www.trastevereattiva.org/wp-content/uploads/2015/08/FB-San-Cosimato-24gen2015-E.jpg" class="attachment-large size-large" alt="" srcset="https://www.trastevereattiva.org/wp-content/uploads/2015/08/FB-San-Cosimato-24gen2015-E.jpg 574w, https://www.trastevereattiva.org/wp-content/uploads/2015/08/FB-San-Cosimato-24gen2015-E-208x300.jpg 208w" sizes="(max-width: 574px) 100vw, 574px" />
			</div></figure><figure class='gallery-item'>
			<div class='gallery-icon landscape'>
				<img loading="lazy" decoding="async" width="1024" height="765" src="https://www.trastevereattiva.org/wp-content/uploads/2015/08/FB-San-Cosimato-24gen2015-Z2x-1024x765.jpg" class="attachment-large size-large" alt="" srcset="https://www.trastevereattiva.org/wp-content/uploads/2015/08/FB-San-Cosimato-24gen2015-Z2x-1024x765.jpg 1024w, https://www.trastevereattiva.org/wp-content/uploads/2015/08/FB-San-Cosimato-24gen2015-Z2x-300x224.jpg 300w, https://www.trastevereattiva.org/wp-content/uploads/2015/08/FB-San-Cosimato-24gen2015-Z2x.jpg 1134w" sizes="(max-width: 1024px) 100vw, 1024px" />
			</div></figure><figure class='gallery-item'>
			<div class='gallery-icon landscape'>
				<img loading="lazy" decoding="async" width="1024" height="765" src="https://www.trastevereattiva.org/wp-content/uploads/2015/08/FB-San-Cosimato-24gen2015-Z3x-1024x765.jpg" class="attachment-large size-large" alt="" srcset="https://www.trastevereattiva.org/wp-content/uploads/2015/08/FB-San-Cosimato-24gen2015-Z3x-1024x765.jpg 1024w, https://www.trastevereattiva.org/wp-content/uploads/2015/08/FB-San-Cosimato-24gen2015-Z3x-300x224.jpg 300w, https://www.trastevereattiva.org/wp-content/uploads/2015/08/FB-San-Cosimato-24gen2015-Z3x.jpg 1134w" sizes="(max-width: 1024px) 100vw, 1024px" />
			</div></figure><figure class='gallery-item'>
			<div class='gallery-icon landscape'>
				<img loading="lazy" decoding="async" width="1024" height="765" src="https://www.trastevereattiva.org/wp-content/uploads/2015/08/FB-San-Cosimato-24gen2015-Z1x-1024x765.jpg" class="attachment-large size-large" alt="" srcset="https://www.trastevereattiva.org/wp-content/uploads/2015/08/FB-San-Cosimato-24gen2015-Z1x-1024x765.jpg 1024w, https://www.trastevereattiva.org/wp-content/uploads/2015/08/FB-San-Cosimato-24gen2015-Z1x-300x224.jpg 300w, https://www.trastevereattiva.org/wp-content/uploads/2015/08/FB-San-Cosimato-24gen2015-Z1x.jpg 1134w" sizes="(max-width: 1024px) 100vw, 1024px" />
			</div></figure><figure class='gallery-item'>
			<div class='gallery-icon landscape'>
				<img loading="lazy" decoding="async" width="1024" height="765" src="https://www.trastevereattiva.org/wp-content/uploads/2015/08/FB-San-Cosimato-24gen2015-Z6x-1024x765.jpg" class="attachment-large size-large" alt="" srcset="https://www.trastevereattiva.org/wp-content/uploads/2015/08/FB-San-Cosimato-24gen2015-Z6x-1024x765.jpg 1024w, https://www.trastevereattiva.org/wp-content/uploads/2015/08/FB-San-Cosimato-24gen2015-Z6x-300x224.jpg 300w, https://www.trastevereattiva.org/wp-content/uploads/2015/08/FB-San-Cosimato-24gen2015-Z6x.jpg 1134w" sizes="(max-width: 1024px) 100vw, 1024px" />
			</div></figure><figure class='gallery-item'>
			<div class='gallery-icon landscape'>
				<img loading="lazy" decoding="async" width="960" height="540" src="https://www.trastevereattiva.org/wp-content/uploads/2015/08/FB-San-Cosimato-24gen2015-Z5.jpg" class="attachment-large size-large" alt="" srcset="https://www.trastevereattiva.org/wp-content/uploads/2015/08/FB-San-Cosimato-24gen2015-Z5.jpg 960w, https://www.trastevereattiva.org/wp-content/uploads/2015/08/FB-San-Cosimato-24gen2015-Z5-300x169.jpg 300w" sizes="(max-width: 960px) 100vw, 960px" />
			</div></figure>
		</div>

<p>Una bella giornata: in un piacevole clima di collaborazione e operosità abbiamo pulito l&#8217;area verde, piantato nuove piantine, cancellato i graffiti dai muretti e collocato cartelli per invitare al rispetto di questo spazio. Ma abbiamo anche parlato con tanti passanti e diffuso l&#8217;esempio del poter applicare un po&#8217; di buona volontà alla cura del bene [&hellip;]</p>
