{"id":267,"date":"2015-08-01T19:02:43","date_gmt":"2015-08-01T17:02:43","guid":{"rendered":"http:\/\/www.trastevereattiva.org\/?page_id=267"},"modified":"2016-01-30T15:42:23","modified_gmt":"2016-01-30T14:42:23","slug":"la-montagna-di-sampietrini","status":"publish","type":"page","link":"https:\/\/www.trastevereattiva.org\/index.php\/eventi\/la-montagna-di-sampietrini\/","title":{"rendered":"La montagna di sampietrini"},"content":{"rendered":"<p>UNA BRUTTA PAGINA DI AMMINISTRAZIONE<br \/>\nTrastevere ATTIVA non ha nel proprio carattere la propensione a denuncia, criticismo e disfattismo, ma nostro malgrado, siamo incappati in una situazione che non onora il modo di amministrare il bene comune. Per dovuta conoscenza, riteniamo giusto condividere questa brutta vicenda di amministrazione pubblica del Municipio I Roma Centro. Nella descrizione vi mettiamo il riferimento di 4 cartelli (tra le foto) che abbiamo affisso sul luogo, per mantenere progressivamente informato il rione, un SERVIZIO DI\u00a0COMUNICAZIONE\u00a0che ha trovato una propria utilit\u00e0 ne colmare un\u00a0relazionale tra pubblici uffici e cittadini.<\/p>\n<p>IL LUOGO: piazza San Calisto.<br \/>\nDa mesi i residenti hanno tollerato la \u201cmontagna di sanpietrini\u201d che troneggia al centro di essa. Come associazione attiva, abbiamo chiesto spiegazioni a Stefano Marin, Presidente della Commissione Lavori Pubblici Municipio Roma I Centro (cartello 1, affisso il 13-02-2015).<\/p>\n<p>Il 16 febbraio, Trastevere Attiva incontra per un sopralluogo, i soggetti interessati:<br \/>\n&#8211; Stefano Marin Presidente della Commissione Lavori Pubblici Municipio Roma I Centro<br \/>\n&#8211; Sandro Rosati Responsabile Manutenzione del Territorio Municipio Roma<br \/>\n&#8211; Tatiana Campioni Assessore ai Lavori Pubblici Municipio Roma<br \/>\n&#8211; responsabile ACEA<br \/>\nIn quella sede \u00e8 stato deciso che, entro la data del 9 marzo, il cantiere sarebbe stato sgombrato e ripristinato l&#8217;arredo urbano (cartello 2, affisso il 17-02-2015).<\/p>\n<p>E\u2019 passato pi\u00f9 di un mese e mezzo e il cantiere \u00e8 ancora l\u00ec. Niente \u00e8 stato fatto: la montagna di sampietrini si \u00e8 ridotta, ma la situazione appare invariata (cartello 3, affisso 10-03-2015).<\/p>\n<p>Abbiamo avuto risposte solo da Stefano Marin e da Sandro Rosati; e nessuna risposta da parte dell&#8217;assessore Tatiana Campioni (cartello 4, affisso il 20-04-2015).<br \/>\nIl cantiere \u00e8 risultato addirittura abusivo.<\/p>\n<p>CONCLUSIONI<br \/>\n1 &#8211; ci dispiace che i residenti e cittadini tutti (noi compresi) vengano presi in giro con promesse non mantenute. Crediamo fortemente che in questo particolare momento storico si debba sostenere la partecipazione delle parti tra Amministrazione, Politica e Cittadino. Trastevere ATTIVA crede alla collaborazione e il rispetto del lavoro comune, come tante altre piccole o grandi associazioni presenti nel territorio romano che agiscono e lavorano per migliorare la qualit\u00e0 di vita in ogni quartiere. Le Istituzioni dovrebbero trarre vantaggio da tali risorse: cooperare in positiva sinergia per costruire e migliorare insieme.<br \/>\n2 &#8211; ci dispiace aver constatato che tra i soggetti politici e i soggetti amministrativi NON C\u2019E\u2019 IL NECESSARIO DIALOGO, non si comunica o si comunica in modo inadeguato. Il risultato \u00e8 quella montagna di sanpietrini ancora ferma al centro di piazza San Calisto. Entrambe queste parti dovrebbero essere al servizio del cittadino per un lavoro condiviso che offra il massimo del risultato con le scarse risorse oggi disponibili. In questo caso, ci\u00f2 non \u00e8 avvenuto.<br \/>\n3 &#8211; l\u2019augurio di Trastevere ATTIVA \u00e8 che questa spiacevole situazione si concludi il 30 aprile, ossia quando il cantiere dovr\u00e0 ufficialmente essere rimosso come preannunciato da Sandro Rosati.<\/p>\n<p><em>PS. la vicenda si \u00e8 conclusa, questa volta, nella data stabilita del 30 aprile.<\/em><\/p>\n<div id='gallery-1' class='gallery galleryid-267 gallery-columns-2 gallery-size-large'><figure class='gallery-item'>\n\t\t\t<div class='gallery-icon portrait'>\n\t\t\t\t<a href='https:\/\/www.trastevereattiva.org\/wp-content\/uploads\/2015\/08\/1.jpg'><img loading=\"lazy\" decoding=\"async\" width=\"722\" height=\"1024\" src=\"https:\/\/www.trastevereattiva.org\/wp-content\/uploads\/2015\/08\/1-722x1024.jpg\" class=\"attachment-large size-large\" alt=\"\" srcset=\"https:\/\/www.trastevereattiva.org\/wp-content\/uploads\/2015\/08\/1-722x1024.jpg 722w, https:\/\/www.trastevereattiva.org\/wp-content\/uploads\/2015\/08\/1-211x300.jpg 211w, https:\/\/www.trastevereattiva.org\/wp-content\/uploads\/2015\/08\/1.jpg 1748w\" sizes=\"(max-width: 722px) 100vw, 722px\" \/><\/a>\n\t\t\t<\/div><\/figure><figure class='gallery-item'>\n\t\t\t<div class='gallery-icon landscape'>\n\t\t\t\t<a href='https:\/\/www.trastevereattiva.org\/wp-content\/uploads\/2015\/08\/2.jpg'><img loading=\"lazy\" decoding=\"async\" width=\"1024\" height=\"731\" src=\"https:\/\/www.trastevereattiva.org\/wp-content\/uploads\/2015\/08\/2-1024x731.jpg\" class=\"attachment-large size-large\" alt=\"\" srcset=\"https:\/\/www.trastevereattiva.org\/wp-content\/uploads\/2015\/08\/2-1024x731.jpg 1024w, https:\/\/www.trastevereattiva.org\/wp-content\/uploads\/2015\/08\/2-300x214.jpg 300w, https:\/\/www.trastevereattiva.org\/wp-content\/uploads\/2015\/08\/2.jpg 1820w\" sizes=\"(max-width: 1024px) 100vw, 1024px\" \/><\/a>\n\t\t\t<\/div><\/figure><figure class='gallery-item'>\n\t\t\t<div class='gallery-icon portrait'>\n\t\t\t\t<a href='https:\/\/www.trastevereattiva.org\/wp-content\/uploads\/2015\/08\/3.jpg'><img loading=\"lazy\" decoding=\"async\" width=\"722\" height=\"1024\" src=\"https:\/\/www.trastevereattiva.org\/wp-content\/uploads\/2015\/08\/3-722x1024.jpg\" class=\"attachment-large size-large\" alt=\"\" srcset=\"https:\/\/www.trastevereattiva.org\/wp-content\/uploads\/2015\/08\/3-722x1024.jpg 722w, https:\/\/www.trastevereattiva.org\/wp-content\/uploads\/2015\/08\/3-211x300.jpg 211w, https:\/\/www.trastevereattiva.org\/wp-content\/uploads\/2015\/08\/3.jpg 1748w\" sizes=\"(max-width: 722px) 100vw, 722px\" \/><\/a>\n\t\t\t<\/div><\/figure><figure class='gallery-item'>\n\t\t\t<div class='gallery-icon portrait'>\n\t\t\t\t<a href='https:\/\/www.trastevereattiva.org\/wp-content\/uploads\/2015\/08\/4.jpg'><img loading=\"lazy\" decoding=\"async\" width=\"722\" height=\"1024\" src=\"https:\/\/www.trastevereattiva.org\/wp-content\/uploads\/2015\/08\/4-722x1024.jpg\" class=\"attachment-large size-large\" alt=\"\" srcset=\"https:\/\/www.trastevereattiva.org\/wp-content\/uploads\/2015\/08\/4-722x1024.jpg 722w, https:\/\/www.trastevereattiva.org\/wp-content\/uploads\/2015\/08\/4-211x300.jpg 211w, https:\/\/www.trastevereattiva.org\/wp-content\/uploads\/2015\/08\/4.jpg 1748w\" sizes=\"(max-width: 722px) 100vw, 722px\" \/><\/a>\n\t\t\t<\/div><\/figure><figure class='gallery-item'>\n\t\t\t<div class='gallery-icon landscape'>\n\t\t\t\t<a href='https:\/\/www.trastevereattiva.org\/wp-content\/uploads\/2015\/08\/piazza-San-Calisto-feb2015-0.jpg'><img loading=\"lazy\" decoding=\"async\" width=\"1024\" height=\"765\" src=\"https:\/\/www.trastevereattiva.org\/wp-content\/uploads\/2015\/08\/piazza-San-Calisto-feb2015-0-1024x765.jpg\" class=\"attachment-large size-large\" alt=\"\" srcset=\"https:\/\/www.trastevereattiva.org\/wp-content\/uploads\/2015\/08\/piazza-San-Calisto-feb2015-0-1024x765.jpg 1024w, https:\/\/www.trastevereattiva.org\/wp-content\/uploads\/2015\/08\/piazza-San-Calisto-feb2015-0-300x224.jpg 300w, https:\/\/www.trastevereattiva.org\/wp-content\/uploads\/2015\/08\/piazza-San-Calisto-feb2015-0.jpg 1772w\" sizes=\"(max-width: 1024px) 100vw, 1024px\" \/><\/a>\n\t\t\t<\/div><\/figure><figure class='gallery-item'>\n\t\t\t<div class='gallery-icon portrait'>\n\t\t\t\t<a href='https:\/\/www.trastevereattiva.org\/wp-content\/uploads\/2015\/08\/piazza-San-Calisto-feb2015-1.jpg'><img loading=\"lazy\" decoding=\"async\" width=\"765\" height=\"1024\" src=\"https:\/\/www.trastevereattiva.org\/wp-content\/uploads\/2015\/08\/piazza-San-Calisto-feb2015-1-765x1024.jpg\" class=\"attachment-large size-large\" alt=\"\" srcset=\"https:\/\/www.trastevereattiva.org\/wp-content\/uploads\/2015\/08\/piazza-San-Calisto-feb2015-1-765x1024.jpg 765w, https:\/\/www.trastevereattiva.org\/wp-content\/uploads\/2015\/08\/piazza-San-Calisto-feb2015-1-224x300.jpg 224w, https:\/\/www.trastevereattiva.org\/wp-content\/uploads\/2015\/08\/piazza-San-Calisto-feb2015-1.jpg 847w\" sizes=\"(max-width: 765px) 100vw, 765px\" \/><\/a>\n\t\t\t<\/div><\/figure><figure class='gallery-item'>\n\t\t\t<div class='gallery-icon portrait'>\n\t\t\t\t<a href='https:\/\/www.trastevereattiva.org\/wp-content\/uploads\/2015\/08\/piazza-San-Calisto-feb2015-2.jpg'><img loading=\"lazy\" decoding=\"async\" width=\"765\" height=\"1024\" src=\"https:\/\/www.trastevereattiva.org\/wp-content\/uploads\/2015\/08\/piazza-San-Calisto-feb2015-2-765x1024.jpg\" class=\"attachment-large size-large\" alt=\"\" srcset=\"https:\/\/www.trastevereattiva.org\/wp-content\/uploads\/2015\/08\/piazza-San-Calisto-feb2015-2-765x1024.jpg 765w, https:\/\/www.trastevereattiva.org\/wp-content\/uploads\/2015\/08\/piazza-San-Calisto-feb2015-2-224x300.jpg 224w, https:\/\/www.trastevereattiva.org\/wp-content\/uploads\/2015\/08\/piazza-San-Calisto-feb2015-2.jpg 847w\" sizes=\"(max-width: 765px) 100vw, 765px\" \/><\/a>\n\t\t\t<\/div><\/figure><figure class='gallery-item'>\n\t\t\t<div class='gallery-icon portrait'>\n\t\t\t\t<a href='https:\/\/www.trastevereattiva.org\/wp-content\/uploads\/2015\/08\/aggiornamento-21-aprile.jpg'><img loading=\"lazy\" decoding=\"async\" width=\"720\" height=\"1024\" src=\"https:\/\/www.trastevereattiva.org\/wp-content\/uploads\/2015\/08\/aggiornamento-21-aprile-720x1024.jpg\" class=\"attachment-large size-large\" alt=\"\" srcset=\"https:\/\/www.trastevereattiva.org\/wp-content\/uploads\/2015\/08\/aggiornamento-21-aprile-720x1024.jpg 720w, https:\/\/www.trastevereattiva.org\/wp-content\/uploads\/2015\/08\/aggiornamento-21-aprile-211x300.jpg 211w, https:\/\/www.trastevereattiva.org\/wp-content\/uploads\/2015\/08\/aggiornamento-21-aprile.jpg 797w\" sizes=\"(max-width: 720px) 100vw, 720px\" \/><\/a>\n\t\t\t<\/div><\/figure><figure class='gallery-item'>\n\t\t\t<div class='gallery-icon portrait'>\n\t\t\t\t<a href='https:\/\/www.trastevereattiva.org\/wp-content\/uploads\/2015\/08\/piazza-San-Calisto-feb2015-3.jpg'><img loading=\"lazy\" decoding=\"async\" width=\"765\" height=\"1024\" src=\"https:\/\/www.trastevereattiva.org\/wp-content\/uploads\/2015\/08\/piazza-San-Calisto-feb2015-3-765x1024.jpg\" class=\"attachment-large size-large\" alt=\"\" srcset=\"https:\/\/www.trastevereattiva.org\/wp-content\/uploads\/2015\/08\/piazza-San-Calisto-feb2015-3-765x1024.jpg 765w, https:\/\/www.trastevereattiva.org\/wp-content\/uploads\/2015\/08\/piazza-San-Calisto-feb2015-3-224x300.jpg 224w, https:\/\/www.trastevereattiva.org\/wp-content\/uploads\/2015\/08\/piazza-San-Calisto-feb2015-3.jpg 847w\" sizes=\"(max-width: 765px) 100vw, 765px\" \/><\/a>\n\t\t\t<\/div><\/figure>\n\t\t<\/div>\n\n","protected":false},"excerpt":{"rendered":"<p>UNA BRUTTA PAGINA DI AMMINISTRAZIONE Trastevere ATTIVA non ha nel proprio carattere la propensione a denuncia, criticismo e disfattismo, ma nostro malgrado, siamo incappati in una situazione che non onora il modo di amministrare il bene comune. Per dovuta conoscenza, riteniamo giusto condividere questa brutta vicenda di amministrazione pubblica del Municipio I Roma Centro. Nella [&hellip;]<\/p>\n","protected":false},"author":1,"featured_media":0,"parent":16,"menu_order":0,"comment_status":"closed","ping_status":"open","template":"fullwidth.php","meta":{"footnotes":""},"_links":{"self":[{"href":"https:\/\/www.trastevereattiva.org\/index.php\/wp-json\/wp\/v2\/pages\/267"}],"collection":[{"href":"https:\/\/www.trastevereattiva.org\/index.php\/wp-json\/wp\/v2\/pages"}],"about":[{"href":"https:\/\/www.trastevereattiva.org\/index.php\/wp-json\/wp\/v2\/types\/page"}],"author":[{"embeddable":true,"href":"https:\/\/www.trastevereattiva.org\/index.php\/wp-json\/wp\/v2\/users\/1"}],"replies":[{"embeddable":true,"href":"https:\/\/www.trastevereattiva.org\/index.php\/wp-json\/wp\/v2\/comments?post=267"}],"version-history":[{"count":6,"href":"https:\/\/www.trastevereattiva.org\/index.php\/wp-json\/wp\/v2\/pages\/267\/revisions"}],"predecessor-version":[{"id":1093,"href":"https:\/\/www.trastevereattiva.org\/index.php\/wp-json\/wp\/v2\/pages\/267\/revisions\/1093"}],"up":[{"embeddable":true,"href":"https:\/\/www.trastevereattiva.org\/index.php\/wp-json\/wp\/v2\/pages\/16"}],"wp:attachment":[{"href":"https:\/\/www.trastevereattiva.org\/index.php\/wp-json\/wp\/v2\/media?parent=267"}],"curies":[{"name":"wp","href":"https:\/\/api.w.org\/{rel}","templated":true}]}}