{"id":298,"date":"2015-08-02T09:41:34","date_gmt":"2015-08-02T07:41:34","guid":{"rendered":"http:\/\/www.trastevereattiva.org\/?page_id=298"},"modified":"2018-11-03T16:19:28","modified_gmt":"2018-11-03T15:19:28","slug":"area-verde-piazza-san-cosimato-aprile-2015","status":"publish","type":"page","link":"https:\/\/www.trastevereattiva.org\/index.php\/eventi\/area-verde-piazza-san-cosimato-aprile-2015\/","title":{"rendered":"Area verde piazza San Cosimato &#8211; PULIZIA (aprile 2015)"},"content":{"rendered":"<p>Avevamo gi\u00e0 iniziato a gennaio a prenderci cura di questa piccola area verde (vedi altra pagina in questa sezione). Ora sporcizia e erba alta ci hanno costretto a portarvi un po&#8217; di &#8220;manutenzione&#8221;. E&#8217; stata una buona occasione per coinvolgere\u00a0Claudio, il pi\u00f9 giovane ed entusiasta partecipante del nostro gruppo!<\/p>\n<p>E&#8217; stato anche necessario cercare di dotarci di strumenti adatti e abbiamo quindi lanciato una richiesta su Facebook di donazione per un tagliaerba;\u00a0\u00a0Maurizio ci ha regalato quel\u00a0che cercavamo. E allora? Allora \u00e8 successo che questo gesto ha fatto\u00a0accendere\u00a0due cose:<br \/>\n1. il sempre nuovo stupore che viviamo\u00a0quando vediamo azioni cos\u00ec BELLE e SEMPLICI, cos\u00ec GRATUITE e SILENZ<span class=\"text_exposed_show\">IOSE ma capaci di nutrire il credere nella parte \u201csana\u201d della nostra piccola umanit\u00e0.<br \/>\n2. la personale RESPONSABILITA\u2019 del custodire qualcosa altrui, pi\u00f9 prezioso di ci\u00f2 che \u00e8 \u201ccomprato\u201d, perch\u00e9 \u00e8 stato \u201cdonato\u201d con FIDUCIA!<br \/>\nQuesto senso di responsabilit\u00e0 \u00e8 delizioso, ma anche di un certo peso per il nostro\u00a0non voler tradire la fiducia dataci. Maurizio non poteva certo immaginarlo, ma con il suo dono disinteressato ci ha costretti ad impegnarci ancora di pi\u00f9!<br \/>\nGrazie Maurizio!<\/span><\/p>\n<div id='gallery-1' class='gallery galleryid-298 gallery-columns-2 gallery-size-large'><figure class='gallery-item'>\n\t\t\t<div class='gallery-icon portrait'>\n\t\t\t\t<img loading=\"lazy\" decoding=\"async\" width=\"724\" height=\"1024\" src=\"https:\/\/www.trastevereattiva.org\/wp-content\/uploads\/2015\/08\/CLAUDIO-verde-San-Cosimato-apr2015-724x1024.jpg\" class=\"attachment-large size-large\" alt=\"\" srcset=\"https:\/\/www.trastevereattiva.org\/wp-content\/uploads\/2015\/08\/CLAUDIO-verde-San-Cosimato-apr2015-724x1024.jpg 724w, https:\/\/www.trastevereattiva.org\/wp-content\/uploads\/2015\/08\/CLAUDIO-verde-San-Cosimato-apr2015-212x300.jpg 212w, https:\/\/www.trastevereattiva.org\/wp-content\/uploads\/2015\/08\/CLAUDIO-verde-San-Cosimato-apr2015.jpg 1253w\" sizes=\"(max-width: 724px) 100vw, 724px\" \/>\n\t\t\t<\/div><\/figure><figure class='gallery-item'>\n\t\t\t<div class='gallery-icon landscape'>\n\t\t\t\t<img loading=\"lazy\" decoding=\"async\" width=\"1024\" height=\"765\" src=\"https:\/\/www.trastevereattiva.org\/wp-content\/uploads\/2015\/08\/piazza-San-Cosimato-2-1024x765.jpg\" class=\"attachment-large size-large\" alt=\"\" srcset=\"https:\/\/www.trastevereattiva.org\/wp-content\/uploads\/2015\/08\/piazza-San-Cosimato-2-1024x765.jpg 1024w, https:\/\/www.trastevereattiva.org\/wp-content\/uploads\/2015\/08\/piazza-San-Cosimato-2-300x224.jpg 300w, https:\/\/www.trastevereattiva.org\/wp-content\/uploads\/2015\/08\/piazza-San-Cosimato-2.jpg 1134w\" sizes=\"(max-width: 1024px) 100vw, 1024px\" \/>\n\t\t\t<\/div><\/figure><figure class='gallery-item'>\n\t\t\t<div class='gallery-icon landscape'>\n\t\t\t\t<img loading=\"lazy\" decoding=\"async\" width=\"1024\" height=\"765\" src=\"https:\/\/www.trastevereattiva.org\/wp-content\/uploads\/2015\/08\/piazza-San-Cosimato-3-1024x765.jpg\" class=\"attachment-large size-large\" alt=\"\" srcset=\"https:\/\/www.trastevereattiva.org\/wp-content\/uploads\/2015\/08\/piazza-San-Cosimato-3-1024x765.jpg 1024w, https:\/\/www.trastevereattiva.org\/wp-content\/uploads\/2015\/08\/piazza-San-Cosimato-3-300x224.jpg 300w, https:\/\/www.trastevereattiva.org\/wp-content\/uploads\/2015\/08\/piazza-San-Cosimato-3.jpg 1134w\" sizes=\"(max-width: 1024px) 100vw, 1024px\" \/>\n\t\t\t<\/div><\/figure><figure class='gallery-item'>\n\t\t\t<div class='gallery-icon landscape'>\n\t\t\t\t<img loading=\"lazy\" decoding=\"async\" width=\"1024\" height=\"765\" src=\"https:\/\/www.trastevereattiva.org\/wp-content\/uploads\/2015\/08\/piazza-San-Cosimato-4-1024x765.jpg\" class=\"attachment-large size-large\" alt=\"\" srcset=\"https:\/\/www.trastevereattiva.org\/wp-content\/uploads\/2015\/08\/piazza-San-Cosimato-4-1024x765.jpg 1024w, https:\/\/www.trastevereattiva.org\/wp-content\/uploads\/2015\/08\/piazza-San-Cosimato-4-300x224.jpg 300w, https:\/\/www.trastevereattiva.org\/wp-content\/uploads\/2015\/08\/piazza-San-Cosimato-4.jpg 1134w\" sizes=\"(max-width: 1024px) 100vw, 1024px\" \/>\n\t\t\t<\/div><\/figure><figure class='gallery-item'>\n\t\t\t<div class='gallery-icon landscape'>\n\t\t\t\t<img loading=\"lazy\" decoding=\"async\" width=\"1024\" height=\"765\" src=\"https:\/\/www.trastevereattiva.org\/wp-content\/uploads\/2015\/08\/piazza-San-Cosimato-5-1024x765.jpg\" class=\"attachment-large size-large\" alt=\"\" srcset=\"https:\/\/www.trastevereattiva.org\/wp-content\/uploads\/2015\/08\/piazza-San-Cosimato-5-1024x765.jpg 1024w, https:\/\/www.trastevereattiva.org\/wp-content\/uploads\/2015\/08\/piazza-San-Cosimato-5-300x224.jpg 300w, https:\/\/www.trastevereattiva.org\/wp-content\/uploads\/2015\/08\/piazza-San-Cosimato-5.jpg 1134w\" sizes=\"(max-width: 1024px) 100vw, 1024px\" \/>\n\t\t\t<\/div><\/figure><figure class='gallery-item'>\n\t\t\t<div class='gallery-icon portrait'>\n\t\t\t\t<img loading=\"lazy\" decoding=\"async\" width=\"724\" height=\"1024\" src=\"https:\/\/www.trastevereattiva.org\/wp-content\/uploads\/2015\/08\/tagliaerba-apr2015-B-724x1024.jpg\" class=\"attachment-large size-large\" alt=\"\" srcset=\"https:\/\/www.trastevereattiva.org\/wp-content\/uploads\/2015\/08\/tagliaerba-apr2015-B-724x1024.jpg 724w, https:\/\/www.trastevereattiva.org\/wp-content\/uploads\/2015\/08\/tagliaerba-apr2015-B-212x300.jpg 212w, https:\/\/www.trastevereattiva.org\/wp-content\/uploads\/2015\/08\/tagliaerba-apr2015-B.jpg 1114w\" sizes=\"(max-width: 724px) 100vw, 724px\" \/>\n\t\t\t<\/div><\/figure>\n\t\t<\/div>\n\n","protected":false},"excerpt":{"rendered":"<p>Avevamo gi\u00e0 iniziato a gennaio a prenderci cura di questa piccola area verde (vedi altra pagina in questa sezione). Ora sporcizia e erba alta ci hanno costretto a portarvi un po&#8217; di &#8220;manutenzione&#8221;. E&#8217; stata una buona occasione per coinvolgere\u00a0Claudio, il pi\u00f9 giovane ed entusiasta partecipante del nostro gruppo! E&#8217; stato anche necessario cercare di [&hellip;]<\/p>\n","protected":false},"author":1,"featured_media":0,"parent":16,"menu_order":0,"comment_status":"closed","ping_status":"open","template":"fullwidth.php","meta":{"footnotes":""},"_links":{"self":[{"href":"https:\/\/www.trastevereattiva.org\/index.php\/wp-json\/wp\/v2\/pages\/298"}],"collection":[{"href":"https:\/\/www.trastevereattiva.org\/index.php\/wp-json\/wp\/v2\/pages"}],"about":[{"href":"https:\/\/www.trastevereattiva.org\/index.php\/wp-json\/wp\/v2\/types\/page"}],"author":[{"embeddable":true,"href":"https:\/\/www.trastevereattiva.org\/index.php\/wp-json\/wp\/v2\/users\/1"}],"replies":[{"embeddable":true,"href":"https:\/\/www.trastevereattiva.org\/index.php\/wp-json\/wp\/v2\/comments?post=298"}],"version-history":[{"count":4,"href":"https:\/\/www.trastevereattiva.org\/index.php\/wp-json\/wp\/v2\/pages\/298\/revisions"}],"predecessor-version":[{"id":3417,"href":"https:\/\/www.trastevereattiva.org\/index.php\/wp-json\/wp\/v2\/pages\/298\/revisions\/3417"}],"up":[{"embeddable":true,"href":"https:\/\/www.trastevereattiva.org\/index.php\/wp-json\/wp\/v2\/pages\/16"}],"wp:attachment":[{"href":"https:\/\/www.trastevereattiva.org\/index.php\/wp-json\/wp\/v2\/media?parent=298"}],"curies":[{"name":"wp","href":"https:\/\/api.w.org\/{rel}","templated":true}]}}

<p>Avevamo già iniziato a gennaio a prenderci cura di questa piccola area verde (vedi altra pagina in questa sezione). Ora sporcizia e erba alta ci hanno costretto a portarvi un po&#8217; di &#8220;manutenzione&#8221;. E&#8217; stata una buona occasione per coinvolgere Claudio, il più giovane ed entusiasta partecipante del nostro gruppo!</p>
<p>E&#8217; stato anche necessario cercare di dotarci di strumenti adatti e abbiamo quindi lanciato una richiesta su Facebook di donazione per un tagliaerba;  Maurizio ci ha regalato quel che cercavamo. E allora? Allora è successo che questo gesto ha fatto accendere due cose:<br />
1. il sempre nuovo stupore che viviamo quando vediamo azioni così BELLE e SEMPLICI, così GRATUITE e SILENZ<span class="text_exposed_show">IOSE ma capaci di nutrire il credere nella parte “sana” della nostra piccola umanità.<br />
2. la personale RESPONSABILITA’ del custodire qualcosa altrui, più prezioso di ciò che è “comprato”, perché è stato “donato” con FIDUCIA!<br />
Questo senso di responsabilità è delizioso, ma anche di un certo peso per il nostro non voler tradire la fiducia dataci. Maurizio non poteva certo immaginarlo, ma con il suo dono disinteressato ci ha costretti ad impegnarci ancora di più!<br />
Grazie Maurizio!</span></p>
<div id='gallery-1' class='gallery galleryid-298 gallery-columns-2 gallery-size-large'><figure class='gallery-item'>
			<div class='gallery-icon portrait'>
				<img loading="lazy" decoding="async" width="724" height="1024" src="https://www.trastevereattiva.org/wp-content/uploads/2015/08/CLAUDIO-verde-San-Cosimato-apr2015-724x1024.jpg" class="attachment-large size-large" alt="" srcset="https://www.trastevereattiva.org/wp-content/uploads/2015/08/CLAUDIO-verde-San-Cosimato-apr2015-724x1024.jpg 724w, https://www.trastevereattiva.org/wp-content/uploads/2015/08/CLAUDIO-verde-San-Cosimato-apr2015-212x300.jpg 212w, https://www.trastevereattiva.org/wp-content/uploads/2015/08/CLAUDIO-verde-San-Cosimato-apr2015.jpg 1253w" sizes="(max-width: 724px) 100vw, 724px" />
			</div></figure><figure class='gallery-item'>
			<div class='gallery-icon landscape'>
				<img loading="lazy" decoding="async" width="1024" height="765" src="https://www.trastevereattiva.org/wp-content/uploads/2015/08/piazza-San-Cosimato-2-1024x765.jpg" class="attachment-large size-large" alt="" srcset="https://www.trastevereattiva.org/wp-content/uploads/2015/08/piazza-San-Cosimato-2-1024x765.jpg 1024w, https://www.trastevereattiva.org/wp-content/uploads/2015/08/piazza-San-Cosimato-2-300x224.jpg 300w, https://www.trastevereattiva.org/wp-content/uploads/2015/08/piazza-San-Cosimato-2.jpg 1134w" sizes="(max-width: 1024px) 100vw, 1024px" />
			</div></figure><figure class='gallery-item'>
			<div class='gallery-icon landscape'>
				<img loading="lazy" decoding="async" width="1024" height="765" src="https://www.trastevereattiva.org/wp-content/uploads/2015/08/piazza-San-Cosimato-3-1024x765.jpg" class="attachment-large size-large" alt="" srcset="https://www.trastevereattiva.org/wp-content/uploads/2015/08/piazza-San-Cosimato-3-1024x765.jpg 1024w, https://www.trastevereattiva.org/wp-content/uploads/2015/08/piazza-San-Cosimato-3-300x224.jpg 300w, https://www.trastevereattiva.org/wp-content/uploads/2015/08/piazza-San-Cosimato-3.jpg 1134w" sizes="(max-width: 1024px) 100vw, 1024px" />
			</div></figure><figure class='gallery-item'>
			<div class='gallery-icon landscape'>
				<img loading="lazy" decoding="async" width="1024" height="765" src="https://www.trastevereattiva.org/wp-content/uploads/2015/08/piazza-San-Cosimato-4-1024x765.jpg" class="attachment-large size-large" alt="" srcset="https://www.trastevereattiva.org/wp-content/uploads/2015/08/piazza-San-Cosimato-4-1024x765.jpg 1024w, https://www.trastevereattiva.org/wp-content/uploads/2015/08/piazza-San-Cosimato-4-300x224.jpg 300w, https://www.trastevereattiva.org/wp-content/uploads/2015/08/piazza-San-Cosimato-4.jpg 1134w" sizes="(max-width: 1024px) 100vw, 1024px" />
			</div></figure><figure class='gallery-item'>
			<div class='gallery-icon landscape'>
				<img loading="lazy" decoding="async" width="1024" height="765" src="https://www.trastevereattiva.org/wp-content/uploads/2015/08/piazza-San-Cosimato-5-1024x765.jpg" class="attachment-large size-large" alt="" srcset="https://www.trastevereattiva.org/wp-content/uploads/2015/08/piazza-San-Cosimato-5-1024x765.jpg 1024w, https://www.trastevereattiva.org/wp-content/uploads/2015/08/piazza-San-Cosimato-5-300x224.jpg 300w, https://www.trastevereattiva.org/wp-content/uploads/2015/08/piazza-San-Cosimato-5.jpg 1134w" sizes="(max-width: 1024px) 100vw, 1024px" />
			</div></figure><figure class='gallery-item'>
			<div class='gallery-icon portrait'>
				<img loading="lazy" decoding="async" width="724" height="1024" src="https://www.trastevereattiva.org/wp-content/uploads/2015/08/tagliaerba-apr2015-B-724x1024.jpg" class="attachment-large size-large" alt="" srcset="https://www.trastevereattiva.org/wp-content/uploads/2015/08/tagliaerba-apr2015-B-724x1024.jpg 724w, https://www.trastevereattiva.org/wp-content/uploads/2015/08/tagliaerba-apr2015-B-212x300.jpg 212w, https://www.trastevereattiva.org/wp-content/uploads/2015/08/tagliaerba-apr2015-B.jpg 1114w" sizes="(max-width: 724px) 100vw, 724px" />
			</div></figure>
		</div>

<p>Avevamo già iniziato a gennaio a prenderci cura di questa piccola area verde (vedi altra pagina in questa sezione). Ora sporcizia e erba alta ci hanno costretto a portarvi un po&#8217; di &#8220;manutenzione&#8221;. E&#8217; stata una buona occasione per coinvolgere Claudio, il più giovane ed entusiasta partecipante del nostro gruppo! E&#8217; stato anche necessario cercare di [&hellip;]</p>
