{"id":3095,"date":"2018-01-08T23:02:09","date_gmt":"2018-01-08T22:02:09","guid":{"rendered":"http:\/\/www.trastevereattiva.org\/?page_id=3095"},"modified":"2018-01-09T22:06:14","modified_gmt":"2018-01-09T21:06:14","slug":"il-tetto-del-mercato-in-piazza-san-cosimato-gennaio-2018","status":"publish","type":"page","link":"https:\/\/www.trastevereattiva.org\/index.php\/il-tetto-del-mercato-in-piazza-san-cosimato-gennaio-2018\/","title":{"rendered":"Il tetto del mercato in piazza San Cosimato \u2013 gennaio 2018"},"content":{"rendered":"<p>Per la quarta volta,\u00a0domenica mattina, siamo saliti sul tetto dei box di piazza San Cosimato per ripulirli da quanto vedi nelle foto sotto: nessun altro lo avrebbe fatto. La persistenza e un briciolo di pazzia non ci mancano; questo non baster\u00e0 certo ad arginare l&#8217;incivilt\u00e0, ma anche un piccolo gesto che porti decoro non pu\u00f2 che fare del bene al nostro quartiere!<\/p>\n<div id='gallery-1' class='gallery galleryid-3095 gallery-columns-2 gallery-size-large'><figure class='gallery-item'>\n\t\t\t<div class='gallery-icon portrait'>\n\t\t\t\t<img loading=\"lazy\" decoding=\"async\" width=\"710\" height=\"1024\" src=\"https:\/\/www.trastevereattiva.org\/wp-content\/uploads\/2018\/01\/tetto-box-gen2018-A-710x1024.jpg\" class=\"attachment-large size-large\" alt=\"\" srcset=\"https:\/\/www.trastevereattiva.org\/wp-content\/uploads\/2018\/01\/tetto-box-gen2018-A-710x1024.jpg 710w, https:\/\/www.trastevereattiva.org\/wp-content\/uploads\/2018\/01\/tetto-box-gen2018-A-208x300.jpg 208w, https:\/\/www.trastevereattiva.org\/wp-content\/uploads\/2018\/01\/tetto-box-gen2018-A-768x1108.jpg 768w, https:\/\/www.trastevereattiva.org\/wp-content\/uploads\/2018\/01\/tetto-box-gen2018-A.jpg 1017w\" sizes=\"(max-width: 710px) 100vw, 710px\" \/>\n\t\t\t<\/div><\/figure><figure class='gallery-item'>\n\t\t\t<div class='gallery-icon landscape'>\n\t\t\t\t<img loading=\"lazy\" decoding=\"async\" width=\"1024\" height=\"768\" src=\"https:\/\/www.trastevereattiva.org\/wp-content\/uploads\/2018\/01\/tetto-box-gen2018-B-1024x768.jpg\" class=\"attachment-large size-large\" alt=\"\" srcset=\"https:\/\/www.trastevereattiva.org\/wp-content\/uploads\/2018\/01\/tetto-box-gen2018-B-1024x768.jpg 1024w, https:\/\/www.trastevereattiva.org\/wp-content\/uploads\/2018\/01\/tetto-box-gen2018-B-300x225.jpg 300w, https:\/\/www.trastevereattiva.org\/wp-content\/uploads\/2018\/01\/tetto-box-gen2018-B-768x576.jpg 768w, https:\/\/www.trastevereattiva.org\/wp-content\/uploads\/2018\/01\/tetto-box-gen2018-B.jpg 1134w\" sizes=\"(max-width: 1024px) 100vw, 1024px\" \/>\n\t\t\t<\/div><\/figure><figure class='gallery-item'>\n\t\t\t<div class='gallery-icon landscape'>\n\t\t\t\t<img loading=\"lazy\" decoding=\"async\" width=\"1024\" height=\"768\" src=\"https:\/\/www.trastevereattiva.org\/wp-content\/uploads\/2018\/01\/tetto-box-gen2018-C-1024x768.jpg\" class=\"attachment-large size-large\" alt=\"\" srcset=\"https:\/\/www.trastevereattiva.org\/wp-content\/uploads\/2018\/01\/tetto-box-gen2018-C-1024x768.jpg 1024w, https:\/\/www.trastevereattiva.org\/wp-content\/uploads\/2018\/01\/tetto-box-gen2018-C-300x225.jpg 300w, https:\/\/www.trastevereattiva.org\/wp-content\/uploads\/2018\/01\/tetto-box-gen2018-C-768x576.jpg 768w, https:\/\/www.trastevereattiva.org\/wp-content\/uploads\/2018\/01\/tetto-box-gen2018-C.jpg 1134w\" sizes=\"(max-width: 1024px) 100vw, 1024px\" \/>\n\t\t\t<\/div><\/figure><figure class='gallery-item'>\n\t\t\t<div class='gallery-icon landscape'>\n\t\t\t\t<img loading=\"lazy\" decoding=\"async\" width=\"1024\" height=\"768\" src=\"https:\/\/www.trastevereattiva.org\/wp-content\/uploads\/2018\/01\/tetto-box-gen2018-D-1024x768.jpg\" class=\"attachment-large size-large\" alt=\"\" srcset=\"https:\/\/www.trastevereattiva.org\/wp-content\/uploads\/2018\/01\/tetto-box-gen2018-D-1024x768.jpg 1024w, https:\/\/www.trastevereattiva.org\/wp-content\/uploads\/2018\/01\/tetto-box-gen2018-D-300x225.jpg 300w, https:\/\/www.trastevereattiva.org\/wp-content\/uploads\/2018\/01\/tetto-box-gen2018-D-768x576.jpg 768w, https:\/\/www.trastevereattiva.org\/wp-content\/uploads\/2018\/01\/tetto-box-gen2018-D.jpg 1134w\" sizes=\"(max-width: 1024px) 100vw, 1024px\" \/>\n\t\t\t<\/div><\/figure><figure class='gallery-item'>\n\t\t\t<div class='gallery-icon landscape'>\n\t\t\t\t<img loading=\"lazy\" decoding=\"async\" width=\"1024\" height=\"710\" src=\"https:\/\/www.trastevereattiva.org\/wp-content\/uploads\/2018\/01\/tetto-box-gen2018-E-1024x710.jpg\" class=\"attachment-large size-large\" alt=\"\" srcset=\"https:\/\/www.trastevereattiva.org\/wp-content\/uploads\/2018\/01\/tetto-box-gen2018-E-1024x710.jpg 1024w, https:\/\/www.trastevereattiva.org\/wp-content\/uploads\/2018\/01\/tetto-box-gen2018-E-300x208.jpg 300w, https:\/\/www.trastevereattiva.org\/wp-content\/uploads\/2018\/01\/tetto-box-gen2018-E-768x532.jpg 768w, https:\/\/www.trastevereattiva.org\/wp-content\/uploads\/2018\/01\/tetto-box-gen2018-E.jpg 1467w\" sizes=\"(max-width: 1024px) 100vw, 1024px\" \/>\n\t\t\t<\/div><\/figure><figure class='gallery-item'>\n\t\t\t<div class='gallery-icon landscape'>\n\t\t\t\t<img loading=\"lazy\" decoding=\"async\" width=\"1024\" height=\"768\" src=\"https:\/\/www.trastevereattiva.org\/wp-content\/uploads\/2018\/01\/tetto-box-gen2018-F-1024x768.jpg\" class=\"attachment-large size-large\" alt=\"\" srcset=\"https:\/\/www.trastevereattiva.org\/wp-content\/uploads\/2018\/01\/tetto-box-gen2018-F-1024x768.jpg 1024w, https:\/\/www.trastevereattiva.org\/wp-content\/uploads\/2018\/01\/tetto-box-gen2018-F-300x225.jpg 300w, https:\/\/www.trastevereattiva.org\/wp-content\/uploads\/2018\/01\/tetto-box-gen2018-F-768x576.jpg 768w, https:\/\/www.trastevereattiva.org\/wp-content\/uploads\/2018\/01\/tetto-box-gen2018-F.jpg 1134w\" sizes=\"(max-width: 1024px) 100vw, 1024px\" \/>\n\t\t\t<\/div><\/figure><figure class='gallery-item'>\n\t\t\t<div class='gallery-icon landscape'>\n\t\t\t\t<img loading=\"lazy\" decoding=\"async\" width=\"1024\" height=\"768\" src=\"https:\/\/www.trastevereattiva.org\/wp-content\/uploads\/2018\/01\/tetto-box-gen2018-G-1024x768.jpg\" class=\"attachment-large size-large\" alt=\"\" srcset=\"https:\/\/www.trastevereattiva.org\/wp-content\/uploads\/2018\/01\/tetto-box-gen2018-G-1024x768.jpg 1024w, https:\/\/www.trastevereattiva.org\/wp-content\/uploads\/2018\/01\/tetto-box-gen2018-G-300x225.jpg 300w, https:\/\/www.trastevereattiva.org\/wp-content\/uploads\/2018\/01\/tetto-box-gen2018-G-768x576.jpg 768w, https:\/\/www.trastevereattiva.org\/wp-content\/uploads\/2018\/01\/tetto-box-gen2018-G.jpg 1134w\" sizes=\"(max-width: 1024px) 100vw, 1024px\" \/>\n\t\t\t<\/div><\/figure><figure class='gallery-item'>\n\t\t\t<div class='gallery-icon landscape'>\n\t\t\t\t<img loading=\"lazy\" decoding=\"async\" width=\"1024\" height=\"768\" src=\"https:\/\/www.trastevereattiva.org\/wp-content\/uploads\/2018\/01\/tetto-box-gen2018-H-1024x768.jpg\" class=\"attachment-large size-large\" alt=\"\" srcset=\"https:\/\/www.trastevereattiva.org\/wp-content\/uploads\/2018\/01\/tetto-box-gen2018-H-1024x768.jpg 1024w, https:\/\/www.trastevereattiva.org\/wp-content\/uploads\/2018\/01\/tetto-box-gen2018-H-300x225.jpg 300w, https:\/\/www.trastevereattiva.org\/wp-content\/uploads\/2018\/01\/tetto-box-gen2018-H-768x576.jpg 768w, https:\/\/www.trastevereattiva.org\/wp-content\/uploads\/2018\/01\/tetto-box-gen2018-H.jpg 1134w\" sizes=\"(max-width: 1024px) 100vw, 1024px\" \/>\n\t\t\t<\/div><\/figure>\n\t\t<\/div>\n\n","protected":false},"excerpt":{"rendered":"<p>Per la quarta volta,\u00a0domenica mattina, siamo saliti sul tetto dei box di piazza San Cosimato per ripulirli da quanto vedi nelle foto sotto: nessun altro lo avrebbe fatto. La persistenza e un briciolo di pazzia non ci mancano; questo non baster\u00e0 certo ad arginare l&#8217;incivilt\u00e0, ma anche un piccolo gesto che porti decoro non pu\u00f2 [&hellip;]<\/p>\n","protected":false},"author":1,"featured_media":0,"parent":0,"menu_order":0,"comment_status":"closed","ping_status":"closed","template":"fullwidth.php","meta":{"footnotes":""},"_links":{"self":[{"href":"https:\/\/www.trastevereattiva.org\/index.php\/wp-json\/wp\/v2\/pages\/3095"}],"collection":[{"href":"https:\/\/www.trastevereattiva.org\/index.php\/wp-json\/wp\/v2\/pages"}],"about":[{"href":"https:\/\/www.trastevereattiva.org\/index.php\/wp-json\/wp\/v2\/types\/page"}],"author":[{"embeddable":true,"href":"https:\/\/www.trastevereattiva.org\/index.php\/wp-json\/wp\/v2\/users\/1"}],"replies":[{"embeddable":true,"href":"https:\/\/www.trastevereattiva.org\/index.php\/wp-json\/wp\/v2\/comments?post=3095"}],"version-history":[{"count":9,"href":"https:\/\/www.trastevereattiva.org\/index.php\/wp-json\/wp\/v2\/pages\/3095\/revisions"}],"predecessor-version":[{"id":3130,"href":"https:\/\/www.trastevereattiva.org\/index.php\/wp-json\/wp\/v2\/pages\/3095\/revisions\/3130"}],"wp:attachment":[{"href":"https:\/\/www.trastevereattiva.org\/index.php\/wp-json\/wp\/v2\/media?parent=3095"}],"curies":[{"name":"wp","href":"https:\/\/api.w.org\/{rel}","templated":true}]}}