{"id":4057,"date":"2021-01-06T11:36:38","date_gmt":"2021-01-06T10:36:38","guid":{"rendered":"http:\/\/www.trastevereattiva.org\/?page_id=4057"},"modified":"2021-06-24T15:58:12","modified_gmt":"2021-06-24T13:58:12","slug":"emergenza-coronavirus-secondo-lockdown","status":"publish","type":"page","link":"https:\/\/www.trastevereattiva.org\/index.php\/emergenza-coronavirus-secondo-lockdown\/","title":{"rendered":"Emergenza CORONAVIRUS &#8211; secondo lockdown"},"content":{"rendered":"<p>Abiamo iniziaro il 2021 attivando un NUOVO PUNTO DI RACCOLTA di generi alimentari per rafforzare il sostegno alle persone pi\u00f9 fragili del quartiere in questo lungo periodo di difficolt\u00e0 economiche per molti.<br \/>\nQuesta volta lo abbiamo fatto collaborando con la <span style=\"color: #ff0000;\"><strong>Caritas<\/strong><\/span> della <strong><span style=\"color: #ff0000;\">parrocchia di San Francesco a Ripa<\/span><\/strong>.<br \/>\nIl nostro <strong><span style=\"color: #ff0000;\">CARRELLO DELLA SPESA SOSPESA<\/span><\/strong> si trova presso il <strong><em>TODIS<\/em> di via Michele Carrani<\/strong> (poco dietro Largo Bernardino da Feltre, su viale Trastevere). Qui sono stati raccolti e consegnati alla <em><strong>Caritas<\/strong><\/em> ben <span style=\"color: #ff0000;\"><strong>42 carrelli stracolmi di prodotti alimentari<\/strong><\/span> che hanno consentito di <span style=\"color: #ff0000;\"><strong>aiutare 44 famiglie (alcune con bambiini)<\/strong><\/span> e distribuire pacchi alimentari\u00a0 a circa <span style=\"color: #ff0000;\"><strong>40 senza-fissa-dimora<\/strong><\/span>.<\/p>\n<p>L&#8217;attivit\u00e0 \u00e8 sopesa nei mesi di lugio e agosto e riprender\u00e0 a settembre.<\/p>\n<p><span style=\"color: #ff0000;\"><strong>GRAZIE<\/strong><\/span> a tutti quelli che hanno generosamente contribuito!<\/p>\n<p><img loading=\"lazy\" decoding=\"async\" class=\"alignleft wp-image-4059\" src=\"http:\/\/www.trastevereattiva.org\/wp-content\/uploads\/2021\/01\/locandina-SPESA-SOSPESA-Todis-2021-B.jpg\" alt=\"\" width=\"650\" height=\"919\" srcset=\"https:\/\/www.trastevereattiva.org\/wp-content\/uploads\/2021\/01\/locandina-SPESA-SOSPESA-Todis-2021-B.jpg 1240w, https:\/\/www.trastevereattiva.org\/wp-content\/uploads\/2021\/01\/locandina-SPESA-SOSPESA-Todis-2021-B-212x300.jpg 212w, https:\/\/www.trastevereattiva.org\/wp-content\/uploads\/2021\/01\/locandina-SPESA-SOSPESA-Todis-2021-B-768x1086.jpg 768w, https:\/\/www.trastevereattiva.org\/wp-content\/uploads\/2021\/01\/locandina-SPESA-SOSPESA-Todis-2021-B-724x1024.jpg 724w\" sizes=\"(max-width: 650px) 100vw, 650px\" \/><img loading=\"lazy\" decoding=\"async\" class=\"alignleft wp-image-4061\" src=\"http:\/\/www.trastevereattiva.org\/wp-content\/uploads\/2021\/01\/2-300x225.jpg\" alt=\"\" width=\"327\" height=\"245\" srcset=\"https:\/\/www.trastevereattiva.org\/wp-content\/uploads\/2021\/01\/2-300x225.jpg 300w, https:\/\/www.trastevereattiva.org\/wp-content\/uploads\/2021\/01\/2-768x576.jpg 768w, https:\/\/www.trastevereattiva.org\/wp-content\/uploads\/2021\/01\/2-1024x768.jpg 1024w, https:\/\/www.trastevereattiva.org\/wp-content\/uploads\/2021\/01\/2.jpg 1701w\" sizes=\"(max-width: 327px) 100vw, 327px\" \/> <img loading=\"lazy\" decoding=\"async\" class=\"alignleft wp-image-4062\" src=\"http:\/\/www.trastevereattiva.org\/wp-content\/uploads\/2021\/01\/3.jpg\" alt=\"\" width=\"270\" height=\"360\" srcset=\"https:\/\/www.trastevereattiva.org\/wp-content\/uploads\/2021\/01\/3.jpg 1276w, https:\/\/www.trastevereattiva.org\/wp-content\/uploads\/2021\/01\/3-225x300.jpg 225w, https:\/\/www.trastevereattiva.org\/wp-content\/uploads\/2021\/01\/3-768x1024.jpg 768w\" sizes=\"(max-width: 270px) 100vw, 270px\" \/><\/p>\n<p>&nbsp;<\/p>\n","protected":false},"excerpt":{"rendered":"<p>Abiamo iniziaro il 2021 attivando un NUOVO PUNTO DI RACCOLTA di generi alimentari per rafforzare il sostegno alle persone pi\u00f9 fragili del quartiere in questo lungo periodo di difficolt\u00e0 economiche per molti. Questa volta lo abbiamo fatto collaborando con la Caritas della parrocchia di San Francesco a Ripa. Il nostro CARRELLO DELLA SPESA SOSPESA si [&hellip;]<\/p>\n","protected":false},"author":1,"featured_media":0,"parent":0,"menu_order":0,"comment_status":"closed","ping_status":"closed","template":"fullwidth.php","meta":{"footnotes":""},"_links":{"self":[{"href":"https:\/\/www.trastevereattiva.org\/index.php\/wp-json\/wp\/v2\/pages\/4057"}],"collection":[{"href":"https:\/\/www.trastevereattiva.org\/index.php\/wp-json\/wp\/v2\/pages"}],"about":[{"href":"https:\/\/www.trastevereattiva.org\/index.php\/wp-json\/wp\/v2\/types\/page"}],"author":[{"embeddable":true,"href":"https:\/\/www.trastevereattiva.org\/index.php\/wp-json\/wp\/v2\/users\/1"}],"replies":[{"embeddable":true,"href":"https:\/\/www.trastevereattiva.org\/index.php\/wp-json\/wp\/v2\/comments?post=4057"}],"version-history":[{"count":5,"href":"https:\/\/www.trastevereattiva.org\/index.php\/wp-json\/wp\/v2\/pages\/4057\/revisions"}],"predecessor-version":[{"id":4155,"href":"https:\/\/www.trastevereattiva.org\/index.php\/wp-json\/wp\/v2\/pages\/4057\/revisions\/4155"}],"wp:attachment":[{"href":"https:\/\/www.trastevereattiva.org\/index.php\/wp-json\/wp\/v2\/media?parent=4057"}],"curies":[{"name":"wp","href":"https:\/\/api.w.org\/{rel}","templated":true}]}}

<p>Abiamo iniziaro il 2021 attivando un NUOVO PUNTO DI RACCOLTA di generi alimentari per rafforzare il sostegno alle persone più fragili del quartiere in questo lungo periodo di difficoltà economiche per molti.<br />
Questa volta lo abbiamo fatto collaborando con la <span style="color: #ff0000;"><strong>Caritas</strong></span> della <strong><span style="color: #ff0000;">parrocchia di San Francesco a Ripa</span></strong>.<br />
Il nostro <strong><span style="color: #ff0000;">CARRELLO DELLA SPESA SOSPESA</span></strong> si trova presso il <strong><em>TODIS</em> di via Michele Carrani</strong> (poco dietro Largo Bernardino da Feltre, su viale Trastevere). Qui sono stati raccolti e consegnati alla <em><strong>Caritas</strong></em> ben <span style="color: #ff0000;"><strong>42 carrelli stracolmi di prodotti alimentari</strong></span> che hanno consentito di <span style="color: #ff0000;"><strong>aiutare 44 famiglie (alcune con bambiini)</strong></span> e distribuire pacchi alimentari  a circa <span style="color: #ff0000;"><strong>40 senza-fissa-dimora</strong></span>.</p>
<p>L&#8217;attività è sopesa nei mesi di lugio e agosto e riprenderà a settembre.</p>
<p><span style="color: #ff0000;"><strong>GRAZIE</strong></span> a tutti quelli che hanno generosamente contribuito!</p>
<p><img loading="lazy" decoding="async" class="alignleft wp-image-4059" src="http://www.trastevereattiva.org/wp-content/uploads/2021/01/locandina-SPESA-SOSPESA-Todis-2021-B.jpg" alt="" width="650" height="919" srcset="https://www.trastevereattiva.org/wp-content/uploads/2021/01/locandina-SPESA-SOSPESA-Todis-2021-B.jpg 1240w, https://www.trastevereattiva.org/wp-content/uploads/2021/01/locandina-SPESA-SOSPESA-Todis-2021-B-212x300.jpg 212w, https://www.trastevereattiva.org/wp-content/uploads/2021/01/locandina-SPESA-SOSPESA-Todis-2021-B-768x1086.jpg 768w, https://www.trastevereattiva.org/wp-content/uploads/2021/01/locandina-SPESA-SOSPESA-Todis-2021-B-724x1024.jpg 724w" sizes="(max-width: 650px) 100vw, 650px" /><img loading="lazy" decoding="async" class="alignleft wp-image-4061" src="http://www.trastevereattiva.org/wp-content/uploads/2021/01/2-300x225.jpg" alt="" width="327" height="245" srcset="https://www.trastevereattiva.org/wp-content/uploads/2021/01/2-300x225.jpg 300w, https://www.trastevereattiva.org/wp-content/uploads/2021/01/2-768x576.jpg 768w, https://www.trastevereattiva.org/wp-content/uploads/2021/01/2-1024x768.jpg 1024w, https://www.trastevereattiva.org/wp-content/uploads/2021/01/2.jpg 1701w" sizes="(max-width: 327px) 100vw, 327px" /> <img loading="lazy" decoding="async" class="alignleft wp-image-4062" src="http://www.trastevereattiva.org/wp-content/uploads/2021/01/3.jpg" alt="" width="270" height="360" srcset="https://www.trastevereattiva.org/wp-content/uploads/2021/01/3.jpg 1276w, https://www.trastevereattiva.org/wp-content/uploads/2021/01/3-225x300.jpg 225w, https://www.trastevereattiva.org/wp-content/uploads/2021/01/3-768x1024.jpg 768w" sizes="(max-width: 270px) 100vw, 270px" /></p>
<p>&nbsp;</p>

<p>Abiamo iniziaro il 2021 attivando un NUOVO PUNTO DI RACCOLTA di generi alimentari per rafforzare il sostegno alle persone più fragili del quartiere in questo lungo periodo di difficoltà economiche per molti. Questa volta lo abbiamo fatto collaborando con la Caritas della parrocchia di San Francesco a Ripa. Il nostro CARRELLO DELLA SPESA SOSPESA si [&hellip;]</p>
