{"id":4212,"date":"2021-11-20T09:59:26","date_gmt":"2021-11-20T08:59:26","guid":{"rendered":"http:\/\/www.trastevereattiva.org\/?page_id=4212"},"modified":"2022-05-29T18:13:44","modified_gmt":"2022-05-29T16:13:44","slug":"attivita-in-corso-2","status":"publish","type":"page","link":"https:\/\/www.trastevereattiva.org\/index.php\/attivita-in-corso-2\/","title":{"rendered":"Attivit\u00e0 continuative"},"content":{"rendered":"<p>Diverse sono le attivi\u00e0 permanenti in corso, con periodicit\u00e0 e modalit\u00e0 differenti:<\/p>\n<p><span style=\"color: #ff0000;\"><strong><em>Il gruppo \u201cQuelli con la ramazza\u201d <\/em><\/strong><\/span>una o due volte a settimana (4\/8 volte al mese) sfalcia e pulisce tratti di marciapiede, partendo da via Casini e proseguendo su via Dandolo e viale Glorioso.<\/p>\n<p><img loading=\"lazy\" decoding=\"async\" class=\" wp-image-4214 alignnone\" src=\"http:\/\/www.trastevereattiva.org\/wp-content\/uploads\/2021\/11\/montaggio-Quelli-con-la-ramazza-1024x463.jpg\" alt=\"\" width=\"630\" height=\"285\" srcset=\"https:\/\/www.trastevereattiva.org\/wp-content\/uploads\/2021\/11\/montaggio-Quelli-con-la-ramazza-1024x463.jpg 1024w, https:\/\/www.trastevereattiva.org\/wp-content\/uploads\/2021\/11\/montaggio-Quelli-con-la-ramazza-300x136.jpg 300w, https:\/\/www.trastevereattiva.org\/wp-content\/uploads\/2021\/11\/montaggio-Quelli-con-la-ramazza-768x347.jpg 768w, https:\/\/www.trastevereattiva.org\/wp-content\/uploads\/2021\/11\/montaggio-Quelli-con-la-ramazza.jpg 1828w\" sizes=\"(max-width: 630px) 100vw, 630px\" \/><\/p>\n<p><span style=\"color: #ff0000;\"><strong><em>Il gruppo \u201cArea giochi piazza San Cosimato\u201d <\/em><\/strong><\/span>ogni giorno (da 6 anni) apre e chiude l\u2019area giochi e, almeno due volte a settimana, la pulisce da foglie e cartacce grazie anche al sostegno della <em>Gabetti<\/em> di via Roma Libera 20 e del ristorante <em>Rione 13<\/em> di via Roma Libera 19.<\/p>\n<p><img loading=\"lazy\" decoding=\"async\" class=\" wp-image-4216 alignnone\" src=\"http:\/\/www.trastevereattiva.org\/wp-content\/uploads\/2021\/11\/montaggio-Area-giochi-1024x463.jpg\" alt=\"\" width=\"630\" height=\"285\" srcset=\"https:\/\/www.trastevereattiva.org\/wp-content\/uploads\/2021\/11\/montaggio-Area-giochi-1024x463.jpg 1024w, https:\/\/www.trastevereattiva.org\/wp-content\/uploads\/2021\/11\/montaggio-Area-giochi-300x136.jpg 300w, https:\/\/www.trastevereattiva.org\/wp-content\/uploads\/2021\/11\/montaggio-Area-giochi-768x347.jpg 768w, https:\/\/www.trastevereattiva.org\/wp-content\/uploads\/2021\/11\/montaggio-Area-giochi.jpg 1828w\" sizes=\"(max-width: 630px) 100vw, 630px\" \/><\/p>\n<p><span style=\"color: #ff0000;\"><strong><em>Il gruppo \u201cArea verde piazza San Cosimato\u201d <\/em><\/strong><\/span>ogni mese (o secondo necessit\u00e0) cura l\u2019area verde da noi riqualificata in piazza San Cosimato.<\/p>\n<p><img loading=\"lazy\" decoding=\"async\" class=\" wp-image-4217 alignnone\" src=\"http:\/\/www.trastevereattiva.org\/wp-content\/uploads\/2021\/11\/montaggio-Area-verde-1024x463.jpg\" alt=\"\" width=\"630\" height=\"285\" srcset=\"https:\/\/www.trastevereattiva.org\/wp-content\/uploads\/2021\/11\/montaggio-Area-verde-1024x463.jpg 1024w, https:\/\/www.trastevereattiva.org\/wp-content\/uploads\/2021\/11\/montaggio-Area-verde-300x136.jpg 300w, https:\/\/www.trastevereattiva.org\/wp-content\/uploads\/2021\/11\/montaggio-Area-verde-768x347.jpg 768w, https:\/\/www.trastevereattiva.org\/wp-content\/uploads\/2021\/11\/montaggio-Area-verde.jpg 1828w\" sizes=\"(max-width: 630px) 100vw, 630px\" \/><\/p>\n<p><span style=\"color: #ff0000;\"><strong><em>Il gruppo \u201cMonte Aureo\u201d <\/em><\/strong><\/span>ogni settimana controlla e pulisce la parte di boschetto di Monte Aureo da noi adottato.<\/p>\n<p><img loading=\"lazy\" decoding=\"async\" class=\" wp-image-4219 alignnone\" src=\"http:\/\/www.trastevereattiva.org\/wp-content\/uploads\/2021\/11\/montaggio-Monte-Aureo-1024x463.jpg\" alt=\"\" width=\"630\" height=\"285\" srcset=\"https:\/\/www.trastevereattiva.org\/wp-content\/uploads\/2021\/11\/montaggio-Monte-Aureo-1024x463.jpg 1024w, https:\/\/www.trastevereattiva.org\/wp-content\/uploads\/2021\/11\/montaggio-Monte-Aureo-300x136.jpg 300w, https:\/\/www.trastevereattiva.org\/wp-content\/uploads\/2021\/11\/montaggio-Monte-Aureo-768x347.jpg 768w, https:\/\/www.trastevereattiva.org\/wp-content\/uploads\/2021\/11\/montaggio-Monte-Aureo.jpg 1828w\" sizes=\"(max-width: 630px) 100vw, 630px\" \/><\/p>\n<p><span style=\"color: #ff0000;\"><strong><em>\u201cSpesa sospesa\u201d <\/em><\/strong><\/span>ogni settimana (mediamente) collaboriamo con la <em>Caritas<\/em> di San Francesco a Ripa e il <em>Todis<\/em> di via Carcani affinch\u00e8 i prodotti alimentari, donati nell\u2019apposito carrello, integrino i pacchi a sostegno delle persone economicamente pi\u00f9 deboli.<\/p>\n<p><img loading=\"lazy\" decoding=\"async\" class=\" wp-image-4220 alignnone\" src=\"http:\/\/www.trastevereattiva.org\/wp-content\/uploads\/2021\/11\/montaggio-Spesa-sospesa-1024x463.jpg\" alt=\"\" width=\"630\" height=\"285\" srcset=\"https:\/\/www.trastevereattiva.org\/wp-content\/uploads\/2021\/11\/montaggio-Spesa-sospesa-1024x463.jpg 1024w, https:\/\/www.trastevereattiva.org\/wp-content\/uploads\/2021\/11\/montaggio-Spesa-sospesa-300x136.jpg 300w, https:\/\/www.trastevereattiva.org\/wp-content\/uploads\/2021\/11\/montaggio-Spesa-sospesa-768x347.jpg 768w, https:\/\/www.trastevereattiva.org\/wp-content\/uploads\/2021\/11\/montaggio-Spesa-sospesa.jpg 1828w\" sizes=\"(max-width: 630px) 100vw, 630px\" \/><\/p>\n<p><span style=\"color: #008000;\"><strong><em>Ogni giorno pensiamo con gratitudine a tutti coloro (anche di altre associazioni) che si attivano senza tanto clamore per rendere un pochino migliore la nostra citt\u00e0. Il mondo del volontariato lavora in silenzio, ma ha un cuore che conosce la via della responsabilit\u00e0: seguiamola tutti!<\/em><\/strong><\/span><\/p>\n","protected":false},"excerpt":{"rendered":"<p>Diverse sono le attivi\u00e0 permanenti in corso, con periodicit\u00e0 e modalit\u00e0 differenti: Il gruppo \u201cQuelli con la ramazza\u201d una o due volte a settimana (4\/8 volte al mese) sfalcia e pulisce tratti di marciapiede, partendo da via Casini e proseguendo su via Dandolo e viale Glorioso. Il gruppo \u201cArea giochi piazza San Cosimato\u201d ogni giorno [&hellip;]<\/p>\n","protected":false},"author":1,"featured_media":0,"parent":0,"menu_order":0,"comment_status":"closed","ping_status":"closed","template":"fullwidth.php","meta":{"footnotes":""},"_links":{"self":[{"href":"https:\/\/www.trastevereattiva.org\/index.php\/wp-json\/wp\/v2\/pages\/4212"}],"collection":[{"href":"https:\/\/www.trastevereattiva.org\/index.php\/wp-json\/wp\/v2\/pages"}],"about":[{"href":"https:\/\/www.trastevereattiva.org\/index.php\/wp-json\/wp\/v2\/types\/page"}],"author":[{"embeddable":true,"href":"https:\/\/www.trastevereattiva.org\/index.php\/wp-json\/wp\/v2\/users\/1"}],"replies":[{"embeddable":true,"href":"https:\/\/www.trastevereattiva.org\/index.php\/wp-json\/wp\/v2\/comments?post=4212"}],"version-history":[{"count":9,"href":"https:\/\/www.trastevereattiva.org\/index.php\/wp-json\/wp\/v2\/pages\/4212\/revisions"}],"predecessor-version":[{"id":4499,"href":"https:\/\/www.trastevereattiva.org\/index.php\/wp-json\/wp\/v2\/pages\/4212\/revisions\/4499"}],"wp:attachment":[{"href":"https:\/\/www.trastevereattiva.org\/index.php\/wp-json\/wp\/v2\/media?parent=4212"}],"curies":[{"name":"wp","href":"https:\/\/api.w.org\/{rel}","templated":true}]}}

Attività continuative

<p>Diverse sono le attivià permanenti in corso, con periodicità e modalità differenti:</p>
<p><span style="color: #ff0000;"><strong><em>Il gruppo “Quelli con la ramazza” </em></strong></span>una o due volte a settimana (4/8 volte al mese) sfalcia e pulisce tratti di marciapiede, partendo da via Casini e proseguendo su via Dandolo e viale Glorioso.</p>
<p><img loading="lazy" decoding="async" class=" wp-image-4214 alignnone" src="http://www.trastevereattiva.org/wp-content/uploads/2021/11/montaggio-Quelli-con-la-ramazza-1024x463.jpg" alt="" width="630" height="285" srcset="https://www.trastevereattiva.org/wp-content/uploads/2021/11/montaggio-Quelli-con-la-ramazza-1024x463.jpg 1024w, https://www.trastevereattiva.org/wp-content/uploads/2021/11/montaggio-Quelli-con-la-ramazza-300x136.jpg 300w, https://www.trastevereattiva.org/wp-content/uploads/2021/11/montaggio-Quelli-con-la-ramazza-768x347.jpg 768w, https://www.trastevereattiva.org/wp-content/uploads/2021/11/montaggio-Quelli-con-la-ramazza.jpg 1828w" sizes="(max-width: 630px) 100vw, 630px" /></p>
<p><span style="color: #ff0000;"><strong><em>Il gruppo “Area giochi piazza San Cosimato” </em></strong></span>ogni giorno (da 6 anni) apre e chiude l’area giochi e, almeno due volte a settimana, la pulisce da foglie e cartacce grazie anche al sostegno della <em>Gabetti</em> di via Roma Libera 20 e del ristorante <em>Rione 13</em> di via Roma Libera 19.</p>
<p><img loading="lazy" decoding="async" class=" wp-image-4216 alignnone" src="http://www.trastevereattiva.org/wp-content/uploads/2021/11/montaggio-Area-giochi-1024x463.jpg" alt="" width="630" height="285" srcset="https://www.trastevereattiva.org/wp-content/uploads/2021/11/montaggio-Area-giochi-1024x463.jpg 1024w, https://www.trastevereattiva.org/wp-content/uploads/2021/11/montaggio-Area-giochi-300x136.jpg 300w, https://www.trastevereattiva.org/wp-content/uploads/2021/11/montaggio-Area-giochi-768x347.jpg 768w, https://www.trastevereattiva.org/wp-content/uploads/2021/11/montaggio-Area-giochi.jpg 1828w" sizes="(max-width: 630px) 100vw, 630px" /></p>
<p><span style="color: #ff0000;"><strong><em>Il gruppo “Area verde piazza San Cosimato” </em></strong></span>ogni mese (o secondo necessità) cura l’area verde da noi riqualificata in piazza San Cosimato.</p>
<p><img loading="lazy" decoding="async" class=" wp-image-4217 alignnone" src="http://www.trastevereattiva.org/wp-content/uploads/2021/11/montaggio-Area-verde-1024x463.jpg" alt="" width="630" height="285" srcset="https://www.trastevereattiva.org/wp-content/uploads/2021/11/montaggio-Area-verde-1024x463.jpg 1024w, https://www.trastevereattiva.org/wp-content/uploads/2021/11/montaggio-Area-verde-300x136.jpg 300w, https://www.trastevereattiva.org/wp-content/uploads/2021/11/montaggio-Area-verde-768x347.jpg 768w, https://www.trastevereattiva.org/wp-content/uploads/2021/11/montaggio-Area-verde.jpg 1828w" sizes="(max-width: 630px) 100vw, 630px" /></p>
<p><span style="color: #ff0000;"><strong><em>Il gruppo “Monte Aureo” </em></strong></span>ogni settimana controlla e pulisce la parte di boschetto di Monte Aureo da noi adottato.</p>
<p><img loading="lazy" decoding="async" class=" wp-image-4219 alignnone" src="http://www.trastevereattiva.org/wp-content/uploads/2021/11/montaggio-Monte-Aureo-1024x463.jpg" alt="" width="630" height="285" srcset="https://www.trastevereattiva.org/wp-content/uploads/2021/11/montaggio-Monte-Aureo-1024x463.jpg 1024w, https://www.trastevereattiva.org/wp-content/uploads/2021/11/montaggio-Monte-Aureo-300x136.jpg 300w, https://www.trastevereattiva.org/wp-content/uploads/2021/11/montaggio-Monte-Aureo-768x347.jpg 768w, https://www.trastevereattiva.org/wp-content/uploads/2021/11/montaggio-Monte-Aureo.jpg 1828w" sizes="(max-width: 630px) 100vw, 630px" /></p>
<p><span style="color: #ff0000;"><strong><em>“Spesa sospesa” </em></strong></span>ogni settimana (mediamente) collaboriamo con la <em>Caritas</em> di San Francesco a Ripa e il <em>Todis</em> di via Carcani affinchè i prodotti alimentari, donati nell’apposito carrello, integrino i pacchi a sostegno delle persone economicamente più deboli.</p>
<p><img loading="lazy" decoding="async" class=" wp-image-4220 alignnone" src="http://www.trastevereattiva.org/wp-content/uploads/2021/11/montaggio-Spesa-sospesa-1024x463.jpg" alt="" width="630" height="285" srcset="https://www.trastevereattiva.org/wp-content/uploads/2021/11/montaggio-Spesa-sospesa-1024x463.jpg 1024w, https://www.trastevereattiva.org/wp-content/uploads/2021/11/montaggio-Spesa-sospesa-300x136.jpg 300w, https://www.trastevereattiva.org/wp-content/uploads/2021/11/montaggio-Spesa-sospesa-768x347.jpg 768w, https://www.trastevereattiva.org/wp-content/uploads/2021/11/montaggio-Spesa-sospesa.jpg 1828w" sizes="(max-width: 630px) 100vw, 630px" /></p>
<p><span style="color: #008000;"><strong><em>Ogni giorno pensiamo con gratitudine a tutti coloro (anche di altre associazioni) che si attivano senza tanto clamore per rendere un pochino migliore la nostra città. Il mondo del volontariato lavora in silenzio, ma ha un cuore che conosce la via della responsabilità: seguiamola tutti!</em></strong></span></p>

<p>Diverse sono le attivià permanenti in corso, con periodicità e modalità differenti: Il gruppo “Quelli con la ramazza” una o due volte a settimana (4/8 volte al mese) sfalcia e pulisce tratti di marciapiede, partendo da via Casini e proseguendo su via Dandolo e viale Glorioso. Il gruppo “Area giochi piazza San Cosimato” ogni giorno [&hellip;]</p>
