{"id":4230,"date":"2021-11-20T10:28:32","date_gmt":"2021-11-20T09:28:32","guid":{"rendered":"http:\/\/www.trastevereattiva.org\/?page_id=4230"},"modified":"2022-11-05T17:23:31","modified_gmt":"2022-11-05T16:23:31","slug":"obiettivo-valorizzazione-e-socialita","status":"publish","type":"page","link":"https:\/\/www.trastevereattiva.org\/index.php\/obiettivo-valorizzazione-e-socialita\/","title":{"rendered":"Obiettivo: valorizzazione e socialit\u00e0"},"content":{"rendered":"<p>Il progetto di riqualificazione del Cortile in Mica Aurea vuole non solo <span style=\"color: #ff0000;\"><strong>valorizzare il patrimonio storico-culturale<\/strong><\/span> di questo prezioso sito, luogo di grande bellezza inespressa, ma anche trasformarlo in <span style=\"color: #ff0000;\"><strong>uno spazio salutare a favore di tutto il Rione<\/strong><\/span>: arte, storia e bellezza potranno essere gli elementi di una \u201cintegrazione sociale rigenerativa\u201d.<\/p>\n<p>In accordo con la <em><strong>Direzione U.O.C &#8211; relazioni con i cittadini, comunicazione e relazioni istituzionali<\/strong> <\/em>della <strong>ASL ROMA1<\/strong> saranno progettate attivit\u00e0 gratuite per varie fascie di et\u00e0 da svolgersi nel cortile, con un ampio coinvolgimento sociale delle realt\u00e0 territoriali esistenti:<\/p>\n<p>\u25cf Istituto comprensivo \u201cRegina Margherita\u201d<br \/>\n\u25cf Istituto comprensivo \u201cVia Fabiola\u201d<br \/>\n\u25cf Istituto comprensivo \u201cTeresa Spinelli\u201d<br \/>\n\u25cf Rivista di quartiere \u201cIl Ventriloco<br \/>\n\u25cf UISP Sport per tutti \u2013 Comitato di Roma<br \/>\n\u25cf Municipio Roma I Centro<br \/>\n\u25cf Centro Anziani Trastevere \u2013 Municipio I<br \/>\n\u25cf Centro Giovani \u2013 Municipio<br \/>\n\u25cf Teatro Argot<br \/>\n\u25cf Teatro Trastevere<br \/>\n\u25cf R\u00e9sonnance Italia<\/p>\n<p>Il progetto ha raccolto <span style=\"color: #ff0000;\"><strong>4974 voti<\/strong><\/span>: tante persone lo hanno sostenuto nel censimento 2020 &#8220;I Luoghi del Cuore&#8221; del FAI.<\/p>\n<p><a href=\"http:\/\/www.trastevereattiva.org\/wp-content\/uploads\/2022\/07\/FAI-cortile-AGGIORNAMENTO-giugno-2022-C.jpg\"><img loading=\"lazy\" decoding=\"async\" class=\"alignleft wp-image-4539 size-large\" src=\"http:\/\/www.trastevereattiva.org\/wp-content\/uploads\/2022\/07\/FAI-cortile-AGGIORNAMENTO-giugno-2022-C-725x1024.jpg\" alt=\"\" width=\"550\" height=\"777\" srcset=\"https:\/\/www.trastevereattiva.org\/wp-content\/uploads\/2022\/07\/FAI-cortile-AGGIORNAMENTO-giugno-2022-C-725x1024.jpg 725w, https:\/\/www.trastevereattiva.org\/wp-content\/uploads\/2022\/07\/FAI-cortile-AGGIORNAMENTO-giugno-2022-C-212x300.jpg 212w, https:\/\/www.trastevereattiva.org\/wp-content\/uploads\/2022\/07\/FAI-cortile-AGGIORNAMENTO-giugno-2022-C-768x1085.jpg 768w, https:\/\/www.trastevereattiva.org\/wp-content\/uploads\/2022\/07\/FAI-cortile-AGGIORNAMENTO-giugno-2022-C.jpg 1241w\" sizes=\"(max-width: 550px) 100vw, 550px\" \/><\/a><\/p>\n<div id='gallery-1' class='gallery galleryid-4230 gallery-columns-1 gallery-size-large'><figure class='gallery-item'>\n\t\t\t<div class='gallery-icon landscape'>\n\t\t\t\t<a href='https:\/\/www.trastevereattiva.org\/wp-content\/uploads\/2021\/11\/1-Progetto-DEFINITIVO-riqualificazione-cortile-chiesa-di-San-Cosimato-2ok_Pagina_2.jpg'><img loading=\"lazy\" decoding=\"async\" width=\"1024\" height=\"724\" src=\"https:\/\/www.trastevereattiva.org\/wp-content\/uploads\/2021\/11\/1-Progetto-DEFINITIVO-riqualificazione-cortile-chiesa-di-San-Cosimato-2ok_Pagina_2-1024x724.jpg\" class=\"attachment-large size-large\" alt=\"\" srcset=\"https:\/\/www.trastevereattiva.org\/wp-content\/uploads\/2021\/11\/1-Progetto-DEFINITIVO-riqualificazione-cortile-chiesa-di-San-Cosimato-2ok_Pagina_2-1024x724.jpg 1024w, https:\/\/www.trastevereattiva.org\/wp-content\/uploads\/2021\/11\/1-Progetto-DEFINITIVO-riqualificazione-cortile-chiesa-di-San-Cosimato-2ok_Pagina_2-300x212.jpg 300w, https:\/\/www.trastevereattiva.org\/wp-content\/uploads\/2021\/11\/1-Progetto-DEFINITIVO-riqualificazione-cortile-chiesa-di-San-Cosimato-2ok_Pagina_2-768x543.jpg 768w\" sizes=\"(max-width: 1024px) 100vw, 1024px\" \/><\/a>\n\t\t\t<\/div><\/figure><figure class='gallery-item'>\n\t\t\t<div class='gallery-icon landscape'>\n\t\t\t\t<a href='https:\/\/www.trastevereattiva.org\/wp-content\/uploads\/2021\/11\/cortile-San-Cosimato-gallery-2.jpg'><img loading=\"lazy\" decoding=\"async\" width=\"1024\" height=\"768\" src=\"https:\/\/www.trastevereattiva.org\/wp-content\/uploads\/2021\/11\/cortile-San-Cosimato-gallery-2-1024x768.jpg\" class=\"attachment-large size-large\" alt=\"\" srcset=\"https:\/\/www.trastevereattiva.org\/wp-content\/uploads\/2021\/11\/cortile-San-Cosimato-gallery-2-1024x768.jpg 1024w, https:\/\/www.trastevereattiva.org\/wp-content\/uploads\/2021\/11\/cortile-San-Cosimato-gallery-2-300x225.jpg 300w, https:\/\/www.trastevereattiva.org\/wp-content\/uploads\/2021\/11\/cortile-San-Cosimato-gallery-2-768x576.jpg 768w\" sizes=\"(max-width: 1024px) 100vw, 1024px\" \/><\/a>\n\t\t\t<\/div><\/figure><figure class='gallery-item'>\n\t\t\t<div class='gallery-icon landscape'>\n\t\t\t\t<a href='https:\/\/www.trastevereattiva.org\/wp-content\/uploads\/2021\/11\/cortile-San-Cosimato-gallery-3.jpeg'><img loading=\"lazy\" decoding=\"async\" width=\"1024\" height=\"768\" src=\"https:\/\/www.trastevereattiva.org\/wp-content\/uploads\/2021\/11\/cortile-San-Cosimato-gallery-3-1024x768.jpeg\" class=\"attachment-large size-large\" alt=\"\" srcset=\"https:\/\/www.trastevereattiva.org\/wp-content\/uploads\/2021\/11\/cortile-San-Cosimato-gallery-3-1024x768.jpeg 1024w, https:\/\/www.trastevereattiva.org\/wp-content\/uploads\/2021\/11\/cortile-San-Cosimato-gallery-3-300x225.jpeg 300w, https:\/\/www.trastevereattiva.org\/wp-content\/uploads\/2021\/11\/cortile-San-Cosimato-gallery-3-768x576.jpeg 768w\" sizes=\"(max-width: 1024px) 100vw, 1024px\" \/><\/a>\n\t\t\t<\/div><\/figure><figure class='gallery-item'>\n\t\t\t<div class='gallery-icon landscape'>\n\t\t\t\t<a href='https:\/\/www.trastevereattiva.org\/wp-content\/uploads\/2021\/11\/cortile-San-Cosimato-gallery-4.jpeg'><img loading=\"lazy\" decoding=\"async\" width=\"1024\" height=\"768\" src=\"https:\/\/www.trastevereattiva.org\/wp-content\/uploads\/2021\/11\/cortile-San-Cosimato-gallery-4-1024x768.jpeg\" class=\"attachment-large size-large\" alt=\"\" srcset=\"https:\/\/www.trastevereattiva.org\/wp-content\/uploads\/2021\/11\/cortile-San-Cosimato-gallery-4-1024x768.jpeg 1024w, https:\/\/www.trastevereattiva.org\/wp-content\/uploads\/2021\/11\/cortile-San-Cosimato-gallery-4-300x225.jpeg 300w, https:\/\/www.trastevereattiva.org\/wp-content\/uploads\/2021\/11\/cortile-San-Cosimato-gallery-4-768x576.jpeg 768w\" sizes=\"(max-width: 1024px) 100vw, 1024px\" \/><\/a>\n\t\t\t<\/div><\/figure><figure class='gallery-item'>\n\t\t\t<div class='gallery-icon landscape'>\n\t\t\t\t<a href='https:\/\/www.trastevereattiva.org\/wp-content\/uploads\/2021\/11\/cortile-San-Cosimato-gallery-5.jpeg'><img loading=\"lazy\" decoding=\"async\" width=\"1024\" height=\"768\" src=\"https:\/\/www.trastevereattiva.org\/wp-content\/uploads\/2021\/11\/cortile-San-Cosimato-gallery-5-1024x768.jpeg\" class=\"attachment-large size-large\" alt=\"\" srcset=\"https:\/\/www.trastevereattiva.org\/wp-content\/uploads\/2021\/11\/cortile-San-Cosimato-gallery-5-1024x768.jpeg 1024w, https:\/\/www.trastevereattiva.org\/wp-content\/uploads\/2021\/11\/cortile-San-Cosimato-gallery-5-300x225.jpeg 300w, https:\/\/www.trastevereattiva.org\/wp-content\/uploads\/2021\/11\/cortile-San-Cosimato-gallery-5-768x576.jpeg 768w\" sizes=\"(max-width: 1024px) 100vw, 1024px\" \/><\/a>\n\t\t\t<\/div><\/figure><figure class='gallery-item'>\n\t\t\t<div class='gallery-icon landscape'>\n\t\t\t\t<a href='https:\/\/www.trastevereattiva.org\/wp-content\/uploads\/2021\/11\/cortile-San-Cosimato-gallery-6.jpeg'><img loading=\"lazy\" decoding=\"async\" width=\"1024\" height=\"768\" src=\"https:\/\/www.trastevereattiva.org\/wp-content\/uploads\/2021\/11\/cortile-San-Cosimato-gallery-6-1024x768.jpeg\" class=\"attachment-large size-large\" alt=\"\" srcset=\"https:\/\/www.trastevereattiva.org\/wp-content\/uploads\/2021\/11\/cortile-San-Cosimato-gallery-6-1024x768.jpeg 1024w, https:\/\/www.trastevereattiva.org\/wp-content\/uploads\/2021\/11\/cortile-San-Cosimato-gallery-6-300x225.jpeg 300w, https:\/\/www.trastevereattiva.org\/wp-content\/uploads\/2021\/11\/cortile-San-Cosimato-gallery-6-768x576.jpeg 768w\" sizes=\"(max-width: 1024px) 100vw, 1024px\" \/><\/a>\n\t\t\t<\/div><\/figure><figure class='gallery-item'>\n\t\t\t<div class='gallery-icon landscape'>\n\t\t\t\t<a href='https:\/\/www.trastevereattiva.org\/wp-content\/uploads\/2021\/11\/cortile-San-Cosimato-gallery-7.jpeg'><img loading=\"lazy\" decoding=\"async\" width=\"1024\" height=\"768\" src=\"https:\/\/www.trastevereattiva.org\/wp-content\/uploads\/2021\/11\/cortile-San-Cosimato-gallery-7-1024x768.jpeg\" class=\"attachment-large size-large\" alt=\"\" srcset=\"https:\/\/www.trastevereattiva.org\/wp-content\/uploads\/2021\/11\/cortile-San-Cosimato-gallery-7-1024x768.jpeg 1024w, https:\/\/www.trastevereattiva.org\/wp-content\/uploads\/2021\/11\/cortile-San-Cosimato-gallery-7-300x225.jpeg 300w, https:\/\/www.trastevereattiva.org\/wp-content\/uploads\/2021\/11\/cortile-San-Cosimato-gallery-7-768x576.jpeg 768w\" sizes=\"(max-width: 1024px) 100vw, 1024px\" \/><\/a>\n\t\t\t<\/div><\/figure><figure class='gallery-item'>\n\t\t\t<div class='gallery-icon landscape'>\n\t\t\t\t<a href='https:\/\/www.trastevereattiva.org\/wp-content\/uploads\/2021\/11\/cortile-San-Cosimato-gallery-10.jpg'><img loading=\"lazy\" decoding=\"async\" width=\"1024\" height=\"768\" src=\"https:\/\/www.trastevereattiva.org\/wp-content\/uploads\/2021\/11\/cortile-San-Cosimato-gallery-10-1024x768.jpg\" class=\"attachment-large size-large\" alt=\"\" srcset=\"https:\/\/www.trastevereattiva.org\/wp-content\/uploads\/2021\/11\/cortile-San-Cosimato-gallery-10-1024x768.jpg 1024w, https:\/\/www.trastevereattiva.org\/wp-content\/uploads\/2021\/11\/cortile-San-Cosimato-gallery-10-300x225.jpg 300w, https:\/\/www.trastevereattiva.org\/wp-content\/uploads\/2021\/11\/cortile-San-Cosimato-gallery-10-768x576.jpg 768w\" sizes=\"(max-width: 1024px) 100vw, 1024px\" \/><\/a>\n\t\t\t<\/div><\/figure><figure class='gallery-item'>\n\t\t\t<div class='gallery-icon landscape'>\n\t\t\t\t<a href='https:\/\/www.trastevereattiva.org\/wp-content\/uploads\/2021\/11\/cortile-San-Cosimato-gallery-11.jpg'><img loading=\"lazy\" decoding=\"async\" width=\"1024\" height=\"768\" src=\"https:\/\/www.trastevereattiva.org\/wp-content\/uploads\/2021\/11\/cortile-San-Cosimato-gallery-11-1024x768.jpg\" class=\"attachment-large size-large\" alt=\"\" srcset=\"https:\/\/www.trastevereattiva.org\/wp-content\/uploads\/2021\/11\/cortile-San-Cosimato-gallery-11-1024x768.jpg 1024w, https:\/\/www.trastevereattiva.org\/wp-content\/uploads\/2021\/11\/cortile-San-Cosimato-gallery-11-300x225.jpg 300w, https:\/\/www.trastevereattiva.org\/wp-content\/uploads\/2021\/11\/cortile-San-Cosimato-gallery-11-768x576.jpg 768w\" sizes=\"(max-width: 1024px) 100vw, 1024px\" \/><\/a>\n\t\t\t<\/div><\/figure>\n\t\t<\/div>\n\n","protected":false},"excerpt":{"rendered":"<p>Il progetto di riqualificazione del Cortile in Mica Aurea vuole non solo valorizzare il patrimonio storico-culturale di questo prezioso sito, luogo di grande bellezza inespressa, ma anche trasformarlo in uno spazio salutare a favore di tutto il Rione: arte, storia e bellezza potranno essere gli elementi di una \u201cintegrazione sociale rigenerativa\u201d. In accordo con la [&hellip;]<\/p>\n","protected":false},"author":1,"featured_media":0,"parent":0,"menu_order":0,"comment_status":"closed","ping_status":"closed","template":"fullwidth.php","meta":{"footnotes":""},"_links":{"self":[{"href":"https:\/\/www.trastevereattiva.org\/index.php\/wp-json\/wp\/v2\/pages\/4230"}],"collection":[{"href":"https:\/\/www.trastevereattiva.org\/index.php\/wp-json\/wp\/v2\/pages"}],"about":[{"href":"https:\/\/www.trastevereattiva.org\/index.php\/wp-json\/wp\/v2\/types\/page"}],"author":[{"embeddable":true,"href":"https:\/\/www.trastevereattiva.org\/index.php\/wp-json\/wp\/v2\/users\/1"}],"replies":[{"embeddable":true,"href":"https:\/\/www.trastevereattiva.org\/index.php\/wp-json\/wp\/v2\/comments?post=4230"}],"version-history":[{"count":19,"href":"https:\/\/www.trastevereattiva.org\/index.php\/wp-json\/wp\/v2\/pages\/4230\/revisions"}],"predecessor-version":[{"id":4654,"href":"https:\/\/www.trastevereattiva.org\/index.php\/wp-json\/wp\/v2\/pages\/4230\/revisions\/4654"}],"wp:attachment":[{"href":"https:\/\/www.trastevereattiva.org\/index.php\/wp-json\/wp\/v2\/media?parent=4230"}],"curies":[{"name":"wp","href":"https:\/\/api.w.org\/{rel}","templated":true}]}}

Obiettivo: valorizzazione e socialità

<p>Il progetto di riqualificazione del Cortile in Mica Aurea vuole non solo <span style="color: #ff0000;"><strong>valorizzare il patrimonio storico-culturale</strong></span> di questo prezioso sito, luogo di grande bellezza inespressa, ma anche trasformarlo in <span style="color: #ff0000;"><strong>uno spazio salutare a favore di tutto il Rione</strong></span>: arte, storia e bellezza potranno essere gli elementi di una “integrazione sociale rigenerativa”.</p>
<p>In accordo con la <em><strong>Direzione U.O.C &#8211; relazioni con i cittadini, comunicazione e relazioni istituzionali</strong> </em>della <strong>ASL ROMA1</strong> saranno progettate attività gratuite per varie fascie di età da svolgersi nel cortile, con un ampio coinvolgimento sociale delle realtà territoriali esistenti:</p>
<p>● Istituto comprensivo “Regina Margherita”<br />
● Istituto comprensivo “Via Fabiola”<br />
● Istituto comprensivo “Teresa Spinelli”<br />
● Rivista di quartiere “Il Ventriloco<br />
● UISP Sport per tutti – Comitato di Roma<br />
● Municipio Roma I Centro<br />
● Centro Anziani Trastevere – Municipio I<br />
● Centro Giovani – Municipio<br />
● Teatro Argot<br />
● Teatro Trastevere<br />
● Résonnance Italia</p>
<p>Il progetto ha raccolto <span style="color: #ff0000;"><strong>4974 voti</strong></span>: tante persone lo hanno sostenuto nel censimento 2020 &#8220;I Luoghi del Cuore&#8221; del FAI.</p>
<p><a href="http://www.trastevereattiva.org/wp-content/uploads/2022/07/FAI-cortile-AGGIORNAMENTO-giugno-2022-C.jpg"><img loading="lazy" decoding="async" class="alignleft wp-image-4539 size-large" src="http://www.trastevereattiva.org/wp-content/uploads/2022/07/FAI-cortile-AGGIORNAMENTO-giugno-2022-C-725x1024.jpg" alt="" width="550" height="777" srcset="https://www.trastevereattiva.org/wp-content/uploads/2022/07/FAI-cortile-AGGIORNAMENTO-giugno-2022-C-725x1024.jpg 725w, https://www.trastevereattiva.org/wp-content/uploads/2022/07/FAI-cortile-AGGIORNAMENTO-giugno-2022-C-212x300.jpg 212w, https://www.trastevereattiva.org/wp-content/uploads/2022/07/FAI-cortile-AGGIORNAMENTO-giugno-2022-C-768x1085.jpg 768w, https://www.trastevereattiva.org/wp-content/uploads/2022/07/FAI-cortile-AGGIORNAMENTO-giugno-2022-C.jpg 1241w" sizes="(max-width: 550px) 100vw, 550px" /></a></p>
<div id='gallery-1' class='gallery galleryid-4230 gallery-columns-1 gallery-size-large'><figure class='gallery-item'>
			<div class='gallery-icon landscape'>
				<a href='https://www.trastevereattiva.org/wp-content/uploads/2021/11/1-Progetto-DEFINITIVO-riqualificazione-cortile-chiesa-di-San-Cosimato-2ok_Pagina_2.jpg'><img loading="lazy" decoding="async" width="1024" height="724" src="https://www.trastevereattiva.org/wp-content/uploads/2021/11/1-Progetto-DEFINITIVO-riqualificazione-cortile-chiesa-di-San-Cosimato-2ok_Pagina_2-1024x724.jpg" class="attachment-large size-large" alt="" srcset="https://www.trastevereattiva.org/wp-content/uploads/2021/11/1-Progetto-DEFINITIVO-riqualificazione-cortile-chiesa-di-San-Cosimato-2ok_Pagina_2-1024x724.jpg 1024w, https://www.trastevereattiva.org/wp-content/uploads/2021/11/1-Progetto-DEFINITIVO-riqualificazione-cortile-chiesa-di-San-Cosimato-2ok_Pagina_2-300x212.jpg 300w, https://www.trastevereattiva.org/wp-content/uploads/2021/11/1-Progetto-DEFINITIVO-riqualificazione-cortile-chiesa-di-San-Cosimato-2ok_Pagina_2-768x543.jpg 768w" sizes="(max-width: 1024px) 100vw, 1024px" /></a>
			</div></figure><figure class='gallery-item'>
			<div class='gallery-icon landscape'>
				<a href='https://www.trastevereattiva.org/wp-content/uploads/2021/11/cortile-San-Cosimato-gallery-2.jpg'><img loading="lazy" decoding="async" width="1024" height="768" src="https://www.trastevereattiva.org/wp-content/uploads/2021/11/cortile-San-Cosimato-gallery-2-1024x768.jpg" class="attachment-large size-large" alt="" srcset="https://www.trastevereattiva.org/wp-content/uploads/2021/11/cortile-San-Cosimato-gallery-2-1024x768.jpg 1024w, https://www.trastevereattiva.org/wp-content/uploads/2021/11/cortile-San-Cosimato-gallery-2-300x225.jpg 300w, https://www.trastevereattiva.org/wp-content/uploads/2021/11/cortile-San-Cosimato-gallery-2-768x576.jpg 768w" sizes="(max-width: 1024px) 100vw, 1024px" /></a>
			</div></figure><figure class='gallery-item'>
			<div class='gallery-icon landscape'>
				<a href='https://www.trastevereattiva.org/wp-content/uploads/2021/11/cortile-San-Cosimato-gallery-3.jpeg'><img loading="lazy" decoding="async" width="1024" height="768" src="https://www.trastevereattiva.org/wp-content/uploads/2021/11/cortile-San-Cosimato-gallery-3-1024x768.jpeg" class="attachment-large size-large" alt="" srcset="https://www.trastevereattiva.org/wp-content/uploads/2021/11/cortile-San-Cosimato-gallery-3-1024x768.jpeg 1024w, https://www.trastevereattiva.org/wp-content/uploads/2021/11/cortile-San-Cosimato-gallery-3-300x225.jpeg 300w, https://www.trastevereattiva.org/wp-content/uploads/2021/11/cortile-San-Cosimato-gallery-3-768x576.jpeg 768w" sizes="(max-width: 1024px) 100vw, 1024px" /></a>
			</div></figure><figure class='gallery-item'>
			<div class='gallery-icon landscape'>
				<a href='https://www.trastevereattiva.org/wp-content/uploads/2021/11/cortile-San-Cosimato-gallery-4.jpeg'><img loading="lazy" decoding="async" width="1024" height="768" src="https://www.trastevereattiva.org/wp-content/uploads/2021/11/cortile-San-Cosimato-gallery-4-1024x768.jpeg" class="attachment-large size-large" alt="" srcset="https://www.trastevereattiva.org/wp-content/uploads/2021/11/cortile-San-Cosimato-gallery-4-1024x768.jpeg 1024w, https://www.trastevereattiva.org/wp-content/uploads/2021/11/cortile-San-Cosimato-gallery-4-300x225.jpeg 300w, https://www.trastevereattiva.org/wp-content/uploads/2021/11/cortile-San-Cosimato-gallery-4-768x576.jpeg 768w" sizes="(max-width: 1024px) 100vw, 1024px" /></a>
			</div></figure><figure class='gallery-item'>
			<div class='gallery-icon landscape'>
				<a href='https://www.trastevereattiva.org/wp-content/uploads/2021/11/cortile-San-Cosimato-gallery-5.jpeg'><img loading="lazy" decoding="async" width="1024" height="768" src="https://www.trastevereattiva.org/wp-content/uploads/2021/11/cortile-San-Cosimato-gallery-5-1024x768.jpeg" class="attachment-large size-large" alt="" srcset="https://www.trastevereattiva.org/wp-content/uploads/2021/11/cortile-San-Cosimato-gallery-5-1024x768.jpeg 1024w, https://www.trastevereattiva.org/wp-content/uploads/2021/11/cortile-San-Cosimato-gallery-5-300x225.jpeg 300w, https://www.trastevereattiva.org/wp-content/uploads/2021/11/cortile-San-Cosimato-gallery-5-768x576.jpeg 768w" sizes="(max-width: 1024px) 100vw, 1024px" /></a>
			</div></figure><figure class='gallery-item'>
			<div class='gallery-icon landscape'>
				<a href='https://www.trastevereattiva.org/wp-content/uploads/2021/11/cortile-San-Cosimato-gallery-6.jpeg'><img loading="lazy" decoding="async" width="1024" height="768" src="https://www.trastevereattiva.org/wp-content/uploads/2021/11/cortile-San-Cosimato-gallery-6-1024x768.jpeg" class="attachment-large size-large" alt="" srcset="https://www.trastevereattiva.org/wp-content/uploads/2021/11/cortile-San-Cosimato-gallery-6-1024x768.jpeg 1024w, https://www.trastevereattiva.org/wp-content/uploads/2021/11/cortile-San-Cosimato-gallery-6-300x225.jpeg 300w, https://www.trastevereattiva.org/wp-content/uploads/2021/11/cortile-San-Cosimato-gallery-6-768x576.jpeg 768w" sizes="(max-width: 1024px) 100vw, 1024px" /></a>
			</div></figure><figure class='gallery-item'>
			<div class='gallery-icon landscape'>
				<a href='https://www.trastevereattiva.org/wp-content/uploads/2021/11/cortile-San-Cosimato-gallery-7.jpeg'><img loading="lazy" decoding="async" width="1024" height="768" src="https://www.trastevereattiva.org/wp-content/uploads/2021/11/cortile-San-Cosimato-gallery-7-1024x768.jpeg" class="attachment-large size-large" alt="" srcset="https://www.trastevereattiva.org/wp-content/uploads/2021/11/cortile-San-Cosimato-gallery-7-1024x768.jpeg 1024w, https://www.trastevereattiva.org/wp-content/uploads/2021/11/cortile-San-Cosimato-gallery-7-300x225.jpeg 300w, https://www.trastevereattiva.org/wp-content/uploads/2021/11/cortile-San-Cosimato-gallery-7-768x576.jpeg 768w" sizes="(max-width: 1024px) 100vw, 1024px" /></a>
			</div></figure><figure class='gallery-item'>
			<div class='gallery-icon landscape'>
				<a href='https://www.trastevereattiva.org/wp-content/uploads/2021/11/cortile-San-Cosimato-gallery-10.jpg'><img loading="lazy" decoding="async" width="1024" height="768" src="https://www.trastevereattiva.org/wp-content/uploads/2021/11/cortile-San-Cosimato-gallery-10-1024x768.jpg" class="attachment-large size-large" alt="" srcset="https://www.trastevereattiva.org/wp-content/uploads/2021/11/cortile-San-Cosimato-gallery-10-1024x768.jpg 1024w, https://www.trastevereattiva.org/wp-content/uploads/2021/11/cortile-San-Cosimato-gallery-10-300x225.jpg 300w, https://www.trastevereattiva.org/wp-content/uploads/2021/11/cortile-San-Cosimato-gallery-10-768x576.jpg 768w" sizes="(max-width: 1024px) 100vw, 1024px" /></a>
			</div></figure><figure class='gallery-item'>
			<div class='gallery-icon landscape'>
				<a href='https://www.trastevereattiva.org/wp-content/uploads/2021/11/cortile-San-Cosimato-gallery-11.jpg'><img loading="lazy" decoding="async" width="1024" height="768" src="https://www.trastevereattiva.org/wp-content/uploads/2021/11/cortile-San-Cosimato-gallery-11-1024x768.jpg" class="attachment-large size-large" alt="" srcset="https://www.trastevereattiva.org/wp-content/uploads/2021/11/cortile-San-Cosimato-gallery-11-1024x768.jpg 1024w, https://www.trastevereattiva.org/wp-content/uploads/2021/11/cortile-San-Cosimato-gallery-11-300x225.jpg 300w, https://www.trastevereattiva.org/wp-content/uploads/2021/11/cortile-San-Cosimato-gallery-11-768x576.jpg 768w" sizes="(max-width: 1024px) 100vw, 1024px" /></a>
			</div></figure>
		</div>
