{"id":4691,"date":"2023-04-08T16:33:43","date_gmt":"2023-04-08T14:33:43","guid":{"rendered":"http:\/\/www.trastevereattiva.org\/?page_id=4691"},"modified":"2023-04-08T17:02:05","modified_gmt":"2023-04-08T15:02:05","slug":"inaugurazione-del-cortile-in-mica-aurea","status":"publish","type":"page","link":"https:\/\/www.trastevereattiva.org\/index.php\/inaugurazione-del-cortile-in-mica-aurea\/","title":{"rendered":"Inaugurazione del Cortile in Mica Aurea"},"content":{"rendered":"\n<p>Due anni e mezzo di iter autorizzativo e operativo! Tanto \u00e8 servito per arrivare all&#8217;<strong>inaugurazione del Cortile in Mica Aurea<\/strong> (piazza San Cosimato &#8211; Presidio Ospedaliero-Regina Margherita): <strong>\ufeffSabato 18 marzo<\/strong> si \u00e8 concluso ufficialmente il progetto di riqualificazione.<\/p>\n\n\n\n<p class=\"has-text-color has-vivid-red-color\"><br><strong>Ma la  riqualificazione \u00e8 solo il primo passo nel voler creare un&#8217;oasi di pace  e cultura: continueremo a lavorare sul progetto con tenacia e spirito  di condivisione con altre realt\u00e0 del nostro territorio!<\/strong><\/p>\n\n\n\n<p>Attraverso gli occhi del fotografo <em><strong>Gianni Murzi<\/strong> <\/em>raccogliamo qui alcuni momenti dell&#8217;inaugurazione:<\/p>\n\n\n\n<figure class=\"wp-block-embed-youtube wp-block-embed is-type-video is-provider-youtube wp-embed-aspect-4-3 wp-has-aspect-ratio\"><div class=\"wp-block-embed__wrapper\">\n<iframe loading=\"lazy\" title=\"Inaugurazione Cortile in Mica Aurea\" width=\"1170\" height=\"878\" src=\"https:\/\/www.youtube.com\/embed\/7IHNJN-kJgo?feature=oembed\" frameborder=\"0\" allow=\"accelerometer; autoplay; clipboard-write; encrypted-media; gyroscope; picture-in-picture; web-share\" allowfullscreen><\/iframe>\n<\/div><\/figure>\n\n\n\n<p>Ci fa molto piacere riportare anche le testimonianze dei giovani pazienti ospiti della <em>\u201cStruttura Residenziale &#8211; Terapeutica di Ripa Grande\u201d <\/em>nello stesso presidio sanitario <em>Nuovo Regina Margherita. <\/em><\/p>\n\n\n\n<p>Sono tutti ragazzi giovanissimi e l\u2019entusiasmo della loro et\u00e0 si \u00e8 sentito tutto quando hanno cominciato a lavorare nel piccolo orto facente parte del progetto di riqualificazione!  Insieme ai volontari di <em>Trastevere Attiva<\/em>  hanno scelto il  tipo di piante da collocare in alcune zone: fiori,  ortive, fruttifere,  erbacee e si stanno prendendo cura con amore del  luogo in cui vivono.  Stanno portando avanti  l\u2019esperienza con costanza e continuit\u00e0,  appassionandosi. Imparano anche  a conoscere e i ritmi di ogni pianta,  quando innaffiarla, quando  travasarla se \u00e8 in vaso, quando e come  potarla se occorre. Operazioni  che impegnano corpo e mente e rendono  pi\u00f9 facile,  per un po\u2019, distrarsi dalle preoccupazioni e dai problemi  personali.  Inoltre, curare il giardino o le piante in vaso creando un  ambiente  affascinante e vario, li aiuta a sentirsi capaci e competenti  favorendo  l\u2019autostima.<\/p>\n\n\n\n<p class=\"has-text-color has-vivid-red-color\"><em>Clicca sulle immagini per visualizzarle interamente.<\/em><\/p>\n\n\n\n<ul class=\"wp-block-gallery columns-2 is-cropped wp-block-gallery-1 is-layout-flex wp-block-gallery-is-layout-flex\"><li class=\"blocks-gallery-item\"><figure><a href=\"http:\/\/www.trastevereattiva.org\/wp-content\/uploads\/2023\/04\/condivisione-orto-ragazzi-1-905x1024.jpg\"><img loading=\"lazy\" decoding=\"async\" width=\"905\" height=\"1024\" src=\"http:\/\/www.trastevereattiva.org\/wp-content\/uploads\/2023\/04\/condivisione-orto-ragazzi-1-905x1024.jpg\" alt=\"\" data-id=\"4700\" data-link=\"http:\/\/www.trastevereattiva.org\/index.php\/inaugurazione-del-cortile-in-mica-aurea\/condivisione-orto-ragazzi-1\/\" class=\"wp-image-4700\" srcset=\"https:\/\/www.trastevereattiva.org\/wp-content\/uploads\/2023\/04\/condivisione-orto-ragazzi-1-905x1024.jpg 905w, https:\/\/www.trastevereattiva.org\/wp-content\/uploads\/2023\/04\/condivisione-orto-ragazzi-1-265x300.jpg 265w, https:\/\/www.trastevereattiva.org\/wp-content\/uploads\/2023\/04\/condivisione-orto-ragazzi-1-768x869.jpg 768w, https:\/\/www.trastevereattiva.org\/wp-content\/uploads\/2023\/04\/condivisione-orto-ragazzi-1.jpg 1204w\" sizes=\"(max-width: 905px) 100vw, 905px\" \/><\/a><\/figure><\/li><li class=\"blocks-gallery-item\"><figure><a href=\"http:\/\/www.trastevereattiva.org\/wp-content\/uploads\/2023\/04\/condivisione-orto-ragazzi-3-810x1024.jpg\"><img loading=\"lazy\" decoding=\"async\" width=\"810\" height=\"1024\" src=\"http:\/\/www.trastevereattiva.org\/wp-content\/uploads\/2023\/04\/condivisione-orto-ragazzi-3-810x1024.jpg\" alt=\"\" data-id=\"4702\" data-link=\"http:\/\/www.trastevereattiva.org\/index.php\/inaugurazione-del-cortile-in-mica-aurea\/condivisione-orto-ragazzi-3\/\" class=\"wp-image-4702\" srcset=\"https:\/\/www.trastevereattiva.org\/wp-content\/uploads\/2023\/04\/condivisione-orto-ragazzi-3-810x1024.jpg 810w, https:\/\/www.trastevereattiva.org\/wp-content\/uploads\/2023\/04\/condivisione-orto-ragazzi-3-237x300.jpg 237w, https:\/\/www.trastevereattiva.org\/wp-content\/uploads\/2023\/04\/condivisione-orto-ragazzi-3-768x971.jpg 768w, https:\/\/www.trastevereattiva.org\/wp-content\/uploads\/2023\/04\/condivisione-orto-ragazzi-3.jpg 895w\" sizes=\"(max-width: 810px) 100vw, 810px\" \/><\/a><\/figure><\/li><li class=\"blocks-gallery-item\"><figure><a href=\"http:\/\/www.trastevereattiva.org\/wp-content\/uploads\/2023\/04\/WhatsApp-Image-2023-03-23-at-14.18.53-1024x654.jpeg\"><img loading=\"lazy\" decoding=\"async\" width=\"1024\" height=\"654\" src=\"http:\/\/www.trastevereattiva.org\/wp-content\/uploads\/2023\/04\/WhatsApp-Image-2023-03-23-at-14.18.53-1024x654.jpeg\" alt=\"\" data-id=\"4704\" data-link=\"http:\/\/www.trastevereattiva.org\/index.php\/inaugurazione-del-cortile-in-mica-aurea\/whatsapp-image-2023-03-23-at-14-18-53\/\" class=\"wp-image-4704\" srcset=\"https:\/\/www.trastevereattiva.org\/wp-content\/uploads\/2023\/04\/WhatsApp-Image-2023-03-23-at-14.18.53-1024x654.jpeg 1024w, https:\/\/www.trastevereattiva.org\/wp-content\/uploads\/2023\/04\/WhatsApp-Image-2023-03-23-at-14.18.53-300x192.jpeg 300w, https:\/\/www.trastevereattiva.org\/wp-content\/uploads\/2023\/04\/WhatsApp-Image-2023-03-23-at-14.18.53-768x491.jpeg 768w, https:\/\/www.trastevereattiva.org\/wp-content\/uploads\/2023\/04\/WhatsApp-Image-2023-03-23-at-14.18.53.jpeg 1470w\" sizes=\"(max-width: 1024px) 100vw, 1024px\" \/><\/a><\/figure><\/li><li class=\"blocks-gallery-item\"><figure><a href=\"http:\/\/www.trastevereattiva.org\/wp-content\/uploads\/2023\/04\/condisioni-orto-ragazzi-_Pagina_1-724x1024.jpg\"><img loading=\"lazy\" decoding=\"async\" width=\"724\" height=\"1024\" src=\"http:\/\/www.trastevereattiva.org\/wp-content\/uploads\/2023\/04\/condisioni-orto-ragazzi-_Pagina_1-724x1024.jpg\" alt=\"\" data-id=\"4698\" data-link=\"http:\/\/www.trastevereattiva.org\/index.php\/inaugurazione-del-cortile-in-mica-aurea\/condisioni-orto-ragazzi-_pagina_1\/\" class=\"wp-image-4698\" srcset=\"https:\/\/www.trastevereattiva.org\/wp-content\/uploads\/2023\/04\/condisioni-orto-ragazzi-_Pagina_1-724x1024.jpg 724w, https:\/\/www.trastevereattiva.org\/wp-content\/uploads\/2023\/04\/condisioni-orto-ragazzi-_Pagina_1-212x300.jpg 212w, https:\/\/www.trastevereattiva.org\/wp-content\/uploads\/2023\/04\/condisioni-orto-ragazzi-_Pagina_1-768x1086.jpg 768w\" sizes=\"(max-width: 724px) 100vw, 724px\" \/><\/a><\/figure><\/li><li class=\"blocks-gallery-item\"><figure><a href=\"http:\/\/www.trastevereattiva.org\/wp-content\/uploads\/2023\/04\/condivisione-orto-ragazzi-4-1024x654.jpg\"><img loading=\"lazy\" decoding=\"async\" width=\"1024\" height=\"654\" src=\"http:\/\/www.trastevereattiva.org\/wp-content\/uploads\/2023\/04\/condivisione-orto-ragazzi-4-1024x654.jpg\" alt=\"\" data-id=\"4703\" data-link=\"http:\/\/www.trastevereattiva.org\/index.php\/inaugurazione-del-cortile-in-mica-aurea\/condivisione-orto-ragazzi-4\/\" class=\"wp-image-4703\" srcset=\"https:\/\/www.trastevereattiva.org\/wp-content\/uploads\/2023\/04\/condivisione-orto-ragazzi-4-1024x654.jpg 1024w, https:\/\/www.trastevereattiva.org\/wp-content\/uploads\/2023\/04\/condivisione-orto-ragazzi-4-300x192.jpg 300w, https:\/\/www.trastevereattiva.org\/wp-content\/uploads\/2023\/04\/condivisione-orto-ragazzi-4-768x491.jpg 768w, https:\/\/www.trastevereattiva.org\/wp-content\/uploads\/2023\/04\/condivisione-orto-ragazzi-4.jpg 1307w\" sizes=\"(max-width: 1024px) 100vw, 1024px\" \/><\/a><\/figure><\/li><li class=\"blocks-gallery-item\"><figure><a href=\"http:\/\/www.trastevereattiva.org\/wp-content\/uploads\/2023\/04\/condisioni-orto-ragazzi-_Pagina_2-724x1024.jpg\"><img loading=\"lazy\" decoding=\"async\" width=\"724\" height=\"1024\" src=\"http:\/\/www.trastevereattiva.org\/wp-content\/uploads\/2023\/04\/condisioni-orto-ragazzi-_Pagina_2-724x1024.jpg\" alt=\"\" data-id=\"4699\" data-link=\"http:\/\/www.trastevereattiva.org\/index.php\/inaugurazione-del-cortile-in-mica-aurea\/condisioni-orto-ragazzi-_pagina_2\/\" class=\"wp-image-4699\" srcset=\"https:\/\/www.trastevereattiva.org\/wp-content\/uploads\/2023\/04\/condisioni-orto-ragazzi-_Pagina_2-724x1024.jpg 724w, https:\/\/www.trastevereattiva.org\/wp-content\/uploads\/2023\/04\/condisioni-orto-ragazzi-_Pagina_2-212x300.jpg 212w, https:\/\/www.trastevereattiva.org\/wp-content\/uploads\/2023\/04\/condisioni-orto-ragazzi-_Pagina_2-768x1086.jpg 768w\" sizes=\"(max-width: 724px) 100vw, 724px\" \/><\/a><\/figure><\/li><li class=\"blocks-gallery-item\"><figure><a href=\"http:\/\/www.trastevereattiva.org\/wp-content\/uploads\/2023\/04\/condivisione-orto-ragazzi-2-763x1024.jpg\"><img loading=\"lazy\" decoding=\"async\" width=\"763\" height=\"1024\" src=\"http:\/\/www.trastevereattiva.org\/wp-content\/uploads\/2023\/04\/condivisione-orto-ragazzi-2-763x1024.jpg\" alt=\"\" data-id=\"4701\" data-link=\"http:\/\/www.trastevereattiva.org\/index.php\/inaugurazione-del-cortile-in-mica-aurea\/condivisione-orto-ragazzi-2\/\" class=\"wp-image-4701\" srcset=\"https:\/\/www.trastevereattiva.org\/wp-content\/uploads\/2023\/04\/condivisione-orto-ragazzi-2-763x1024.jpg 763w, https:\/\/www.trastevereattiva.org\/wp-content\/uploads\/2023\/04\/condivisione-orto-ragazzi-2-223x300.jpg 223w, https:\/\/www.trastevereattiva.org\/wp-content\/uploads\/2023\/04\/condivisione-orto-ragazzi-2-768x1031.jpg 768w, https:\/\/www.trastevereattiva.org\/wp-content\/uploads\/2023\/04\/condivisione-orto-ragazzi-2.jpg 899w\" sizes=\"(max-width: 763px) 100vw, 763px\" \/><\/a><\/figure><\/li><li class=\"blocks-gallery-item\"><figure><a href=\"http:\/\/www.trastevereattiva.org\/wp-content\/uploads\/2023\/04\/WhatsApp-Image-2023-04-05-at-10.33.40-707x1024.jpeg\"><img loading=\"lazy\" decoding=\"async\" width=\"707\" height=\"1024\" src=\"http:\/\/www.trastevereattiva.org\/wp-content\/uploads\/2023\/04\/WhatsApp-Image-2023-04-05-at-10.33.40-707x1024.jpeg\" alt=\"\" data-id=\"4705\" data-link=\"http:\/\/www.trastevereattiva.org\/index.php\/inaugurazione-del-cortile-in-mica-aurea\/whatsapp-image-2023-04-05-at-10-33-40\/\" class=\"wp-image-4705\" srcset=\"https:\/\/www.trastevereattiva.org\/wp-content\/uploads\/2023\/04\/WhatsApp-Image-2023-04-05-at-10.33.40-707x1024.jpeg 707w, https:\/\/www.trastevereattiva.org\/wp-content\/uploads\/2023\/04\/WhatsApp-Image-2023-04-05-at-10.33.40-207x300.jpeg 207w, https:\/\/www.trastevereattiva.org\/wp-content\/uploads\/2023\/04\/WhatsApp-Image-2023-04-05-at-10.33.40-768x1113.jpeg 768w, https:\/\/www.trastevereattiva.org\/wp-content\/uploads\/2023\/04\/WhatsApp-Image-2023-04-05-at-10.33.40.jpeg 1104w\" sizes=\"(max-width: 707px) 100vw, 707px\" \/><\/a><\/figure><\/li><\/ul>\n\n\n\n<p><br><\/p>\n","protected":false},"excerpt":{"rendered":"<p>Due anni e mezzo di iter autorizzativo e operativo! Tanto \u00e8 servito per arrivare all&#8217;inaugurazione del Cortile in Mica Aurea (piazza San Cosimato &#8211; Presidio Ospedaliero-Regina Margherita): \ufeffSabato 18 marzo si \u00e8 concluso ufficialmente il progetto di riqualificazione. Ma la riqualificazione \u00e8 solo il primo passo nel voler creare un&#8217;oasi di pace e cultura: continueremo [&hellip;]<\/p>\n","protected":false},"author":1,"featured_media":0,"parent":0,"menu_order":0,"comment_status":"closed","ping_status":"closed","template":"fullwidth.php","meta":{"footnotes":""},"_links":{"self":[{"href":"https:\/\/www.trastevereattiva.org\/index.php\/wp-json\/wp\/v2\/pages\/4691"}],"collection":[{"href":"https:\/\/www.trastevereattiva.org\/index.php\/wp-json\/wp\/v2\/pages"}],"about":[{"href":"https:\/\/www.trastevereattiva.org\/index.php\/wp-json\/wp\/v2\/types\/page"}],"author":[{"embeddable":true,"href":"https:\/\/www.trastevereattiva.org\/index.php\/wp-json\/wp\/v2\/users\/1"}],"replies":[{"embeddable":true,"href":"https:\/\/www.trastevereattiva.org\/index.php\/wp-json\/wp\/v2\/comments?post=4691"}],"version-history":[{"count":11,"href":"https:\/\/www.trastevereattiva.org\/index.php\/wp-json\/wp\/v2\/pages\/4691\/revisions"}],"predecessor-version":[{"id":4713,"href":"https:\/\/www.trastevereattiva.org\/index.php\/wp-json\/wp\/v2\/pages\/4691\/revisions\/4713"}],"wp:attachment":[{"href":"https:\/\/www.trastevereattiva.org\/index.php\/wp-json\/wp\/v2\/media?parent=4691"}],"curies":[{"name":"wp","href":"https:\/\/api.w.org\/{rel}","templated":true}]}}

<p>Due anni e mezzo di iter autorizzativo e operativo! Tanto è servito per arrivare all&#8217;<strong>inaugurazione del Cortile in Mica Aurea</strong> (piazza San Cosimato &#8211; Presidio Ospedaliero-Regina Margherita): <strong>﻿Sabato 18 marzo</strong> si è concluso ufficialmente il progetto di riqualificazione.</p>



<p class="has-text-color has-vivid-red-color"><br><strong>Ma la  riqualificazione è solo il primo passo nel voler creare un&#8217;oasi di pace  e cultura: continueremo a lavorare sul progetto con tenacia e spirito  di condivisione con altre realtà del nostro territorio!</strong></p>



<p>Attraverso gli occhi del fotografo <em><strong>Gianni Murzi</strong> </em>raccogliamo qui alcuni momenti dell&#8217;inaugurazione:</p>



<figure class="wp-block-embed-youtube wp-block-embed is-type-video is-provider-youtube wp-embed-aspect-4-3 wp-has-aspect-ratio"><div class="wp-block-embed__wrapper">
<iframe loading="lazy" title="Inaugurazione Cortile in Mica Aurea" width="1170" height="878" src="https://www.youtube.com/embed/7IHNJN-kJgo?feature=oembed" frameborder="0" allow="accelerometer; autoplay; clipboard-write; encrypted-media; gyroscope; picture-in-picture; web-share" allowfullscreen></iframe>
</div></figure>



<p>Ci fa molto piacere riportare anche le testimonianze dei giovani pazienti ospiti della <em>“Struttura Residenziale &#8211; Terapeutica di Ripa Grande” </em>nello stesso presidio sanitario <em>Nuovo Regina Margherita. </em></p>



<p>Sono tutti ragazzi giovanissimi e l’entusiasmo della loro età si è sentito tutto quando hanno cominciato a lavorare nel piccolo orto facente parte del progetto di riqualificazione!  Insieme ai volontari di <em>Trastevere Attiva</em>  hanno scelto il  tipo di piante da collocare in alcune zone: fiori,  ortive, fruttifere,  erbacee e si stanno prendendo cura con amore del  luogo in cui vivono.  Stanno portando avanti  l’esperienza con costanza e continuità,  appassionandosi. Imparano anche  a conoscere e i ritmi di ogni pianta,  quando innaffiarla, quando  travasarla se è in vaso, quando e come  potarla se occorre. Operazioni  che impegnano corpo e mente e rendono  più facile,  per un po’, distrarsi dalle preoccupazioni e dai problemi  personali.  Inoltre, curare il giardino o le piante in vaso creando un  ambiente  affascinante e vario, li aiuta a sentirsi capaci e competenti  favorendo  l’autostima.</p>



<p class="has-text-color has-vivid-red-color"><em>Clicca sulle immagini per visualizzarle interamente.</em></p>



<ul class="wp-block-gallery columns-2 is-cropped wp-block-gallery-1 is-layout-flex wp-block-gallery-is-layout-flex"><li class="blocks-gallery-item"><figure><a href="http://www.trastevereattiva.org/wp-content/uploads/2023/04/condivisione-orto-ragazzi-1-905x1024.jpg"><img loading="lazy" decoding="async" width="905" height="1024" src="http://www.trastevereattiva.org/wp-content/uploads/2023/04/condivisione-orto-ragazzi-1-905x1024.jpg" alt="" data-id="4700" data-link="http://www.trastevereattiva.org/index.php/inaugurazione-del-cortile-in-mica-aurea/condivisione-orto-ragazzi-1/" class="wp-image-4700" srcset="https://www.trastevereattiva.org/wp-content/uploads/2023/04/condivisione-orto-ragazzi-1-905x1024.jpg 905w, https://www.trastevereattiva.org/wp-content/uploads/2023/04/condivisione-orto-ragazzi-1-265x300.jpg 265w, https://www.trastevereattiva.org/wp-content/uploads/2023/04/condivisione-orto-ragazzi-1-768x869.jpg 768w, https://www.trastevereattiva.org/wp-content/uploads/2023/04/condivisione-orto-ragazzi-1.jpg 1204w" sizes="(max-width: 905px) 100vw, 905px" /></a></figure></li><li class="blocks-gallery-item"><figure><a href="http://www.trastevereattiva.org/wp-content/uploads/2023/04/condivisione-orto-ragazzi-3-810x1024.jpg"><img loading="lazy" decoding="async" width="810" height="1024" src="http://www.trastevereattiva.org/wp-content/uploads/2023/04/condivisione-orto-ragazzi-3-810x1024.jpg" alt="" data-id="4702" data-link="http://www.trastevereattiva.org/index.php/inaugurazione-del-cortile-in-mica-aurea/condivisione-orto-ragazzi-3/" class="wp-image-4702" srcset="https://www.trastevereattiva.org/wp-content/uploads/2023/04/condivisione-orto-ragazzi-3-810x1024.jpg 810w, https://www.trastevereattiva.org/wp-content/uploads/2023/04/condivisione-orto-ragazzi-3-237x300.jpg 237w, https://www.trastevereattiva.org/wp-content/uploads/2023/04/condivisione-orto-ragazzi-3-768x971.jpg 768w, https://www.trastevereattiva.org/wp-content/uploads/2023/04/condivisione-orto-ragazzi-3.jpg 895w" sizes="(max-width: 810px) 100vw, 810px" /></a></figure></li><li class="blocks-gallery-item"><figure><a href="http://www.trastevereattiva.org/wp-content/uploads/2023/04/WhatsApp-Image-2023-03-23-at-14.18.53-1024x654.jpeg"><img loading="lazy" decoding="async" width="1024" height="654" src="http://www.trastevereattiva.org/wp-content/uploads/2023/04/WhatsApp-Image-2023-03-23-at-14.18.53-1024x654.jpeg" alt="" data-id="4704" data-link="http://www.trastevereattiva.org/index.php/inaugurazione-del-cortile-in-mica-aurea/whatsapp-image-2023-03-23-at-14-18-53/" class="wp-image-4704" srcset="https://www.trastevereattiva.org/wp-content/uploads/2023/04/WhatsApp-Image-2023-03-23-at-14.18.53-1024x654.jpeg 1024w, https://www.trastevereattiva.org/wp-content/uploads/2023/04/WhatsApp-Image-2023-03-23-at-14.18.53-300x192.jpeg 300w, https://www.trastevereattiva.org/wp-content/uploads/2023/04/WhatsApp-Image-2023-03-23-at-14.18.53-768x491.jpeg 768w, https://www.trastevereattiva.org/wp-content/uploads/2023/04/WhatsApp-Image-2023-03-23-at-14.18.53.jpeg 1470w" sizes="(max-width: 1024px) 100vw, 1024px" /></a></figure></li><li class="blocks-gallery-item"><figure><a href="http://www.trastevereattiva.org/wp-content/uploads/2023/04/condisioni-orto-ragazzi-_Pagina_1-724x1024.jpg"><img loading="lazy" decoding="async" width="724" height="1024" src="http://www.trastevereattiva.org/wp-content/uploads/2023/04/condisioni-orto-ragazzi-_Pagina_1-724x1024.jpg" alt="" data-id="4698" data-link="http://www.trastevereattiva.org/index.php/inaugurazione-del-cortile-in-mica-aurea/condisioni-orto-ragazzi-_pagina_1/" class="wp-image-4698" srcset="https://www.trastevereattiva.org/wp-content/uploads/2023/04/condisioni-orto-ragazzi-_Pagina_1-724x1024.jpg 724w, https://www.trastevereattiva.org/wp-content/uploads/2023/04/condisioni-orto-ragazzi-_Pagina_1-212x300.jpg 212w, https://www.trastevereattiva.org/wp-content/uploads/2023/04/condisioni-orto-ragazzi-_Pagina_1-768x1086.jpg 768w" sizes="(max-width: 724px) 100vw, 724px" /></a></figure></li><li class="blocks-gallery-item"><figure><a href="http://www.trastevereattiva.org/wp-content/uploads/2023/04/condivisione-orto-ragazzi-4-1024x654.jpg"><img loading="lazy" decoding="async" width="1024" height="654" src="http://www.trastevereattiva.org/wp-content/uploads/2023/04/condivisione-orto-ragazzi-4-1024x654.jpg" alt="" data-id="4703" data-link="http://www.trastevereattiva.org/index.php/inaugurazione-del-cortile-in-mica-aurea/condivisione-orto-ragazzi-4/" class="wp-image-4703" srcset="https://www.trastevereattiva.org/wp-content/uploads/2023/04/condivisione-orto-ragazzi-4-1024x654.jpg 1024w, https://www.trastevereattiva.org/wp-content/uploads/2023/04/condivisione-orto-ragazzi-4-300x192.jpg 300w, https://www.trastevereattiva.org/wp-content/uploads/2023/04/condivisione-orto-ragazzi-4-768x491.jpg 768w, https://www.trastevereattiva.org/wp-content/uploads/2023/04/condivisione-orto-ragazzi-4.jpg 1307w" sizes="(max-width: 1024px) 100vw, 1024px" /></a></figure></li><li class="blocks-gallery-item"><figure><a href="http://www.trastevereattiva.org/wp-content/uploads/2023/04/condisioni-orto-ragazzi-_Pagina_2-724x1024.jpg"><img loading="lazy" decoding="async" width="724" height="1024" src="http://www.trastevereattiva.org/wp-content/uploads/2023/04/condisioni-orto-ragazzi-_Pagina_2-724x1024.jpg" alt="" data-id="4699" data-link="http://www.trastevereattiva.org/index.php/inaugurazione-del-cortile-in-mica-aurea/condisioni-orto-ragazzi-_pagina_2/" class="wp-image-4699" srcset="https://www.trastevereattiva.org/wp-content/uploads/2023/04/condisioni-orto-ragazzi-_Pagina_2-724x1024.jpg 724w, https://www.trastevereattiva.org/wp-content/uploads/2023/04/condisioni-orto-ragazzi-_Pagina_2-212x300.jpg 212w, https://www.trastevereattiva.org/wp-content/uploads/2023/04/condisioni-orto-ragazzi-_Pagina_2-768x1086.jpg 768w" sizes="(max-width: 724px) 100vw, 724px" /></a></figure></li><li class="blocks-gallery-item"><figure><a href="http://www.trastevereattiva.org/wp-content/uploads/2023/04/condivisione-orto-ragazzi-2-763x1024.jpg"><img loading="lazy" decoding="async" width="763" height="1024" src="http://www.trastevereattiva.org/wp-content/uploads/2023/04/condivisione-orto-ragazzi-2-763x1024.jpg" alt="" data-id="4701" data-link="http://www.trastevereattiva.org/index.php/inaugurazione-del-cortile-in-mica-aurea/condivisione-orto-ragazzi-2/" class="wp-image-4701" srcset="https://www.trastevereattiva.org/wp-content/uploads/2023/04/condivisione-orto-ragazzi-2-763x1024.jpg 763w, https://www.trastevereattiva.org/wp-content/uploads/2023/04/condivisione-orto-ragazzi-2-223x300.jpg 223w, https://www.trastevereattiva.org/wp-content/uploads/2023/04/condivisione-orto-ragazzi-2-768x1031.jpg 768w, https://www.trastevereattiva.org/wp-content/uploads/2023/04/condivisione-orto-ragazzi-2.jpg 899w" sizes="(max-width: 763px) 100vw, 763px" /></a></figure></li><li class="blocks-gallery-item"><figure><a href="http://www.trastevereattiva.org/wp-content/uploads/2023/04/WhatsApp-Image-2023-04-05-at-10.33.40-707x1024.jpeg"><img loading="lazy" decoding="async" width="707" height="1024" src="http://www.trastevereattiva.org/wp-content/uploads/2023/04/WhatsApp-Image-2023-04-05-at-10.33.40-707x1024.jpeg" alt="" data-id="4705" data-link="http://www.trastevereattiva.org/index.php/inaugurazione-del-cortile-in-mica-aurea/whatsapp-image-2023-04-05-at-10-33-40/" class="wp-image-4705" srcset="https://www.trastevereattiva.org/wp-content/uploads/2023/04/WhatsApp-Image-2023-04-05-at-10.33.40-707x1024.jpeg 707w, https://www.trastevereattiva.org/wp-content/uploads/2023/04/WhatsApp-Image-2023-04-05-at-10.33.40-207x300.jpeg 207w, https://www.trastevereattiva.org/wp-content/uploads/2023/04/WhatsApp-Image-2023-04-05-at-10.33.40-768x1113.jpeg 768w, https://www.trastevereattiva.org/wp-content/uploads/2023/04/WhatsApp-Image-2023-04-05-at-10.33.40.jpeg 1104w" sizes="(max-width: 707px) 100vw, 707px" /></a></figure></li></ul>



<p><br></p>

<p>Due anni e mezzo di iter autorizzativo e operativo! Tanto è servito per arrivare all&#8217;inaugurazione del Cortile in Mica Aurea (piazza San Cosimato &#8211; Presidio Ospedaliero-Regina Margherita): ﻿Sabato 18 marzo si è concluso ufficialmente il progetto di riqualificazione. Ma la riqualificazione è solo il primo passo nel voler creare un&#8217;oasi di pace e cultura: continueremo [&hellip;]</p>
