{"id":4755,"date":"2023-06-25T15:02:17","date_gmt":"2023-06-25T13:02:17","guid":{"rendered":"http:\/\/www.trastevereattiva.org\/?page_id=4755"},"modified":"2023-06-25T16:21:34","modified_gmt":"2023-06-25T14:21:34","slug":"progetto-bevo-anche-no-alcuni-dati","status":"publish","type":"page","link":"https:\/\/www.trastevereattiva.org\/index.php\/progetto-bevo-anche-no-alcuni-dati\/","title":{"rendered":"Progetto BEVO ANCHE NO? &#8211; alcuni dati"},"content":{"rendered":"\n<p>Ecco qualche approfondimento sulle dimensioni del problema &#8220;abuso di alcol tra i minori&#8221;.<\/p>\n\n\n\n<p>Secondo i dati <strong><em>Istat<\/em><\/strong> di un\u2019indagine conoscitiva sulle dipendenze patologiche diffuse tra i giovani, relativi all\u2019anno 2020, il consumo di alcol tra gli adolescenti \u00e8 elevato, quindi anche i rischi correlati, con un incremento negli anni da parte delle ragazze che ha allineato il livello di consumo con quello dei coetanei maschi. Il 18,6% degli adolescenti (11-17) ha consumato nell\u2019anno almeno 1 bevanda alcolica, l\u20198,7 di questi fuori pasto e il 2,9 si dedica al cosiddetto <em>binge drinking <\/em>ovvero l\u2019abbuffata di alcol in un tempo di 2 ore per raggiungere lo \u201csballo\u201d fine a se stesso, scopo dell\u2019uscita con gli amici.<\/p>\n\n\n\n<p>I dati salgono\nevidentemente nella fascia di et\u00e0 successiva (18-24) con il 73,5% di giovani\nche ha consumato nell\u2019anno almeno 1 bevanda alcolica, il 60,5 di questi lo ha\nfatto fuori pasto e ben il 18,4 pratica il <em>binge\ndrinking.<\/em> Riguardo al consumo preferito da parte degli adolescenti, i\nmaschi mettono al primo posto la birra seguita da aperitivi\/amari\/superalcolici\ne le femmine l\u2019inverso.<\/p>\n\n\n\n<p><strong><em>Persone di 11-17 anni per abitudini di consumo di bevande alcoliche, genere e classe di et\u00e0 Anno 2020 (valori percentuali)<\/em><\/strong><\/p>\n\n\n\n<figure class=\"wp-block-image is-resized\"><img loading=\"lazy\" decoding=\"async\" src=\"http:\/\/www.trastevereattiva.org\/wp-content\/uploads\/2023\/06\/schema-dati-ISTAT-1024x299.jpg\" alt=\"\" class=\"wp-image-4756\" width=\"475\" height=\"138\" srcset=\"https:\/\/www.trastevereattiva.org\/wp-content\/uploads\/2023\/06\/schema-dati-ISTAT-1024x299.jpg 1024w, https:\/\/www.trastevereattiva.org\/wp-content\/uploads\/2023\/06\/schema-dati-ISTAT-300x88.jpg 300w, https:\/\/www.trastevereattiva.org\/wp-content\/uploads\/2023\/06\/schema-dati-ISTAT-768x225.jpg 768w, https:\/\/www.trastevereattiva.org\/wp-content\/uploads\/2023\/06\/schema-dati-ISTAT.jpg 1717w\" sizes=\"(max-width: 475px) 100vw, 475px\" \/><\/figure>\n\n\n\n<p>Come riportato dal Presidente ISTAT\nalla Commissione parlamentare per l&#8217;infanzia e l&#8217;adolescenza (27 maggio 2021),a causa degli effetti dell\u2019alcool\nvanno considerati a rischio tutti i minori di 18 anni che hanno consumato una\nqualsiasi bevanda alcolica. I valori su riportati possono sembrare bassi, ma\nnon lo sono se si considera che in realt\u00e0 dovrebbero tendere a 0 e peraltro il\n4,3% della fascia d\u2019et\u00e0 11-17 ha le abitudini pi\u00f9 rischiose perch\u00e9 \u00e8\ncaratterizzata da un consumo giornaliero di bevande alcoliche, dal <em>binge drinking<\/em> e\/o dal consumo fuori\npasto almeno settimanale. Inoltre, \u00e8 preoccupante che gli episodi di\nubriacatura raggiungono tra i 16-17enni livelli quasi allineati a quelli medi\ndella popolazione (6,5% rispetto al 7,6% della media della popolazione), con\nlivelli simili tra ragazzi e ragazze. Per quanto sopra esposto, \u00e8 necessario un rinnovato sforzo\nper incrementare i livelli di consapevolezza sui rischi legati al bere nella\npopolazione generale e tra i minori in particolare.&nbsp; Per questi ultimi \u00e8\nimportante anche sottolineare che oltre alla frequenza di consumo di alcol, va\nanche monitorato se l\u2019uso sia fine a se stesso o no. Va distinto l\u2019uso sociale\ncodificato nella nostra societ\u00e0 dal quando si esce solo per bere e cio\u00e8 quando\nl\u2019alcol diventa un fine e non un mezzo di socialit\u00e0. L\u2019esplorazione, la ricerca\ndi cose nuove e stimoli esterni, tipica dell\u2019et\u00e0 adolescenziale ha una funzione\nevolutiva: ma la situazione diventa problematica se si usano sostanze, perch\u00e9\nla risposta \u00e8 nelle sostanze stesse e non c\u2019\u00e8 pi\u00f9 bisogno di esplorare. La\nricerca di una situazione di \u201csballo\u201d denota che qualcosa non sta funzionando\nnel processo di crescita, nella regolazione dell\u2019umore e nello sviluppo. E le\nsostanze intervengono proprio su queste difficolt\u00e0. Il fenomeno ha assunto\ncaratteristiche di un comportamento generazionale e ogni adolescente deve\nconfrontarsi con un insieme di conoscenze, valori e atteggiamenti (cultura\nadolescenziale) che \u00e8 alla base dell\u2019accettazione o del rifiuto di droghe <em>(\u201cSballare per crescere?\u201d <\/em>a cura di Alfio Maggiolini,\nFranco Angeli Edizioni). In questo\ncontesto gli adulti sono chiamati a dare il proprio contributo alla\nprevenzione, perch\u00e9 la cultura degli adolescenti sia orientata allo sviluppo\ndell&#8217;autonomia e alla crescita, piuttosto che alla dipendenza.<\/p>\n\n\n\n<p><\/p>\n","protected":false},"excerpt":{"rendered":"<p>Ecco qualche approfondimento sulle dimensioni del problema &#8220;abuso di alcol tra i minori&#8221;. Secondo i dati Istat di un\u2019indagine conoscitiva sulle dipendenze patologiche diffuse tra i giovani, relativi all\u2019anno 2020, il consumo di alcol tra gli adolescenti \u00e8 elevato, quindi anche i rischi correlati, con un incremento negli anni da parte delle ragazze che ha [&hellip;]<\/p>\n","protected":false},"author":1,"featured_media":0,"parent":0,"menu_order":0,"comment_status":"closed","ping_status":"closed","template":"fullwidth.php","meta":{"footnotes":""},"_links":{"self":[{"href":"https:\/\/www.trastevereattiva.org\/index.php\/wp-json\/wp\/v2\/pages\/4755"}],"collection":[{"href":"https:\/\/www.trastevereattiva.org\/index.php\/wp-json\/wp\/v2\/pages"}],"about":[{"href":"https:\/\/www.trastevereattiva.org\/index.php\/wp-json\/wp\/v2\/types\/page"}],"author":[{"embeddable":true,"href":"https:\/\/www.trastevereattiva.org\/index.php\/wp-json\/wp\/v2\/users\/1"}],"replies":[{"embeddable":true,"href":"https:\/\/www.trastevereattiva.org\/index.php\/wp-json\/wp\/v2\/comments?post=4755"}],"version-history":[{"count":7,"href":"https:\/\/www.trastevereattiva.org\/index.php\/wp-json\/wp\/v2\/pages\/4755\/revisions"}],"predecessor-version":[{"id":4794,"href":"https:\/\/www.trastevereattiva.org\/index.php\/wp-json\/wp\/v2\/pages\/4755\/revisions\/4794"}],"wp:attachment":[{"href":"https:\/\/www.trastevereattiva.org\/index.php\/wp-json\/wp\/v2\/media?parent=4755"}],"curies":[{"name":"wp","href":"https:\/\/api.w.org\/{rel}","templated":true}]}}

<p>Ecco qualche approfondimento sulle dimensioni del problema &#8220;abuso di alcol tra i minori&#8221;.</p>



<p>Secondo i dati <strong><em>Istat</em></strong> di un’indagine conoscitiva sulle dipendenze patologiche diffuse tra i giovani, relativi all’anno 2020, il consumo di alcol tra gli adolescenti è elevato, quindi anche i rischi correlati, con un incremento negli anni da parte delle ragazze che ha allineato il livello di consumo con quello dei coetanei maschi. Il 18,6% degli adolescenti (11-17) ha consumato nell’anno almeno 1 bevanda alcolica, l’8,7 di questi fuori pasto e il 2,9 si dedica al cosiddetto <em>binge drinking </em>ovvero l’abbuffata di alcol in un tempo di 2 ore per raggiungere lo “sballo” fine a se stesso, scopo dell’uscita con gli amici.</p>



<p>I dati salgono
evidentemente nella fascia di età successiva (18-24) con il 73,5% di giovani
che ha consumato nell’anno almeno 1 bevanda alcolica, il 60,5 di questi lo ha
fatto fuori pasto e ben il 18,4 pratica il <em>binge
drinking.</em> Riguardo al consumo preferito da parte degli adolescenti, i
maschi mettono al primo posto la birra seguita da aperitivi/amari/superalcolici
e le femmine l’inverso.</p>



<p><strong><em>Persone di 11-17 anni per abitudini di consumo di bevande alcoliche, genere e classe di età Anno 2020 (valori percentuali)</em></strong></p>



<figure class="wp-block-image is-resized"><img loading="lazy" decoding="async" src="http://www.trastevereattiva.org/wp-content/uploads/2023/06/schema-dati-ISTAT-1024x299.jpg" alt="" class="wp-image-4756" width="475" height="138" srcset="https://www.trastevereattiva.org/wp-content/uploads/2023/06/schema-dati-ISTAT-1024x299.jpg 1024w, https://www.trastevereattiva.org/wp-content/uploads/2023/06/schema-dati-ISTAT-300x88.jpg 300w, https://www.trastevereattiva.org/wp-content/uploads/2023/06/schema-dati-ISTAT-768x225.jpg 768w, https://www.trastevereattiva.org/wp-content/uploads/2023/06/schema-dati-ISTAT.jpg 1717w" sizes="(max-width: 475px) 100vw, 475px" /></figure>



<p>Come riportato dal Presidente ISTAT
alla Commissione parlamentare per l&#8217;infanzia e l&#8217;adolescenza (27 maggio 2021),a causa degli effetti dell’alcool
vanno considerati a rischio tutti i minori di 18 anni che hanno consumato una
qualsiasi bevanda alcolica. I valori su riportati possono sembrare bassi, ma
non lo sono se si considera che in realtà dovrebbero tendere a 0 e peraltro il
4,3% della fascia d’età 11-17 ha le abitudini più rischiose perché è
caratterizzata da un consumo giornaliero di bevande alcoliche, dal <em>binge drinking</em> e/o dal consumo fuori
pasto almeno settimanale. Inoltre, è preoccupante che gli episodi di
ubriacatura raggiungono tra i 16-17enni livelli quasi allineati a quelli medi
della popolazione (6,5% rispetto al 7,6% della media della popolazione), con
livelli simili tra ragazzi e ragazze. Per quanto sopra esposto, è necessario un rinnovato sforzo
per incrementare i livelli di consapevolezza sui rischi legati al bere nella
popolazione generale e tra i minori in particolare.&nbsp; Per questi ultimi è
importante anche sottolineare che oltre alla frequenza di consumo di alcol, va
anche monitorato se l’uso sia fine a se stesso o no. Va distinto l’uso sociale
codificato nella nostra società dal quando si esce solo per bere e cioè quando
l’alcol diventa un fine e non un mezzo di socialità. L’esplorazione, la ricerca
di cose nuove e stimoli esterni, tipica dell’età adolescenziale ha una funzione
evolutiva: ma la situazione diventa problematica se si usano sostanze, perché
la risposta è nelle sostanze stesse e non c’è più bisogno di esplorare. La
ricerca di una situazione di “sballo” denota che qualcosa non sta funzionando
nel processo di crescita, nella regolazione dell’umore e nello sviluppo. E le
sostanze intervengono proprio su queste difficoltà. Il fenomeno ha assunto
caratteristiche di un comportamento generazionale e ogni adolescente deve
confrontarsi con un insieme di conoscenze, valori e atteggiamenti (cultura
adolescenziale) che è alla base dell’accettazione o del rifiuto di droghe <em>(“Sballare per crescere?” </em>a cura di Alfio Maggiolini,
Franco Angeli Edizioni). In questo
contesto gli adulti sono chiamati a dare il proprio contributo alla
prevenzione, perché la cultura degli adolescenti sia orientata allo sviluppo
dell&#8217;autonomia e alla crescita, piuttosto che alla dipendenza.</p>



<p></p>

<p>Ecco qualche approfondimento sulle dimensioni del problema &#8220;abuso di alcol tra i minori&#8221;. Secondo i dati Istat di un’indagine conoscitiva sulle dipendenze patologiche diffuse tra i giovani, relativi all’anno 2020, il consumo di alcol tra gli adolescenti è elevato, quindi anche i rischi correlati, con un incremento negli anni da parte delle ragazze che ha [&hellip;]</p>
