{"id":864,"date":"2015-12-27T10:22:08","date_gmt":"2015-12-27T09:22:08","guid":{"rendered":"http:\/\/www.trastevereattiva.org\/?page_id=864"},"modified":"2020-02-26T19:01:31","modified_gmt":"2020-02-26T18:01:31","slug":"rampa-di-monte-aureo-giovanni","status":"publish","type":"page","link":"https:\/\/www.trastevereattiva.org\/index.php\/eventi\/rampa-di-monte-aureo\/rampa-di-monte-aureo-giovanni\/","title":{"rendered":"Rampa di Monte Aureo &#8211; GIOVANNI (dicembre 2015) 1a bonifica"},"content":{"rendered":"<p>Giovanni\u00a0\u00e8\u00a0l&#8217;anziano senzatetto rumeno che staziona davanti al Todis di via Natale del Grande.<\/p>\n<p>Abbiamo impiegato mesi per portarlo a non accumulare residui vari nell&#8217;area verde accanto al parco giochi di\u00a0piazza San Cosimato, e\u00a0lui, gradualmente, si \u00e8 andato ad impiantare indisturbato nel <b>boschetto accanto alla salita del Monte Aureo<\/b>, alle pendici del Gianicolo.<\/p>\n<p>In pochi mesi\u00a0&#8230; guardate le foto allegate sotto!<\/p>\n<p>Sono state fatte molte segnalazioni alle istituzioni competenti, da parte di alcuni di noi\u00a0e\u00a0da altri residenti, soprattutto da quando sono stati visti dei fuochi accesi nel boschetto (gi\u00e0 in estate c&#8217;era stato un principio di incendio per stessi fuochi da campeggio abusivo).<\/p>\n<p>Ad inizio dicembre\u00a0\u00e8 iniziata finalmente l&#8217;opera di bonifica richiesta: quasi <strong>3<\/strong><b>\u00a0giorni e 15 camioncini <\/b>per portare via tutto!<\/p>\n<p>Rimane aperta la domanda: <b>dove andr\u00e0 Giovanni <\/b>ad accumulare nuovamente quanto continuer\u00e0 a raccattare?\u00a0Sappiamo che ha preferito questo suo modo di vita ad una sistemazione pi\u00f9 civile gi\u00e0 propostagli e non \u00e8 possibile costringerlo contro la sua volont\u00e0. <b>Il problema di nuovi inaccettabili accumuli (sempre a <\/b><b>rischio incendio) \u00e8 solo rimandato, non risolto.<\/b><\/p>\n<p>Anche con\u00a0la Comunit\u00e0 di Sant&#8217;Egidio non abbiamo trovato soluzioni. Non \u00e8 facile\u00a0coniugare &#8220;accoglienza&#8221; con &#8220;sicurezza&#8221; e &#8220;decoro civico&#8221;!<\/p>\n<div id='gallery-1' class='gallery galleryid-864 gallery-columns-2 gallery-size-large'><figure class='gallery-item'>\n\t\t\t<div class='gallery-icon portrait'>\n\t\t\t\t<img loading=\"lazy\" decoding=\"async\" width=\"807\" height=\"1024\" src=\"https:\/\/www.trastevereattiva.org\/wp-content\/uploads\/2015\/12\/IMG_6012-1-807x1024.jpg\" class=\"attachment-large size-large\" alt=\"\" srcset=\"https:\/\/www.trastevereattiva.org\/wp-content\/uploads\/2015\/12\/IMG_6012-1-807x1024.jpg 807w, https:\/\/www.trastevereattiva.org\/wp-content\/uploads\/2015\/12\/IMG_6012-1-236x300.jpg 236w, https:\/\/www.trastevereattiva.org\/wp-content\/uploads\/2015\/12\/IMG_6012-1-768x974.jpg 768w, https:\/\/www.trastevereattiva.org\/wp-content\/uploads\/2015\/12\/IMG_6012-1.jpg 867w\" sizes=\"(max-width: 807px) 100vw, 807px\" \/>\n\t\t\t<\/div><\/figure><figure class='gallery-item'>\n\t\t\t<div class='gallery-icon landscape'>\n\t\t\t\t<img loading=\"lazy\" decoding=\"async\" width=\"1024\" height=\"765\" src=\"https:\/\/www.trastevereattiva.org\/wp-content\/uploads\/2015\/12\/IMG_6775-1024x765.jpg\" class=\"attachment-large size-large\" alt=\"\" srcset=\"https:\/\/www.trastevereattiva.org\/wp-content\/uploads\/2015\/12\/IMG_6775-1024x765.jpg 1024w, https:\/\/www.trastevereattiva.org\/wp-content\/uploads\/2015\/12\/IMG_6775-300x224.jpg 300w, https:\/\/www.trastevereattiva.org\/wp-content\/uploads\/2015\/12\/IMG_6775-768x574.jpg 768w\" sizes=\"(max-width: 1024px) 100vw, 1024px\" \/>\n\t\t\t<\/div><\/figure><figure class='gallery-item'>\n\t\t\t<div class='gallery-icon landscape'>\n\t\t\t\t<img loading=\"lazy\" decoding=\"async\" width=\"1024\" height=\"765\" src=\"https:\/\/www.trastevereattiva.org\/wp-content\/uploads\/2015\/12\/IMG_6777-1024x765.jpg\" class=\"attachment-large size-large\" alt=\"\" srcset=\"https:\/\/www.trastevereattiva.org\/wp-content\/uploads\/2015\/12\/IMG_6777-1024x765.jpg 1024w, https:\/\/www.trastevereattiva.org\/wp-content\/uploads\/2015\/12\/IMG_6777-300x224.jpg 300w, https:\/\/www.trastevereattiva.org\/wp-content\/uploads\/2015\/12\/IMG_6777-768x574.jpg 768w\" sizes=\"(max-width: 1024px) 100vw, 1024px\" \/>\n\t\t\t<\/div><\/figure><figure class='gallery-item'>\n\t\t\t<div class='gallery-icon landscape'>\n\t\t\t\t<img loading=\"lazy\" decoding=\"async\" width=\"1024\" height=\"765\" src=\"https:\/\/www.trastevereattiva.org\/wp-content\/uploads\/2015\/12\/IMG_6778-1024x765.jpg\" class=\"attachment-large size-large\" alt=\"\" srcset=\"https:\/\/www.trastevereattiva.org\/wp-content\/uploads\/2015\/12\/IMG_6778-1024x765.jpg 1024w, https:\/\/www.trastevereattiva.org\/wp-content\/uploads\/2015\/12\/IMG_6778-300x224.jpg 300w, https:\/\/www.trastevereattiva.org\/wp-content\/uploads\/2015\/12\/IMG_6778-768x574.jpg 768w\" sizes=\"(max-width: 1024px) 100vw, 1024px\" \/>\n\t\t\t<\/div><\/figure><figure class='gallery-item'>\n\t\t\t<div class='gallery-icon portrait'>\n\t\t\t\t<img loading=\"lazy\" decoding=\"async\" width=\"765\" height=\"1024\" src=\"https:\/\/www.trastevereattiva.org\/wp-content\/uploads\/2015\/12\/IMG_6779-765x1024.jpg\" class=\"attachment-large size-large\" alt=\"\" srcset=\"https:\/\/www.trastevereattiva.org\/wp-content\/uploads\/2015\/12\/IMG_6779-765x1024.jpg 765w, https:\/\/www.trastevereattiva.org\/wp-content\/uploads\/2015\/12\/IMG_6779-224x300.jpg 224w, https:\/\/www.trastevereattiva.org\/wp-content\/uploads\/2015\/12\/IMG_6779-768x1028.jpg 768w, https:\/\/www.trastevereattiva.org\/wp-content\/uploads\/2015\/12\/IMG_6779.jpg 1936w\" sizes=\"(max-width: 765px) 100vw, 765px\" \/>\n\t\t\t<\/div><\/figure><figure class='gallery-item'>\n\t\t\t<div class='gallery-icon portrait'>\n\t\t\t\t<img loading=\"lazy\" decoding=\"async\" width=\"765\" height=\"1024\" src=\"https:\/\/www.trastevereattiva.org\/wp-content\/uploads\/2015\/12\/IMG_6782-765x1024.jpg\" class=\"attachment-large size-large\" alt=\"\" srcset=\"https:\/\/www.trastevereattiva.org\/wp-content\/uploads\/2015\/12\/IMG_6782-765x1024.jpg 765w, https:\/\/www.trastevereattiva.org\/wp-content\/uploads\/2015\/12\/IMG_6782-224x300.jpg 224w, https:\/\/www.trastevereattiva.org\/wp-content\/uploads\/2015\/12\/IMG_6782-768x1028.jpg 768w, https:\/\/www.trastevereattiva.org\/wp-content\/uploads\/2015\/12\/IMG_6782.jpg 1936w\" sizes=\"(max-width: 765px) 100vw, 765px\" \/>\n\t\t\t<\/div><\/figure><figure class='gallery-item'>\n\t\t\t<div class='gallery-icon portrait'>\n\t\t\t\t<img loading=\"lazy\" decoding=\"async\" width=\"765\" height=\"1024\" src=\"https:\/\/www.trastevereattiva.org\/wp-content\/uploads\/2015\/12\/IMG_6783-765x1024.jpg\" class=\"attachment-large size-large\" alt=\"\" srcset=\"https:\/\/www.trastevereattiva.org\/wp-content\/uploads\/2015\/12\/IMG_6783-765x1024.jpg 765w, https:\/\/www.trastevereattiva.org\/wp-content\/uploads\/2015\/12\/IMG_6783-224x300.jpg 224w, https:\/\/www.trastevereattiva.org\/wp-content\/uploads\/2015\/12\/IMG_6783-768x1028.jpg 768w, https:\/\/www.trastevereattiva.org\/wp-content\/uploads\/2015\/12\/IMG_6783.jpg 1936w\" sizes=\"(max-width: 765px) 100vw, 765px\" \/>\n\t\t\t<\/div><\/figure><figure class='gallery-item'>\n\t\t\t<div class='gallery-icon landscape'>\n\t\t\t\t<img loading=\"lazy\" decoding=\"async\" width=\"1024\" height=\"765\" src=\"https:\/\/www.trastevereattiva.org\/wp-content\/uploads\/2015\/12\/IMG_6957-1024x765.jpg\" class=\"attachment-large size-large\" alt=\"\" srcset=\"https:\/\/www.trastevereattiva.org\/wp-content\/uploads\/2015\/12\/IMG_6957-1024x765.jpg 1024w, https:\/\/www.trastevereattiva.org\/wp-content\/uploads\/2015\/12\/IMG_6957-300x224.jpg 300w, https:\/\/www.trastevereattiva.org\/wp-content\/uploads\/2015\/12\/IMG_6957-768x574.jpg 768w\" sizes=\"(max-width: 1024px) 100vw, 1024px\" \/>\n\t\t\t<\/div><\/figure><figure class='gallery-item'>\n\t\t\t<div class='gallery-icon landscape'>\n\t\t\t\t<img loading=\"lazy\" decoding=\"async\" width=\"1024\" height=\"765\" src=\"https:\/\/www.trastevereattiva.org\/wp-content\/uploads\/2015\/12\/IMG_6960-1024x765.jpg\" class=\"attachment-large size-large\" alt=\"\" srcset=\"https:\/\/www.trastevereattiva.org\/wp-content\/uploads\/2015\/12\/IMG_6960-1024x765.jpg 1024w, https:\/\/www.trastevereattiva.org\/wp-content\/uploads\/2015\/12\/IMG_6960-300x224.jpg 300w, https:\/\/www.trastevereattiva.org\/wp-content\/uploads\/2015\/12\/IMG_6960-768x574.jpg 768w\" sizes=\"(max-width: 1024px) 100vw, 1024px\" \/>\n\t\t\t<\/div><\/figure><figure class='gallery-item'>\n\t\t\t<div class='gallery-icon landscape'>\n\t\t\t\t<img loading=\"lazy\" decoding=\"async\" width=\"1024\" height=\"765\" src=\"https:\/\/www.trastevereattiva.org\/wp-content\/uploads\/2015\/12\/IMG_6963-1024x765.jpg\" class=\"attachment-large size-large\" alt=\"\" srcset=\"https:\/\/www.trastevereattiva.org\/wp-content\/uploads\/2015\/12\/IMG_6963-1024x765.jpg 1024w, https:\/\/www.trastevereattiva.org\/wp-content\/uploads\/2015\/12\/IMG_6963-300x224.jpg 300w, https:\/\/www.trastevereattiva.org\/wp-content\/uploads\/2015\/12\/IMG_6963-768x574.jpg 768w\" sizes=\"(max-width: 1024px) 100vw, 1024px\" \/>\n\t\t\t<\/div><\/figure><figure class='gallery-item'>\n\t\t\t<div class='gallery-icon landscape'>\n\t\t\t\t<img loading=\"lazy\" decoding=\"async\" width=\"1024\" height=\"765\" src=\"https:\/\/www.trastevereattiva.org\/wp-content\/uploads\/2015\/12\/IMG_6965-1024x765.jpg\" class=\"attachment-large size-large\" alt=\"\" srcset=\"https:\/\/www.trastevereattiva.org\/wp-content\/uploads\/2015\/12\/IMG_6965-1024x765.jpg 1024w, https:\/\/www.trastevereattiva.org\/wp-content\/uploads\/2015\/12\/IMG_6965-300x224.jpg 300w, https:\/\/www.trastevereattiva.org\/wp-content\/uploads\/2015\/12\/IMG_6965-768x574.jpg 768w\" sizes=\"(max-width: 1024px) 100vw, 1024px\" \/>\n\t\t\t<\/div><\/figure><figure class='gallery-item'>\n\t\t\t<div class='gallery-icon landscape'>\n\t\t\t\t<img loading=\"lazy\" decoding=\"async\" width=\"1024\" height=\"765\" src=\"https:\/\/www.trastevereattiva.org\/wp-content\/uploads\/2015\/12\/IMG_6971-1024x765.jpg\" class=\"attachment-large size-large\" alt=\"\" srcset=\"https:\/\/www.trastevereattiva.org\/wp-content\/uploads\/2015\/12\/IMG_6971-1024x765.jpg 1024w, https:\/\/www.trastevereattiva.org\/wp-content\/uploads\/2015\/12\/IMG_6971-300x224.jpg 300w, https:\/\/www.trastevereattiva.org\/wp-content\/uploads\/2015\/12\/IMG_6971-768x574.jpg 768w\" sizes=\"(max-width: 1024px) 100vw, 1024px\" \/>\n\t\t\t<\/div><\/figure>\n\t\t<\/div>\n\n","protected":false},"excerpt":{"rendered":"<p>Giovanni\u00a0\u00e8\u00a0l&#8217;anziano senzatetto rumeno che staziona davanti al Todis di via Natale del Grande. Abbiamo impiegato mesi per portarlo a non accumulare residui vari nell&#8217;area verde accanto al parco giochi di\u00a0piazza San Cosimato, e\u00a0lui, gradualmente, si \u00e8 andato ad impiantare indisturbato nel boschetto accanto alla salita del Monte Aureo, alle pendici del Gianicolo. In pochi mesi\u00a0&#8230; [&hellip;]<\/p>\n","protected":false},"author":1,"featured_media":0,"parent":308,"menu_order":0,"comment_status":"closed","ping_status":"closed","template":"fullwidth.php","meta":{"footnotes":""},"_links":{"self":[{"href":"https:\/\/www.trastevereattiva.org\/index.php\/wp-json\/wp\/v2\/pages\/864"}],"collection":[{"href":"https:\/\/www.trastevereattiva.org\/index.php\/wp-json\/wp\/v2\/pages"}],"about":[{"href":"https:\/\/www.trastevereattiva.org\/index.php\/wp-json\/wp\/v2\/types\/page"}],"author":[{"embeddable":true,"href":"https:\/\/www.trastevereattiva.org\/index.php\/wp-json\/wp\/v2\/users\/1"}],"replies":[{"embeddable":true,"href":"https:\/\/www.trastevereattiva.org\/index.php\/wp-json\/wp\/v2\/comments?post=864"}],"version-history":[{"count":10,"href":"https:\/\/www.trastevereattiva.org\/index.php\/wp-json\/wp\/v2\/pages\/864\/revisions"}],"predecessor-version":[{"id":3917,"href":"https:\/\/www.trastevereattiva.org\/index.php\/wp-json\/wp\/v2\/pages\/864\/revisions\/3917"}],"up":[{"embeddable":true,"href":"https:\/\/www.trastevereattiva.org\/index.php\/wp-json\/wp\/v2\/pages\/308"}],"wp:attachment":[{"href":"https:\/\/www.trastevereattiva.org\/index.php\/wp-json\/wp\/v2\/media?parent=864"}],"curies":[{"name":"wp","href":"https:\/\/api.w.org\/{rel}","templated":true}]}}